000
CXUS53 KIWX 011504
CLMSBN

CLIMATE REPORT NATIONAL WEATHER SERVICE NORTHERN INDIANA

1051 AM EDT THU AUG 1 2019

...................................

...THE SOUTH BEND CLIMATE SUMMARY FOR THE MONTH OF JULY 2019...

CLIMATE NORMAL PERIOD 1981 TO 2010
CLIMATE RECORD PERIOD 1893 TO 2019

WEATHER         OBSERVED          NORMAL  DEPART  LAST YEAR`S
                 VALUE   DATE(S)  VALUE   FROM    VALUE  DATE(S)
                                          NORMAL
................................................................
TEMPERATURE (F)
RECORD
 HIGH             109   07/24/1934
 LOW               42   07/02/2001
                        07/15/1930
HIGHEST            93   07/20        MM      MM       91  07/15
                                                          07/04
                                                          07/03
LOWEST             53   07/31        MM      MM       50  07/07
                        07/23
AVG. MAXIMUM     84.8              82.9     1.9     82.8
AVG. MINIMUM     64.9              63.1     1.8     62.4
MEAN             74.9              73.0     1.9
DAYS MAX >= 90      6               4.2     1.8        5
DAYS MAX <= 32      0               0.0     0.0        0
DAYS MIN <= 32      0               0.0     0.0        0
DAYS MIN <= 0       0               0.0     0.0        0

PRECIPITATION (INCHES)
RECORD
 MAXIMUM         8.66   2006
 MINIMUM         0.02   1946
TOTALS           3.03              4.00   -0.97     3.39
DAILY AVG.       0.10              0.13   -0.03     0.11
DAYS >= .01         9               9.5    -0.5        9
DAYS >= .10         8               6.5     1.5        5
DAYS >= .50         1               2.7    -1.7        2
DAYS >= 1.00        1               1.0     0.0        1
GREATEST
 24 HR. TOTAL    1.05   07/21 TO 07/21

SNOWFALL (INCHES)
RECORDS
 TOTAL            0.0   MM
TOTALS            0.0               0.0     0.0      0.0
SINCE 7/1         0.0               0.0     0.0      0.0
SNOWDEPTH AVG.      0                MM      MM        0
DAYS >= 1.0         0               0.0     0.0        0
GREATEST
 SNOW DEPTH         0   MM
 24 HR TOTAL      0.0   07/31 TO 07/31

DEGREE_DAYS
HEATING TOTAL       0                 5      -5        0
 SINCE 7/1          0                 5      -5        0
COOLING TOTAL     316               253      63      244
 SINCE 1/1        451               474     -23      520
.................................................................

WIND (MPH)
AVERAGE WIND SPEED              7.1
HIGHEST WIND SPEED/DIRECTION    28/260    DATE  07/02
HIGHEST GUST SPEED/DIRECTION    39/290    DATE  07/10

SKY COVER
POSSIBLE SUNSHINE (PERCENT)   MM
AVERAGE SKY COVER           0.20
NUMBER OF DAYS FAIR           25
NUMBER OF DAYS PC              6
NUMBER OF DAYS CLOUDY          0

AVERAGE RH (PERCENT)     74

WEATHER CONDITIONS. NUMBER OF DAYS WITH
  0
  6
  0
  0
  0
  0
  1
HAZE                      3

-  INDICATES NEGATIVE NUMBERS.
R  INDICATES RECORD WAS SET OR TIED.
MM INDICATES DATA IS MISSING.
T  INDICATES TRACE AMOUNT.

&&

...A NOTABLE BREAK IN PRECIPITATION; BOUTS OF HEAT...

THIS JULY WILL BE REMEMBERED FOR A STRETCH OF HOT AND HUMID DAYS MID
MONTH, BUT OVERALL, IT WAS A RATHER TYPICAL JULY. THERE WERE SIX
DAYS WITH HIGH TEMPERATURES IN THE 90S, AND FOUR OF THESE OCCURRED
DURING THE VERY WARM PERIOD FROM JULY 13TH TO THE 20TH. DURING THIS
STRETCH, LOW TEMPERATURES DID NOT FALL BELOW 70 DEGREES FOR SEVEN
CONSECUTIVE DAYS. THIS WAS THE 6TH LONGEST JULY STREAK OF
CONSECUTIVE DAYS WITH LOWS OF 70 DEGREES OR WARMER. THE LONGEST WAS
TEN DAYS IN A ROW ENDING ON JULY 23RD 1983. DESPITE THIS VERY WARM
PERIOD, THERE WERE PLENTY OF COMFORTABLE DAYS DURING THE MONTH.
THERE WERE 11 DAYS WITH LOW TEMPERATURES IN THE 50S AND TEN DAYS
WITH HIGH TEMPERATURES LESS THAN 85 DEGREES.

THE AVERAGE MONTHLY TEMPERATURE FOR JULY 2019 WAS 74.9, 1.9 DEGREES
ABOVE NORMAL. THIS RANKED AS THE 28TH WARMEST JULY ON RECORD. THE
HOTTEST TEMPERATURE WAS 93 DEGREES ON THE 20TH AND THE COOLEST
TEMPERATURE WAS 53 DEGREES ON THE 23RD AND 31ST.

PRECIPITATION FOR THE MONTH WAS 3.03 INCHES, 0.97 INCHES BELOW
NORMAL. THIS RANKED AS THE 61ST DRIEST JULY ON RECORD. THIS IS ONLY
THE SECOND TIME IN 2019 THAT SOUTH BEND HAS SEEN BELOW NORMAL
PRECIPITATION FOR A MONTH. THE LAST TIME WAS IN JANUARY 2019.

A NEW RECORD WARM MINIMUM TEMPERATURE OF 77 DEGREES WAS SET ON THE
19TH. THIS BROKE THE PREVIOUS RECORD OF 76 DEGREES IN 2013.

LASHLEY/BROWN

$$
