000
CXUS51 KAKQ 012107
CLMSBY


CLIMATE REPORT
NATIONAL WEATHER SERVICE WAKEFIELD, VA
424 PM EDT MON JUL 1 2019

...................................

...THE SALISBURY MD CLIMATE SUMMARY FOR THE MONTH OF JUNE 2019...

CLIMATE NORMAL PERIOD 1981 TO 2010
CLIMATE RECORD PERIOD 1900 TO 2019

WEATHER         OBSERVED          NORMAL  DEPART  LAST YEAR`S
                 VALUE   DATE(S)  VALUE   FROM    VALUE  DATE(S)
                                          NORMAL
................................................................
TEMPERATURE (F)
RECORD
 HIGH             102   06/06/1925
 LOW               37   06/02/1966
HIGHEST            94   06/29        87       7       93  06/30
                        06/27                             06/19
LOWEST             47   06/04        58     -11       53  06/12
AVG. MAXIMUM     84.3              82.2     2.1       83.1
AVG. MINIMUM     64.4              61.7     2.7       64.0
MEAN             74.4              72.0     2.4       73.6
DAYS MAX >= 90      6               4.0     2.0        6
DAYS MAX <= 32      0               0.0     0.0        0
DAYS MIN <= 32      0               0.0     0.0        0
DAYS MIN <= 0       0               0.0     0.0        0

PRECIPITATION (INCHES)
RECORD
 MAXIMUM         9.27   1972
 MINIMUM         0.38   1988
TOTALS           3.47              3.71   -0.24     4.17
DAILY AVG.       0.12              0.12    0.00     0.14
DAYS >= .01        14              10.4     3.6       13
DAYS >= .10         8               7.1     0.9        6
DAYS >= .50         2               2.5    -0.5        2
DAYS >= 1.00        1               0.8     0.2        2
GREATEST
 24 HR. TOTAL    1.03   06/02 TO 06/02

DEGREE_DAYS
HEATING TOTAL       5                19     -14       MM
 SINCE 7/1       3957              4441    -484       MM
COOLING TOTAL     293               227      66       MM
 SINCE 1/1        491               311     180       MM
.................................................................

WIND (MPH)
AVERAGE WIND SPEED              7.7
HIGHEST WIND SPEED/DIRECTION    28/330    DATE  06/21
HIGHEST GUST SPEED/DIRECTION    40/330    DATE  06/02

SKY COVER
POSSIBLE SUNSHINE (PERCENT)   MM
AVERAGE SKY COVER           0.20

AVERAGE RH (PERCENT)     72

WEATHER CONDITIONS. NUMBER OF DAYS WITH
THUNDERSTORM              7     MIXED PRECIP               0
HEAVY RAIN                8     RAIN                       6
LIGHT RAIN               12     FREEZING RAIN              0
LT FREEZING RAIN          0     HAIL                       0
HEAVY SNOW                0     SNOW                       0
LIGHT SNOW                0     SLEET                      0
FOG                      14     FOG W/VIS <= 1/4 MILE      1
HAZE                      1


-  INDICATES NEGATIVE NUMBERS.
R  INDICATES RECORD WAS SET OR TIED.
MM INDICATES DATA IS MISSING.
T  INDICATES TRACE AMOUNT.

$$
