781
CXUS53 KLMK 011339
CLMSDF


CLIMATE REPORT
NATIONAL WEATHER SERVICE LOUISVILLE KY
939 AM EDT THU AUG 1 2019

...................................

...THE LOUISVILLE KY CLIMATE SUMMARY FOR THE MONTH OF JULY 2019...

CLIMATE NORMAL PERIOD 1981 TO 2010
CLIMATE RECORD PERIOD 1871 TO 2019

WEATHER         OBSERVED          NORMAL  DEPART  LAST YEAR`S
                 VALUE   DATE(S)  VALUE   FROM    VALUE  DATE(S)
                                          NORMAL
................................................................
TEMPERATURE (F)
RECORD
 HIGH             107   07/14/1936
                        07/28/1930
                        07/24/1901
 LOW               49   07/23/1947
HIGHEST            96   07/20        MM      MM       98  07/05
                        07/19
LOWEST             63   07/23        MM      MM       64  07/07
AVG. MAXIMUM     90.9              88.7     2.2     89.0
AVG. MINIMUM     72.3              69.9     2.4     70.8
MEAN             81.6              79.3     2.3     79.9
DAYS MAX >= 90     23              13.0    10.0       15
DAYS MAX <= 32      0               0.0     0.0        0
DAYS MIN <= 32      0               0.0     0.0        0
DAYS MIN <= 0       0               0.0     0.0        0

PRECIPITATION (INCHES)
RECORD
 MAXIMUM        16.46   1875
 MINIMUM         0.25   1930
TOTALS           1.31              4.23   -2.92     5.13
DAILY AVG.       0.04              0.14   -0.10     0.17
DAYS >= .01        10              10.0     0.0        9
DAYS >= .10         3               6.9    -3.9        8
DAYS >= .50         1               2.9    -1.9        3
DAYS >= 1.00        0               1.1    -1.1        1
GREATEST
 24 HR. TOTAL    0.55   07/03 TO 07/03           07/20 TO 07/20
                                                          07/31 TO 07/31EATHER         OBSERVED          NORMAL  DEPART  LAST YEAR`S
                                                          07/31 TO 07/31EATHER         OBSERVED          NORMAL  DEPART  LAST YEAR`S
 STORM TOTAL       MM                                 MM
 (MM/DD(HH))            MM                    07/20(00) TO 07/20(00)
                                                 07/31(00) TO 07/31(00)1EATHER         OBSERVED          NORMAL  DEPART  LAST YEAR`S
                                                 07/31(00) TO 07/31(00)1EATHER         OBSERVED          NORMAL  DEPART  LAST YEAR`S

SNOWFALL (INCHES)
RECORDS
 TOTAL             MM   5
 24 HR TOTAL       MM
 SNOW DEPTH        MM   MM
TOTALS            0.0               0.0     0.0      0.0
 LIQUID EQUIV    0.00              0.00    0.00     0.00
SINCE 7/1         0.0               0.0     0.0      0.0
 LIQUID 7/1      0.00              0.00    0.00       MM
SNOWDEPTH AVG.      0                MM      MM        0
DAYS >= TRACE       0               0.0     0.0        0
DAYS >= 1.0         0               0.0     0.0        0
GREATEST
 SNOW DEPTH         0   MM                             0  MM
 24 HR TOTAL      0.0   07/31 TO 07/31           07/31 TO 07/31
                                                          07/31 TO 07/31EATHER         OBSERVED          NORMAL  DEPART  LAST YEAR`S
                                                          07/31 TO 07/31EATHER         OBSERVED          NORMAL  DEPART  LAST YEAR`S
 STORM TOTAL       MM                                 MM
 (MM/DD(HH))            MM                    07/31(00) TO 07/31(00)
                                                 07/31(00) TO 07/31(00)1EATHER         OBSERVED          NORMAL  DEPART  LAST YEAR`S
                                                 07/31(00) TO 07/31(00)1EATHER         OBSERVED          NORMAL  DEPART  LAST YEAR`S

DEGREE_DAYS
HEATING TOTAL       0                 0       0        0
 SINCE 7/1          0                 0       0        0
COOLING TOTAL     522               443      79      469
 SINCE 1/1       1118               941     177     1278

FREEZE DATES
RECORD
 EARLIEST     10/03/1974
 LATEST       05/10/1966
EARLIEST                        10/25
LATEST                          04/15
.................................................................

WIND (MPH)
AVERAGE WIND SPEED              6.8
RESULTANT WIND SPEED/DIRECTION   2/240
HIGHEST WIND SPEED/DIRECTION    28/170    DATE  07/21
HIGHEST GUST SPEED/DIRECTION    38/320    DATE  07/01

SKY COVER
POSSIBLE SUNSHINE (PERCENT)   MM
AVERAGE SKY COVER           0.50
NUMBER OF DAYS FAIR            8
NUMBER OF DAYS PC             20
NUMBER OF DAYS CLOUDY          3

AVERAGE RH (PERCENT)     65

WEATHER CONDITIONS. NUMBER OF DAYS WITH
  0
  4
  0
  0
  0
  0
  0
HAZE                      5

-  INDICATES NEGATIVE NUMBERS.
R  INDICATES RECORD WAS SET OR TIED.
MM INDICATES DATA IS MISSING.
T  INDICATES TRACE AMOUNT.

$$
