000
CXUS52 KMLB 011619
CLMSFB


CLIMATE REPORT
NATIONAL WEATHER SERVICE MELBOURNE FL
1047 AM EDT THU AUG 1 2019

...................................

...THE SANFORD CLIMATE SUMMARY FOR THE MONTH OF JULY 2019...

CLIMATE NORMAL PERIOD 1981 TO 2010
CLIMATE RECORD PERIOD 1948 TO 2019

WEATHER         OBSERVED          NORMAL  DEPART  LAST YEAR`S
                 VALUE   DATE(S)  VALUE   FROM    VALUE
                                          NORMAL
.............................................................
TEMPERATURE (F)
MONTHLY RECORD
 HOTTEST         86.2   2016
 COOLEST         80.2   1975
DAILY RECORD
 HIGH             103   07/01/1998
 LOW               60   07/01/1981
JULY 2019
HIGHEST            97   07/03                         95
                        07/02
LOWEST             72   07/27                         71
                        07/26
AVG. MAXIMUM     92.7              92.6     0.1     91.8
AVG. MINIMUM     75.3              74.2     1.1     74.8
MEAN             84.0              83.4     0.6
DAYS MAX >= 90     28              25.3     2.7       26
DAYS MAX <= 32      0               0.0     0.0        0
DAYS MIN <= 32      0               0.0     0.0        0
DAYS MIN <= 0       0               0.0     0.0        0

PRECIPITATION (INCHES)
MONTHLY RECORD
 MAXIMUM        16.60   1991
 MINIMUM         1.79   2016
DAILY RECORD
 MAXIMUM         6.15   07/26/1995
JULY 2019
TOTALS           7.06              7.36   -0.30     7.21
DAYS >= .01        15                                 19
DAYS >= .10        12                                 15
DAYS >= .50         5                                  5
DAYS >= 1.00        2                                  1
GREATEST
 24 HR. TOTAL    1.63   07/07 TO 07/07

SNOWFALL (INCHES)
TOTALS            0.0                                0.0
SINCE 7/1         0.0                                0.0
SNOWDEPTH AVG.      0                                  0

DEGREE_DAYS
HEATING TOTAL       0                 0       0        0
 SINCE 7/1          0                 0       0        0
COOLING TOTAL     596               570      26      574
 SINCE 1/1       2207              1857     350     1981
..............................................................

WIND (MPH)
AVERAGE WIND SPEED              5.6
HIGHEST WIND SPEED/DIRECTION    40/040    DATE  07/03
HIGHEST GUST SPEED/DIRECTION    68/090    DATE  07/28

SKY COVER
POSSIBLE SUNSHINE (PERCENT)   MM
AVERAGE SKY COVER           0.20
NUMBER OF DAYS FAIR           28
NUMBER OF DAYS PC              2
NUMBER OF DAYS CLOUDY          1

AVERAGE RH (PERCENT)     74

WEATHER CONDITIONS. NUMBER OF DAYS WITH
THUNDERSTORM             26     MIXED PRECIP                0
HEAVY RAIN               11     RAIN                       10
LIGHT RAIN               19     LT FREEZING RAIN            0
HAIL                      0     LIGHT SNOW                  0
SLEET                     0     FOG                        14
FOG W/VIS <= 1/4 MILE     0     HAZE                        4

-  INDICATES NEGATIVE NUMBERS.
R  INDICATES RECORD WAS SET OR TIED.
MM INDICATES DATA IS MISSING.
T  INDICATES TRACE AMOUNT.

$$
