000
CXUS52 KMLB 011227
CLMSFB


CLIMATE REPORT
NATIONAL WEATHER SERVICE MELBOURNE FL
731 AM EDT WED MAY 1 2019

...................................

...THE SANFORD CLIMATE SUMMARY FOR THE MONTH OF APRIL 2019...

CLIMATE NORMAL PERIOD 1981 TO 2010
CLIMATE RECORD PERIOD 1948 TO 2019

WEATHER         OBSERVED          NORMAL  DEPART  LAST YEAR`S
                 VALUE   DATE(S)  VALUE   FROM    VALUE
                                          NORMAL
.............................................................
TEMPERATURE (F)
MONTHLY RECORD
 HOTTEST         76.8   2015
 COLDEST         64.8   1987
DAILY RECORD
 HIGH              96   04/28/2017
                        04/28/2011
                        04/15/1999                                                           LOW               36   04/05/1987
APRIL 2019
HIGHEST            90   04/18                         90
                        04/13
                        04/08
LOWEST             53   04/21                         49
AVG. MAXIMUM     83.9              82.5     1.4     82.8
AVG. MINIMUM     62.7              60.4     2.3     61.5
MEAN             73.3              71.4     1.9
DAYS MAX >= 90      3               2.4     0.6        1
DAYS MAX <= 32      0               0.0     0.0        0
DAYS MIN <= 32      0               0.0     0.0        0
DAYS MIN <= 0       0               0.0     0.0        0

PRECIPITATION (INCHES)
MONTHLY RECORD
 MAXIMUM        10.27   1982
 MINIMUM         0.03   1981
DAILY RECORD
 MAXIMUM         6.50   04/09/1982
APRIL 2019
TOTALS           2.23              2.45   -0.22     3.95
DAYS >= .01         8                                 10
DAYS >= .10         6                                  6
DAYS >= .50         1                                  3
DAYS >= 1.00        0                                  1
GREATEST
 24 HR. TOTAL    0.62   04/14 TO 04/14

SNOWFALL (INCHES)
TOTALS            0.0                                0.0
SINCE 7/1         0.0                                0.0
SNOWDEPTH AVG.      0                                  0

DEGREE_DAYS
HEATING TOTAL       0                15     -15        2
 SINCE 7/1        448               598    -150      531
COOLING TOTAL     254               208      46      224
 SINCE 1/1        578               412     166      526
..............................................................

WIND (MPH)
AVERAGE WIND SPEED              7.9
HIGHEST WIND SPEED/DIRECTION    35/220    DATE  04/14
HIGHEST GUST SPEED/DIRECTION    56/190    DATE  04/14

SKY COVER
POSSIBLE SUNSHINE (PERCENT)   MM
AVERAGE SKY COVER           0.20
NUMBER OF DAYS FAIR           22
NUMBER OF DAYS PC              7
NUMBER OF DAYS CLOUDY          1

AVERAGE RH (PERCENT)     69

WEATHER CONDITIONS. NUMBER OF DAYS WITH

THUNDERSTORM              5     MIXED PRECIP                0
HEAVY RAIN                6     RAIN                        5
LIGHT RAIN               12     FREEZING RAIN               0
LT FREEZING RAIN          0     HAIL                        0
HEAVY SNOW                0     SNOW                        0
LIGHT SNOW                0     SLEET                       0
FOG                      10     FOG W/VIS <= 1/4 MILE       2
HAZE                      5



-  INDICATES NEGATIVE NUMBERS.
R  INDICATES RECORD WAS SET OR TIED.
MM INDICATES DATA IS MISSING.
T  INDICATES TRACE AMOUNT.

$$
