000
CXUS56 KOTX 011600 CCA
CLMSFF

CLIMATE REPORT
NATIONAL WEATHER SERVICE SPOKANE, WA
415 AM PDT MON JUL 1 2019

...................................

...THE SPOKANE WA FELTS AIRPORT CLIMATE SUMMARY FOR THE MONTH OF JUNE 2019...

CLIMATE NORMAL PERIOD 1981 TO 2010
CLIMATE RECORD PERIOD 9999 TO 9999

WEATHER         OBSERVED          NORMAL  DEPART  LAST YEAR`S
                 VALUE   DATE(S)  VALUE   FROM    VALUE  DATE(S)
                                          NORMAL
................................................................
TEMPERATURE (F)
RECORD
 HIGH              MM   MM
 LOW               MM   MM
HIGHEST            92   06/13        MM      MM       87  06/20
                                                          06/03
LOWEST             44   06/09        MM      MM       40  06/12
                        06/07
AVG. MAXIMUM     78.2              74.8     3.4     76.7
AVG. MINIMUM     52.6              50.0     2.6     50.9
MEAN             65.4              62.4     3.0     63.8
DAYS MAX >= 90      1               1.4    -0.4        0
DAYS MAX <= 32      0               0.0     0.0        0
DAYS MIN <= 32      0               0.0     0.0        0
DAYS MIN <= 0       0               0.0     0.0        0

PRECIPITATION (INCHES)
RECORD
 MAXIMUM           MM   MM
 MINIMUM           MM   MM
TOTALS           1.01              1.37   -0.36     0.84
DAILY AVG.       0.03              0.05   -0.02     0.03
DAYS >= .01         7                MM      MM        6
DAYS >= .10         3                MM      MM        2
DAYS >= .50         0                MM      MM        0
DAYS >= 1.00        0                MM      MM        0
GREATEST
 24 HR. TOTAL    0.40   06/19 TO 06/19              0.35

DEGREE_DAYS
HEATING TOTAL      69               118     -49       74
 SINCE 7/1       6071              6293    -222     5751
COOLING TOTAL      88                40      48       46
 SINCE 1/1        101                47      54       81
.................................................................

WIND (MPH)
AVERAGE WIND SPEED              5.5
HIGHEST WIND SPEED/DIRECTION    30/200    DATE  06/26
HIGHEST GUST SPEED/DIRECTION    40/200    DATE  06/26

SKY COVER
POSSIBLE SUNSHINE (PERCENT)   MM
AVERAGE SKY COVER           0.30
NUMBER OF DAYS FAIR           19
NUMBER OF DAYS PC             10
NUMBER OF DAYS CLOUDY          1

AVERAGE RH (PERCENT)     52

WEATHER CONDITIONS. NUMBER OF DAYS WITH
THUNDERSTORM              5     MIXED PRECIP               0
HEAVY RAIN                3     RAIN                       5
LIGHT RAIN                7     FREEZING RAIN              0
LT FREEZING RAIN          0     HAIL                       0
HEAVY SNOW                0     SNOW                       0
LIGHT SNOW                0     SLEET                      0
FOG                       6     FOG W/VIS <= 1/4 MILE      0
HAZE                      3

-  INDICATES NEGATIVE NUMBERS.
R  INDICATES RECORD WAS SET OR TIED.
MM INDICATES DATA IS MISSING.
T  INDICATES TRACE AMOUNT.

$$
