996
CXUS55 KBYZ 011134
CLMSHR


CLIMATE REPORT
NATIONAL WEATHER SERVICE BILLINGS MT
531 AM MDT MON JUL 1 2019

...................................

...THE SHERIDAN WY CLIMATE SUMMARY FOR THE MONTH OF JUNE 2019...

CLIMATE NORMAL PERIOD 1981 TO 2010
CLIMATE RECORD PERIOD 1907 TO 2019

WEATHER         OBSERVED          NORMAL  DEPART
                 VALUE   DATE(S)  VALUE   FROM
                                          NORMAL
................................................
TEMPERATURE (F)
HIGHEST            95   06/27
LOWEST             32   06/09
AVG. MAXIMUM     76.4              76.7    -0.3
AVG. MINIMUM     45.9              46.4    -0.5
MEAN             61.2              61.6    -0.4
DAYS MAX >= 90      2
DAYS MAX <= 32      0
DAYS MIN <= 32      1
DAYS MIN <= 0       0

PRECIPITATION (INCHES)
TOTALS           1.35              2.12   -0.77
DAYS >= .01        11
DAYS >= .10         6
DAYS >= .50         0
DAYS >= 1.00        0
GREATEST
 24 HR. TOTAL    0.34   06/18 TO 06/18

DEGREE_DAYS
HEATING TOTAL     138               149     -11
 SINCE 7/1       8055              7643     412
COOLING TOTAL      31                46     -15
 SINCE 1/1         31                50     -19
.................................................

WIND (MPH)
AVERAGE WIND SPEED              6.3
HIGHEST WIND SPEED/DIRECTION    33/320    DATE  06/18
HIGHEST GUST SPEED/DIRECTION    42/320    DATE  06/18

AVERAGE RH (PERCENT)     62

WEATHER CONDITIONS. NUMBER OF DAYS WITH
THUNDERSTORM             12     MIXED PRECIP               0
HEAVY RAIN                3     RAIN                       2
LIGHT RAIN               15     FREEZING RAIN              0
LT FREEZING RAIN          0     HAIL                       0
HEAVY SNOW                0     SNOW                       0
LIGHT SNOW                0     SLEET                      0
FOG                       6     FOG W/VIS <= 1/4 MILE      0
HAZE                      3

-  INDICATES NEGATIVE NUMBERS.
R  INDICATES RECORD WAS SET OR TIED.
MM INDICATES DATA IS MISSING.
T  INDICATES TRACE AMOUNT.

&&

...JUNE 2019 MONTH IN REVIEW FOR SHERIDAN...

BELOW IS A SUMMARY OF THE TEMPERATURE AND PRECIPITATION
STATISTICS FOR SHERIDAN FOR JUNE 2019. ALL TEMPERATURES ARE IN
DEGREES FAHRENHEIT AND ALL PRECIPITATION AMOUNTS ARE IN INCHES. NORMALS
ARE 30 YEAR AVERAGES CALCULATED FROM 1981 TO 2010. MONTHLY RANKINGS
FOR PRECIPITATION AND TEMPERATURES USE A PERIOD
OF RECORD THAT STARTED IN MAY 1934 AT OR NEAR THE SHERIDAN AIRPORT.

NUMBERS DENOTED WITH AN * IS MISSING DATA IN THE CALCULATION.

...SHERIDAN MONTHLY PRECIPITATION...

 MONTH   2019 VALUES  NORMALS    DEPARTURE  RANKING

JUNE         1.35     2.12       -0.77      32ND DRIEST OUT OF 113 YEARS
                                            (RECORD DRIEST WAS 0.07 IN 1933)
                                            (DRIEST SINCE 1.11 IN 2017)

...SHERIDAN JUNE 2019 BROKEN OR TIED DAILY PRECIPITATION RECORDS...

NONE

...SHERIDAN AVERAGE TEMPERATURES...

 MONTH   2019 VALUES  NORMALS   DEPARTURE  RANKING

JUNE         61.2      61.6      -0.4      TIED FOR THE 52ND COLDEST OUT OF 113 YEARS
                                           (RECORD COLDEST WAS 55.1 IN 1998)
                                           (COLDEST SINCE 58.9 IN 2014)

...SHERIDAN AVERAGE HIGH TEMPERATURES...

 MONTH   2019 VALUES  NORMALS   DEPARTURE  RANKING

JUNE         76.4      76.7      -0.3      53RD WARMEST OUT OF 113 YEARS
                                           (RECORD WARMEST WAS 91.2 IN 1988)
                                           (WARMEST SINCE 76.5 IN 2018)

...SHERIDAN JUNE 2019 BROKEN OR TIED WARMEST DAILY HIGH TEMPERATURE RECORDS...

NONE

...SHERIDAN JUNE 2019 BROKEN OR TIED COLDEST DAILY HIGH TEMPERATURE RECORDS...

NONE

...SHERIDAN AVERAGE LOW TEMPERATURES...

 MONTH   2019 VALUES  NORMALS   DEPARTURE  RANKING

JUNE         45.9      46.4      -0.5      TIED FOR THE 31ST COLDEST OUT OF 113 YEARS
                                           (RECORD COLDEST WAS 42.7 TIED IN 1998)
                                           (COLDEST SINCE 45.0 IN 2014)

...SHERIDAN JUNE 2019 BROKEN OR TIED WARMEST DAILY LOW TEMPERATURE RECORDS...

NONE

...SHERIDAN JUNE 2019 BROKEN OR TIED COLDEST DAILY LOW TEMPERATURE RECORDS...

32 ON JUNE  9 (OLD RECORD 33 IN 1982)
35 ON JUNE 22 (TIED RECORD IN 1914)

$$
