000
CXUS54 KSJT 011405
CLMSJT


CLIMATE REPORT
NATIONAL WEATHER SERVICE SAN ANGELO TX
759 AM CST SUN DEC 1 2019

...................................

...THE SAN ANGELO CLIMATE SUMMARY FOR THE MONTH OF NOVEMBER 2019...

CLIMATE NORMAL PERIOD 1981 TO 2010
CLIMATE RECORD PERIOD 1907 TO 2019

WEATHER         OBSERVED          NORMAL  DEPART  LAST YEAR`S
                 VALUE   DATE(S)  VALUE   FROM    VALUE  DATE(S)
                                          NORMAL
................................................................
TEMPERATURE (F)
RECORD
 HIGH              93   11/08/1980
 LOW               12   11/29/1911
HIGHEST            91   11/04                         86  11/06
LOWEST             25   11/12                         21  11/14
AVG. MAXIMUM     69.5              68.3     1.2     66.5
AVG. MINIMUM     39.7              42.3    -2.6     37.4
MEAN             54.6              55.3    -0.7     52.0
DAYS MAX >= 90      1               0.1     0.9        0
DAYS MAX <= 32      0               0.1    -0.1        0
DAYS MIN <= 32      7               5.1     1.9        9
DAYS MIN <= 0       0               0.0     0.0        0

PRECIPITATION (INCHES)
RECORD
 MAXIMUM         7.02   1913
 MINIMUM         0.00   2005
                        1988
                        1950
TOTALS           1.16              1.14    0.02     0.03
DAILY AVG.       0.04              0.04    0.00     0.00
DAYS >= .01         7               4.0     3.0        1
DAYS >= .10         3               2.2     0.8        0
DAYS >= .50         1               0.8     0.2        0
DAYS >= 1.00        0               0.3    -0.3        0
GREATEST
 24 HR. TOTAL    0.71   11/07 TO 11/07           10/31 TO 11/01
                                                          11/12 TO 11/12EATHER         OBSERVED          NORMAL  DEPART  LAST YEAR`S
                                                          11/12 TO 11/12EATHER         OBSERVED          NORMAL  DEPART  LAST YEAR`S

SNOWFALL (INCHES)
RECORDS
 TOTAL            8.8   1968
TOTALS              T               0.3    -0.3        T
SINCE 7/1           T               0.3    -0.3        T
SNOWDEPTH AVG.      0                MM      MM        0
DAYS >= 1.0         0               0.1    -0.1        0
GREATEST
 SNOW DEPTH         0   MM                             0  MM

DEGREE_DAYS
HEATING TOTAL     322               309      13      391
 SINCE 7/1        480               400      80      521
COOLING TOTAL      17                18      -1        6
 SINCE 1/1       2935              2502     433     3045
.................................................................

WIND (MPH)
AVERAGE WIND SPEED              8.8
HIGHEST WIND SPEED/DIRECTION    32/010    DATE  11/07
HIGHEST GUST SPEED/DIRECTION    40/010    DATE  11/07

SKY COVER
AVERAGE SKY COVER           0.30

AVERAGE RH (PERCENT)     60

WEATHER CONDITIONS. NUMBER OF DAYS WITH
THUNDERSTORM              2     MIXED PRECIP               0
HEAVY RAIN                1     RAIN                       2
LIGHT RAIN                7     FREEZING RAIN              0
LIGHT FREEZING RAIN       1     HAIL                       0
HEAVY SNOW                0     SNOW                       0
LIGHT SNOW                1     SLEET                      0
FOG                       9     FOG W/VIS <= 1/4 MILE      4
HAZE                      5

-  INDICATES NEGATIVE NUMBERS.
R  INDICATES RECORD WAS SET OR TIED.
MM INDICATES DATA IS MISSING.
T  INDICATES TRACE AMOUNT.

$$
