000
CXUS54 KSJT 011543
CLMSJT


CLIMATE REPORT
NATIONAL WEATHER SERVICE SAN ANGELO TX
1028 AM CDT WED MAY 1 2019

...................................

...THE SAN ANGELO CLIMATE SUMMARY FOR THE MONTH OF APRIL 2019...

CLIMATE NORMAL PERIOD 1981 TO 2010
CLIMATE RECORD PERIOD 1907 TO 2019

WEATHER         OBSERVED          NORMAL  DEPART  LAST YEAR`S
                 VALUE   DATE(S)  VALUE   FROM    VALUE  DATE(S)
                                          NORMAL
................................................................
TEMPERATURE (F)
RECORD
 HIGH             107   04/19/1925
 LOW               25   04/09/1973
HIGHEST            99   04/10                         98  04/12
LOWEST             35   04/12                         32  04/15
AVG. MAXIMUM     81.0              80.1     0.9     81.4
AVG. MINIMUM     52.1              51.9     0.2     47.2
MEAN             66.6              66.0     0.6     64.3
DAYS MAX >= 90      2               4.1    -2.1        8
DAYS MAX <= 32      0               0.0     0.0        0
DAYS MIN <= 32      0               0.6    -0.6        1
DAYS MIN <= 0       0               0.0     0.0        0

PRECIPITATION (INCHES)
RECORD
 MAXIMUM         6.54   1908
 MINIMUM         0.00   1920
TOTALS           3.00              1.42    1.58     0.13
DAILY AVG.       0.10              0.05    0.05     0.00
DAYS >= .01         4               4.5    -0.5        2
DAYS >= .10         3               2.3     0.7        0
DAYS >= .50         2               1.1     0.9        0
DAYS >= 1.00        1               0.4     0.6        0
GREATEST
 24 HR. TOTAL    1.80   04/24

SNOWFALL (INCHES)
RECORDS
 TOTAL            2.0   1938
TOTALS            0.0                 T     0.0      0.0
SINCE 7/1           T               2.2    -2.2        T
SNOWDEPTH AVG.      0                MM      MM        0
DAYS >= 1.0         0               0.0     0.0        0
GREATEST
 SNOW DEPTH         0   MM                             0  MM

DEGREE_DAYS
HEATING TOTAL      61                88     -27      102
 SINCE 7/1       2352              2306      46     2091
COOLING TOTAL     114               118      -4       87
 SINCE 1/1        145               156     -11      191
.................................................................

WIND (MPH)
AVERAGE WIND SPEED              9.9
HIGHEST WIND SPEED/DIRECTION    36/320    DATE  04/13
HIGHEST GUST SPEED/DIRECTION    46/200    DATE  04/10

SKY COVER
AVERAGE SKY COVER           0.20

AVERAGE RH (PERCENT)     58

WEATHER CONDITIONS. NUMBER OF DAYS WITH
THUNDERSTORM              5     MIXED PRECIP               0
HEAVY RAIN                3     RAIN                       3
LIGHT RAIN                4     FREEZING RAIN              0
LT FREEZING RAIN          0     HAIL                       0
HEAVY SNOW                0     SNOW                       0
LIGHT SNOW                0     SLEET                      0
FOG                       9     FOG W/VIS <= 1/4 MILE      0
HAZE                      6

-  INDICATES NEGATIVE NUMBERS.
R  INDICATES RECORD WAS SET OR TIED.
MM INDICATES DATA IS MISSING.
T  INDICATES TRACE AMOUNT.

$$
