408
CXUS54 KSJT 011516
CLMSJT


CLIMATE REPORT
NATIONAL WEATHER SERVICE SAN ANGELO TX
1007 AM CDT THU AUG 1 2019

...................................

...THE SAN ANGELO CLIMATE SUMMARY FOR THE MONTH OF JULY 2019...

CLIMATE NORMAL PERIOD 1981 TO 2010
CLIMATE RECORD PERIOD 1907 TO 2019

WEATHER         OBSERVED          NORMAL  DEPART  LAST YEAR`S
                 VALUE   DATE(S)  VALUE   FROM    VALUE  DATE(S)
                                          NORMAL
................................................................
TEMPERATURE (F)
RECORD
 HIGH             111   07/29/1960
                        07/27/1944
                        07/15/1933
 LOW               54   07/15/1926
HIGHEST           104   07/10                        109  07/23
LOWEST             57   07/24                         68  07/08
                                                          07/06
AVG. MAXIMUM     97.8              95.1     2.7    101.4
AVG. MINIMUM     70.6              71.2    -0.6     73.5
MEAN             84.2              83.1     1.1     87.4
DAYS MAX >= 90     31              26.0     5.0       29
DAYS MAX <= 32      0               0.0     0.0        0
DAYS MIN <= 32      0               0.0     0.0        0
DAYS MIN <= 0       0               0.0     0.0        0

PRECIPITATION (INCHES)
RECORD
 MAXIMUM        10.26   1880
 MINIMUM         0.00   1944
                        1871
TOTALS           1.35              1.20    0.15     0.64
DAILY AVG.       0.04              0.04    0.00     0.02
DAYS >= .01         3               4.7    -1.7        5
DAYS >= .10         2               2.4    -0.4        3
DAYS >= .50         1               0.8     0.2        0
DAYS >= 1.00        0               0.2    -0.2        0
GREATEST
 24 HR. TOTAL    0.91   07/07 TO 07/07           07/31 TO 07/31
                                                          07/31 TO 07/31EATHER         OBSERVED          NORMAL  DEPART  LAST YEAR`S
                                                          07/31 TO 07/31EATHER         OBSERVED          NORMAL  DEPART  LAST YEAR`S

SNOWFALL (INCHES)
RECORDS
 TOTAL            0.0   2013
                        2012
                        2011
TOTALS            0.0               0.0     0.0      0.0
SINCE 7/1         0.0               0.0     0.0      0.0
SNOWDEPTH AVG.      0                MM      MM        0
DAYS >= 1.0         0               0.0     0.0        0
GREATEST
 SNOW DEPTH         0   MM                             0  MM

DEGREE_DAYS
HEATING TOTAL       0                 0       0        0
 SINCE 7/1          0                 0       0        0
COOLING TOTAL     604               563      41      702
 SINCE 1/1       1444              1487     -43     2006
.................................................................

WIND (MPH)
AVERAGE WIND SPEED              7.7
HIGHEST WIND SPEED/DIRECTION    37/060    DATE  07/07
HIGHEST GUST SPEED/DIRECTION    51/060    DATE  07/07

SKY COVER
AVERAGE SKY COVER           0.10

AVERAGE RH (PERCENT)     56

WEATHER CONDITIONS. NUMBER OF DAYS WITH
THUNDERSTORM              4     MIXED PRECIP               0
HEAVY RAIN                3     RAIN                       1
LIGHT RAIN                3     FREEZING RAIN              0
LT FREEZING RAIN          0     HAIL                       0
HEAVY SNOW                0     SNOW                       0
LIGHT SNOW                0     SLEET                      0
FOG                       3     FOG W/VIS <= 1/4 MILE      0
HAZE                      3

-  INDICATES NEGATIVE NUMBERS.
R  INDICATES RECORD WAS SET OR TIED.
MM INDICATES DATA IS MISSING.
T  INDICATES TRACE AMOUNT.

$$
