000
CXUS45 KSLC 050140
CLMSLC

SLCCLMSLC 000
TTAA00 KSLC 050138

CLIMATE REPORT
NATIONAL WEATHER SERVICE
740 PM MDT FRI MAY 4 2018

...................................

...THE SALT LAKE CITY UT CLIMATE SUMMARY FOR THE MONTH OF APRIL 2018...

CLIMATE NORMAL PERIOD 1981 TO 2010
CLIMATE RECORD PERIOD 1874 TO 2018

WEATHER         OBSERVED          NORMAL  DEPART  LAST YEAR`S
                 VALUE   DATE(S)  VALUE   FROM    VALUE  DATE(S)
                                          NORMAL
................................................................
TEMPERATURE (F)
RECORD
 HIGH              89   04/29/2007
 LOW               14   04/02/1936
HIGHEST            87   04/28                         80  04/13
LOWEST             29   04/03                         33  04/09
                                                          04/05
                                                          04/04
AVG. MAXIMUM     66.2              61.6     4.6     60.0
AVG. MINIMUM     43.3              39.5     3.8     40.6
MEAN             54.8              50.6     4.2     50.3
DAYS MAX >= 90      0               0.0     0.0        0
DAYS MAX <= 32      0               0.0     0.0        0
DAYS MIN <= 32      2               4.3    -2.3        0
DAYS MIN <= 0       0               0.0     0.0        0

PRECIPITATION (INCHES)
TOTALS           1.91              1.99   -0.08     3.22
DAYS >= .01        10               9.9     0.1       12
DAYS >= .10         5               5.6    -0.6        8
DAYS >= .50         2               1.0     1.0        3
DAYS >= 1.00        0               0.1    -0.1        1

SNOWFALL (INCHES)
TOTALS            1.4               4.0    -2.6      1.0
SINCE 7/1        43.5              55.9             51.3

DEGREE_DAYS
HEATING TOTAL     313               438    -125      431
 SINCE 7/1       4415              5356    -941     4640
COOLING TOTAL      11                 4       7        0
 SINCE 1/1         11                 4       7        2
.................................................................

WIND (MPH)
AVERAGE WIND SPEED              8.9
HIGHEST WIND SPEED/DIRECTION    41/190    DATE  04/16
HIGHEST GUST SPEED/DIRECTION    55/180    DATE  04/16


WEATHER CONDITIONS. NUMBER OF DAYS WITH
THUNDERSTORM              1     RAIN                      10
HAIL                      1     SNOW                       4
FOG                       7     FOG W/VIS <= 1/4 MILE      0
HAZE                      5

-  INDICATES NEGATIVE NUMBERS.
R  INDICATES RECORD WAS SET OR TIED.
MM INDICATES DATA IS MISSING.
T  INDICATES TRACE AMOUNT.

$$
