000
CXUS45 KSLC 030028
CLMSLC

SLCCLMSLC 000
TTAA00 KSLC 030017


CLIMATE REPORT
NATIONAL WEATHER SERVICE SALT LAKE CITY UT
617 PM MDT THU MAY 2 2019

...................................

...THE SALT LAKE CITY UT CLIMATE SUMMARY FOR THE MONTH OF APRIL 2019...

CLIMATE NORMAL PERIOD 1981 TO 2010
CLIMATE RECORD PERIOD 1874 TO 2019

WEATHER         OBSERVED          NORMAL  DEPART  LAST YEAR`S
                 VALUE   DATE(S)  VALUE   FROM    VALUE  DATE(S)
                                          NORMAL
................................................................
TEMPERATURE (F)
RECORD
 HIGH              89   04/29/2007
 LOW               14   04/02/1936
HIGHEST            76   04/20                         87  04/28
                        04/19
LOWEST             33   04/12                         29  04/03
AVG. MAXIMUM     61.8              61.6     0.2     66.2
AVG. MINIMUM     43.2              39.5     3.7     43.3
MEAN             52.5              50.6     1.9     54.8
DAYS MAX >= 90      0               0.0     0.0        0
DAYS MAX <= 32      0               0.0     0.0        0
DAYS MIN <= 32      0               4.3    -4.3        2
DAYS MIN <= 0       0               0.0     0.0        0

PRECIPITATION (INCHES)
TOTALS           3.45              1.99    1.46     1.91
DAYS >= .01        13               9.9     3.1       10
DAYS >= .10        10               5.6     4.4        5
DAYS >= .50         1               1.0     0.0        2
DAYS >= 1.00        0               0.1    -0.1        0

SNOWFALL (INCHES)
TOTALS            0.2               4.0    -3.8      1.4
SINCE 7/1        46.3              55.9             43.5

DEGREE_DAYS
HEATING TOTAL     365               438     -73      313
 SINCE 7/1       5109              5356    -247     4415
COOLING TOTAL       0                 4      -4       11
 SINCE 1/1          0                 4      -4       11
.................................................................

WIND (MPH)
AVERAGE WIND SPEED              8.2
HIGHEST WIND SPEED/DIRECTION    37/180    DATE  04/20
HIGHEST GUST SPEED/DIRECTION    48/180    DATE  04/20


WEATHER CONDITIONS. NUMBER OF DAYS WITH
THUNDERSTORM              4     RAIN                      13
HAIL                      1     SNOW                       1
FOG                      10     FOG W/VIS <= 1/4 MILE      0
HAZE                      1

-  INDICATES NEGATIVE NUMBERS.
R  INDICATES RECORD WAS SET OR TIED.
MM INDICATES DATA IS MISSING.
T  INDICATES TRACE AMOUNT.

$$
