000
CXUS45 KSLC 020131
CLMSLC

SLCCLMSLC 000
TTAA00 KSLC 020130

CLIMATE REPORT
NATIONAL WEATHER SERVICE SALT LAKE CITY UT
730 PM MDT MON JUL 1 2019

...................................

...THE SALT LAKE CITY UT CLIMATE SUMMARY FOR THE MONTH OF JUNE 2019...

CLIMATE NORMAL PERIOD 1981 TO 2010
CLIMATE RECORD PERIOD 1874 TO 2019

WEATHER         OBSERVED          NORMAL  DEPART  LAST YEAR`S
                 VALUE   DATE(S)  VALUE   FROM    VALUE  DATE(S)
                                          NORMAL
................................................................
TEMPERATURE (F)
RECORD
 HIGH             105   06/29/2013
                        06/28/2013
 LOW               32   06/06/1914
HIGHEST            95   06/28                         97  06/28
                                                          06/13
                                                          06/04
LOWEST             43   06/09                         50  06/02
AVG. MAXIMUM     82.4              83.0    -0.6     87.5
AVG. MINIMUM     58.3              56.4     1.9     61.6
MEAN             70.3              69.7     0.6     74.6
DAYS MAX >= 90      4               8.0    -4.0       14
DAYS MAX <= 32      0               0.0     0.0        0
DAYS MIN <= 32      0               0.0     0.0        0
DAYS MIN <= 0       0               0.0     0.0        0

PRECIPITATION (INCHES)
TOTALS           0.15              0.98   -0.83     0.05
DAYS >= .01         5               5.6    -0.6        2
DAYS >= .10         0               2.7    -2.7        0
DAYS >= .50         0               0.4    -0.4        0
DAYS >= 1.00        0               0.1    -0.1        0

SNOWFALL (INCHES)
TOTALS            0.0               0.0     0.0      0.0
SINCE 7/1        46.3              56.2             43.5

DEGREE_DAYS
HEATING TOTAL      33                46     -13        3
 SINCE 7/1       5378              5607    -229     4510
COOLING TOTAL     201               187      14      297
 SINCE 1/1        222               237     -15      391
.................................................................

WIND (MPH)
AVERAGE WIND SPEED              9.3
HIGHEST WIND SPEED/DIRECTION    40/330    DATE  06/07
HIGHEST GUST SPEED/DIRECTION    47/330    DATE  06/07


WEATHER CONDITIONS. NUMBER OF DAYS WITH
THUNDERSTORM              7     RAIN                       5
HAIL                      0     SNOW                       0
FOG                       0     FOG W/VIS <= 1/4 MILE      0
HAZE                      1

-  INDICATES NEGATIVE NUMBERS.
R  INDICATES RECORD WAS SET OR TIED.
MM INDICATES DATA IS MISSING.
T  INDICATES TRACE AMOUNT.

$$
