000
CXUS56 KPQR 011609 CCA
CLMSLE

CLIMATE REPORT
NATIONAL WEATHER SERVICE PORTLAND OREGON
901 AM PDT WED MAY 1 2019

...................................

...THE SALEM OR CLIMATE SUMMARY FOR THE MONTH OF APRIL 2019...

CLIMATE NORMAL PERIOD 1981 TO 2010
CLIMATE RECORD PERIOD 1892 TO 2019

WEATHER         OBSERVED          NORMAL  DEPART  LAST YEAR`S
                 VALUE   DATE(S)  VALUE   FROM    VALUE  DATE(S)
                                          NORMAL
................................................................
TEMPERATURE (F)
HIGHEST            78                                 84  04/24
LOWEST             32                                 30  04/03
AVG. MAXIMUM     61.5              61.1     0.4     61.9
AVG. MINIMUM     44.3              39.6     4.7     42.7
MEAN             52.9              50.4     2.5     52.3
DAYS MAX >= 90      0               0.0     0.0        0
DAYS MAX <= 32      0               0.0     0.0        0
DAYS MIN <= 32      1               2.5    -1.5        1
DAYS MIN <= 0       0               0.0     0.0        0

PRECIPITATION (INCHES)
RECORD
 MAXIMUM         7.68   1937
 MINIMUM         0.39   1939
TOTALS           5.14              2.81    2.33     5.28
DAYS >= .01        17              14.4     2.6       16
DAYS >= .10        12               8.4     3.6       11
DAYS >= .50         3               1.4     1.6        3
DAYS >= 1.00        2               0.1     1.9        1
GREATEST
 24 HR. TOTAL    1.68   04/06 TO 04/07

DEGREE_DAYS
HEATING TOTAL     356               440     -84      373
 SINCE 7/1       3928              4243    -315     3890
COOLING TOTAL       0                 0       0        0
 SINCE 1/1          0                 0       0        0
.................................................................

WIND (MPH)
AVERAGE WIND SPEED              6.4
RESULTANT WIND SPEED/DIRECTION   2/287
HIGHEST WIND SPEED/DIRECTION    26/200    DATE  04/05
HIGHEST GUST SPEED/DIRECTION    33/190    DATE  04/07

SKY COVER
POSSIBLE SUNSHINE (PERCENT)   MM
AVERAGE SKY COVER           0.60
NUMBER OF DAYS FAIR            7
NUMBER OF DAYS PC             10
NUMBER OF DAYS CLOUDY         13

AVERAGE RH (PERCENT)     71

WEATHER CONDITIONS. NUMBER OF DAYS WITH
THUNDERSTORMS        0        MIXED PRECIP            0
HEAVY RAIN           2        RAIN                    8
LIGHT RAIN           19       FREEZING RAIN           0
LT FREEZING RAIN     0        HAIL                    0
HEAVY SNOW           0        SNOW                    0
LIGHT SNOW           0        SLEET                   0
FOG                  14       FOG W/VIS <=1/4 MILE    0
HAZE                 3


-  INDICATES NEGATIVE NUMBERS.
R  INDICATES RECORD WAS SET OR TIED.
MM INDICATES DATA IS MISSING.
T  INDICATES TRACE AMOUNT.

$$
