000
CXUS56 KPQR 011559
CLMSLE

CLIMATE REPORT
NATIONAL WEATHER SERVICE PORTLAND OREGON
859 AM PDT MON JUL 1 2019

...................................

...THE SALEM OR CLIMATE SUMMARY FOR THE MONTH OF JUNE 2019...

CLIMATE NORMAL PERIOD 1981 TO 2010
CLIMATE RECORD PERIOD 1892 TO 2019

WEATHER         OBSERVED          NORMAL  DEPART  LAST YEAR`S
                 VALUE   DATE(S)  VALUE   FROM    VALUE  DATE(S)
                                          NORMAL
................................................................
TEMPERATURE (F)
HIGHEST            97                                 92  06/19
LOWEST             44                                 43  06/05
                                                          06/01
AVG. MAXIMUM     76.9              73.9     3.0     76.9
AVG. MINIMUM     50.8              49.3     1.5     51.8
MEAN             63.9              61.6     2.3     64.4
DAYS MAX >= 90      2               1.5     0.5        3
DAYS MAX <= 32      0               0.0     0.0        0
DAYS MIN <= 32      0               0.0     0.0        0
DAYS MIN <= 0       0               0.0     0.0        0

PRECIPITATION (INCHES)
RECORD
 MAXIMUM         4.61   1937
 MINIMUM         0.00   1918
TOTALS           0.43              1.55   -1.12     0.56
DAYS >= .01         5               8.4    -3.4        4
DAYS >= .10         1               4.1    -3.1        2
DAYS >= .50         0               0.8    -0.8        0
DAYS >= 1.00        0               0.2    -0.2        0
GREATEST
 24 HR. TOTAL    0.32   06/27 TO 06/27

DEGREE_DAYS
HEATING TOTAL      73               130     -57       68
 SINCE 7/1       4189              4653    -464     4101
COOLING TOTAL      47                28      19       57
 SINCE 1/1         54                37      17       69
.................................................................

WIND (MPH)
AVERAGE WIND SPEED              6.6
RESULTANT WIND SPEED/DIRECTION   4/334
HIGHEST WIND SPEED/DIRECTION    24/290    DATE  06/07
HIGHEST GUST SPEED/DIRECTION    32/230    DATE  06/26

SKY COVER
POSSIBLE SUNSHINE (PERCENT)   MM
AVERAGE SKY COVER           0.30
NUMBER OF DAYS FAIR           18
NUMBER OF DAYS PC             11
NUMBER OF DAYS CLOUDY          1

AVERAGE RH (PERCENT)     59

WEATHER CONDITIONS. NUMBER OF DAYS WITH
THUNDERSTORMS             0     MIXED PRECIP                0
HEAVY RAIN                0     RAIN                        1
LIGHT RAIN                5     FREEZING RAIN               0
LT FREEZING RAIN          0     HAIL                        0
HEAVY SNOW                0     SNOW                        0
LIGHT SNOW                0     SLEET                       0
FOG                       1     FOG W/VIS <= 1/4 MILE       0
HAZE                      1

-  INDICATES NEGATIVE NUMBERS.
R  INDICATES RECORD WAS SET OR TIED.
MM INDICATES DATA IS MISSING.
T  INDICATES TRACE AMOUNT.

$$
