863
CXUS56 KSGX 011453
CLMSNA


CLIMATE REPORT
NATIONAL WEATHER SERVICE SAN DIEGO, CA
752 AM PDT THU AUG 1 2019

...................................

...THE JOHN WAYNE AIRPORT CA CLIMATE SUMMARY FOR THE MONTH OF JULY 2019...

CLIMATE NORMAL PERIOD 1981 TO 2010
CLIMATE RECORD PERIOD 1999 TO 2019

WEATHER         OBSERVED          NORMAL  DEPART  LAST YEAR`S
                 VALUE   DATE(S)  VALUE   FROM    VALUE  DATE(S)
                                          NORMAL
................................................................
TEMPERATURE (F)
RECORD
 HIGH             108   07/06/2018
 LOW                1   07/05/2019
HIGHEST            93   07/25        77      16      108  07/06
LOWEST             63   07/01        63       0       63  07/01
AVG. MAXIMUM     79.4              77.9     1.5     84.7
AVG. MINIMUM     66.6              64.4     2.2     69.4
MEAN             73.0              71.1     1.9     77.0
DAYS MAX >= 90      3               0.3     2.7        6
DAYS MAX <= 32      0               0.0     0.0        0
DAYS MIN <= 32      0               0.0     0.0        0

PRECIPITATION (INCHES)
RECORD
 MAXIMUM         0.44   2015
 MINIMUM         0.00   2018
                        2017
                        2016
TOTALS           0.03              0.04   -0.01     0.00
DAILY AVG.       0.00              0.00    0.00     0.00
DAYS >= .01         1                MM      MM        0
DAYS >= .10         0                MM      MM        0
DAYS >= .50         0                MM      MM        0
DAYS >= 1.00        0                MM      MM        0
GREATEST
 24 HR. TOTAL    0.03   07/25 TO 07/25           07/31 TO 07/31
                                                          07/30 TO 07/30EATHER         OBSERVED          NORMAL  DEPART  LAST YEAR`S
                                                          07/29 TO 07/29EATHER         OBSERVED          NORMAL  DEPART  LAST YEAR`S
 STORM TOTAL       MM                                 MM
 (MM/DD(HH))            MM                    07/31(00) TO 07/31(00)
                                                 07/30(00) TO 07/30(00)9EATHER         OBSERVED          NORMAL  DEPART  LAST YEAR`S
                                                 07/29(00) TO 07/29(00)9EATHER         OBSERVED          NORMAL  DEPART  LAST YEAR`S

DEGREE_DAYS
HEATING TOTAL       0                 0       0        0
 SINCE 7/1          0                 0       0        0
COOLING TOTAL     254               191      63      379
 SINCE 1/1        381               334      47      567

FREEZE DATES
RECORD
 EARLIEST     MM
 LATEST       MM
EARLIEST                        MM
LATEST                          MM
.................................................................

WIND (MPH)
AVERAGE WIND SPEED              6.2
RESULTANT WIND SPEED/DIRECTION   5/203
HIGHEST WIND SPEED/DIRECTION    18/220    DATE  07/28
HIGHEST GUST SPEED/DIRECTION    23/200    DATE  07/17

SKY COVER
POSSIBLE SUNSHINE (PERCENT)   MM
AVERAGE SKY COVER           0.50
NUMBER OF DAYS FAIR            8
NUMBER OF DAYS PC             22
NUMBER OF DAYS CLOUDY          1

AVERAGE RH (PERCENT)     67

WEATHER CONDITIONS. NUMBER OF DAYS WITH
  0
  0
  0
  0
  0
  0
  0
HAZE                      9

-  INDICATES NEGATIVE NUMBERS.
R  INDICATES RECORD WAS SET OR TIED.
MM INDICATES DATA IS MISSING.
T  INDICATES TRACE AMOUNT.

$$
