000
CXAK58 PASN 012345 CCA
CLMSNP

CLIMATE REPORT
NATIONAL WEATHER SERVICE ANCHORAGE, AK
1047 AM AKDT WED MAY 1 2019

...................................

...THE SAINT PAUL ISLAND CLIMATE SUMMARY FOR THE MONTH OF APRIL 2019...

CLIMATE NORMAL PERIOD 1981 TO 2010
CLIMATE RECORD PERIOD 1892 TO 2019

WEATHER         OBSERVED          NORMAL  DEPART  LAST YEAR`S
                 VALUE   DATE(S)  VALUE   FROM    VALUE  DATE(S)
                                          NORMAL
................................................................
TEMPERATURE (F)
RECORD
 HIGH              49   MM
 LOW               16   04/02/2017
HIGHEST            44                MM      MM       44
LOWEST             20                MM      MM       21
AVG. MAXIMUM     38.0              33.4     4.6     39.9
AVG. MINIMUM     29.9              25.1     4.8     30.5
MEAN             34.0              29.2     4.8     35.2
DAYS MAX >= 90      0               0.0     0.0        0
DAYS MAX <= 32      4              10.4    -6.4        1
DAYS MIN <= 32     18              24.5    -6.5       19
DAYS MIN <= 0       0               0.2    -0.2        0

PRECIPITATION (INCHES)
RECORD
 MAXIMUM           MM   MM
 MINIMUM           MM   MM
TOTALS           0.86              1.08   -0.22     2.10
DAILY AVG.       0.03              0.04   -0.01     0.07
DAYS >= .01        16              13.2     2.8       20
DAYS >= .10         2               3.0    -1.0        9
DAYS >= .50         0               0.2    -0.2        0
DAYS >= 1.00        0               0.0     0.0        0
GREATEST
 24 HR. TOTAL    0.19   04/03 TO 04/03           04/14 TO 04/14
                                                          04/30 TO 04/30EATHER         OBSERVED          NORMAL  DEPART  LAST YEAR`S
                                                          04/30 TO 04/30EATHER         OBSERVED          NORMAL  DEPART  LAST YEAR`S
 STORM TOTAL       MM                                 MM
 (MM/DD(HH))            MM                    04/14(00) TO 04/14(00)
                                                 04/30(00) TO 04/30(00)0EATHER         OBSERVED          NORMAL  DEPART  LAST YEAR`S
                                                 04/30(00) TO 04/30(00)0EATHER         OBSERVED          NORMAL  DEPART  LAST YEAR`S

SNOWFALL (INCHES)
RECORDS
 TOTAL             MM   MM
 24 HR TOTAL       MM
 SNOW DEPTH        MM   MM
TOTALS            0.5               5.7    -5.2        T
SINCE 7/1         4.8              58.7   -53.9     14.6
SNOWDEPTH AVG.      1                 5      -4        0
DAYS >= TRACE       3              11.0    -8.0        6
DAYS >= 1.0         0               1.9    -1.9
GREATEST
 SNOW DEPTH         1   04/22                         -1  04/13
                        04/21
                        04/20
 24 HR TOTAL      0.2   04/24 TO 04/24           04/30 TO 04/30
                                                          04/30 TO 04/30EATHER         OBSERVED          NORMAL  DEPART  LAST YEAR`S
                                                          04/30 TO 04/30EATHER         OBSERVED          NORMAL  DEPART  LAST YEAR`S
 STORM TOTAL       MM                                 MM
 (MM/DD(HH))            MM

DEGREE_DAYS
HEATING TOTAL     925              1073    -148      889
 SINCE 7/1       8057              9235   -1178     7859
COOLING TOTAL       0                 0       0        0
 SINCE 1/1          0                 0       0        0

FREEZE DATES
RECORD
 EARLIEST     MM
 LATEST       MM
EARLIEST                        MM
LATEST                          MM
.................................................................

WIND (MPH)
AVERAGE WIND SPEED              15.8
RESULTANT WIND SPEED/DIRECTION   9/052
HIGHEST WIND SPEED/DIRECTION    36/090    DATE  04/02
HIGHEST GUST SPEED/DIRECTION    44/080    DATE  04/02

SKY COVER
POSSIBLE SUNSHINE (PERCENT)   MM
AVERAGE SKY COVER           0.90
NUMBER OF DAYS FAIR            1
NUMBER OF DAYS PC              4
NUMBER OF DAYS CLOUDY         25

AVERAGE RH (PERCENT)     81

WEATHER CONDITIONS. NUMBER OF DAYS WITH
THUNDERSTORM              0  MIXED PRECIP               0
HEAVY RAIN                0  RAIN                       0
LIGHT RAIN               17  FREEZING RAIN              0
LT FREEZING RAIN          0  HAIL                       0
HEAVY SNOW                1  SNOW                       2
LIGHT SNOW               15  SLEET                      0
FOG                      22  FOG W/VIS <= 1/4 MILE      1
HAZE                      4

-  INDICATES NEGATIVE NUMBERS.
R  INDICATES RECORD WAS SET OR TIED.
MM INDICATES DATA IS MISSING.
T  INDICATES TRACE AMOUNT.

$$
