000
CXUS56 KMTR 011824
CLMSNS


CLIMATE REPORT
NATIONAL WEATHER SERVICE SAN FRANCISCO BAY AREA
1124 AM PDT WED MAY 1 2019

...................................

...THE SALINAS AIRPORT CLIMATE SUMMARY FOR THE MONTH OF APRIL 2019...

CLIMATE NORMAL PERIOD 1981 TO 2010
CLIMATE RECORD PERIOD 1930 TO 2019

WEATHER         OBSERVED          NORMAL  DEPART  LAST YEAR`S
                 VALUE   DATE(S)  VALUE   FROM    VALUE  DATE(S)
                                          NORMAL
................................................................
TEMPERATURE (F)
RECORD
 HIGH             100   04/26/2004
 LOW               29   04/09/1933
HIGHEST            87   04/23                         82  04/09
LOWEST             44   04/17                         41  04/13
AVG. MAXIMUM     69.0              67.1     1.9     66.7
AVG. MINIMUM     50.4              46.3     4.1     47.9
MEAN             59.7              56.7     3.0     57.3
DAYS MAX >= 90      0                                  0
DAYS MAX <= 32      0                                  0
DAYS MIN <= 32      0                                  0
DAYS MIN <= 0       0                                  0

PRECIPITATION (INCHES)
RECORD
 MAXIMUM           MM   MM
 MINIMUM           MM   MM
TOTALS           0.27              0.93   -0.66     1.84
DAILY AVG.       0.01                               0.06
DAYS >= .01         5                                  5
DAYS >= .10         1                                  4
DAYS >= .50         0                                  1
DAYS >= 1.00        0                                  1
GREATEST
 24 HR. TOTAL    0.18   04/05 TO 04/05           04/07 TO 04/07
                                                          04/30 TO 04/30EATHER         OBSERVED          NORMAL  DEPART  LAST YEAR`S
                                                          04/30 TO 04/30EATHER         OBSERVED          NORMAL  DEPART  LAST YEAR`S

DEGREE_DAYS
HEATING TOTAL     160               255     -95      225
 SINCE 7/1       2077              2389    -312     1929
COOLING TOTAL       8                 6       2        0
 SINCE 1/1          8                 7       1        6
.................................................................

WIND (MPH)
AVERAGE WIND SPEED              7.9
RESULTANT WIND SPEED/DIRECTION   5/302
HIGHEST WIND SPEED/DIRECTION    30/300    DATE  04/09
HIGHEST GUST SPEED/DIRECTION    37/300    DATE  04/09

SKY COVER
POSSIBLE SUNSHINE (PERCENT)   MM
AVERAGE SKY COVER           0.40
NUMBER OF DAYS FAIR           12
NUMBER OF DAYS PC             12
NUMBER OF DAYS CLOUDY          6

AVERAGE RH (PERCENT)     69

WEATHER CONDITIONS. NUMBER OF DAYS WITH
  0
  1
  0
  0
  0
  0
  3
HAZE                      8

-  INDICATES NEGATIVE NUMBERS.
R  INDICATES RECORD WAS SET OR TIED.
MM INDICATES DATA IS MISSING.
T  INDICATES TRACE AMOUNT.

$$
