000
CXUS56 KPQR 011446 RRA
CLMSPB

CLIMATE REPORT
NATIONAL WEATHER SERVICE PORTLAND OREGON
740 AM PDT THU AUG 1 2019

...................................

...THE SCAPPOOSE OR CLIMATE SUMMARY FOR THE MONTH OF JULY 2019...

CLIMATE NORMAL PERIOD 1981 TO 2010
CLIMATE RECORD PERIOD 9999 TO 9999

WEATHER         OBSERVED          NORMAL  DEPART  LAST YEAR`S
                 VALUE   DATE(S)  VALUE   FROM    VALUE  DATE(S)
                                          NORMAL
................................................................
TEMPERATURE (F)
HIGHEST            90                                100  07/15
LOWEST             49                                 44  07/03
AVG. MAXIMUM     79.2              79.7    -0.5     86.5
AVG. MINIMUM     55.3              53.2     2.1     54.6
MEAN             67.2              66.4     0.8     70.5
DAYS MAX >= 90      2               3.7    -1.7       12
DAYS MAX <= 32      0               0.0     0.0        0
DAYS MIN <= 32      0               0.0     0.0        0
DAYS MIN <= 0       0               0.0     0.0        0

PRECIPITATION (INCHES)
RECORD
 MAXIMUM           MM   MM
 MINIMUM           MM   MM
TOTALS           0.35              0.66   -0.31     0.02
DAYS >= .01         6                MM      MM        2
DAYS >= .10         1                MM      MM        0
DAYS >= .50         0                MM      MM        0
DAYS >= 1.00        0                MM      MM        0
GREATEST
 24 HR. TOTAL    0.22   07/09 TO 07/09

DEGREE_DAYS
HEATING TOTAL      14                46     -32       14
 SINCE 7/1         14                46     -32       14
COOLING TOTAL      89                91      -2      192
 SINCE 1/1        156               120      36      239
.................................................................

WIND (MPH)
AVERAGE WIND SPEED              5.2
RESULTANT WIND SPEED/DIRECTION   3/359
HIGHEST WIND SPEED/DIRECTION    20/350    DATE  07/25
HIGHEST GUST SPEED/DIRECTION    26/010    DATE  07/25

SKY COVER
POSSIBLE SUNSHINE (PERCENT)   MM
AVERAGE SKY COVER           0.40

AVERAGE RH (PERCENT)     65

WEATHER CONDITIONS. NUMBER OF DAYS WITH
THUNDERSTORMS             1     MIXED PRECIP                0
HEAVY RAIN                0     RAIN                        0
LIGHT RAIN                6     FREEZING RAIN               0
LT FREEZING RAIN          0     HAIL                        0
HEAVY SNOW                0     SNOW                        0
LIGHT SNOW                0     SLEET                       0
FOG                       3     FOG W/VIS <= 1/4 MILE       0
HAZE                      6


-  INDICATES NEGATIVE NUMBERS.
R  INDICATES RECORD WAS SET OR TIED.
MM INDICATES DATA IS MISSING.
T  INDICATES TRACE AMOUNT.

$$
