000
CXUS56 KPQR 011718 CCA
CLMSPB

CLIMATE REPORT
NATIONAL WEATHER SERVICE PORTLAND OREGON
1017 AM PDT WED MAY 1 2019

...................................

...THE SCAPPOOSE OR CLIMATE SUMMARY FOR THE MONTH OF APRIL 2019...

CLIMATE NORMAL PERIOD 1981 TO 2010
CLIMATE RECORD PERIOD 9999 TO 9999

WEATHER         OBSERVED          NORMAL  DEPART  LAST YEAR`S
                 VALUE   DATE(S)  VALUE   FROM    VALUE  DATE(S)
                                          NORMAL
................................................................
TEMPERATURE (F)
HIGHEST            77                                 83  04/26
                                                          04/25
LOWEST             34                                 28  04/03
AVG. MAXIMUM     63.3              60.6     2.7     60.3
AVG. MINIMUM     44.4              39.2     5.2     41.4
MEAN             53.9              49.9     4.0     50.8
DAYS MAX >= 90      0               0.0     0.0        0
DAYS MAX <= 32      0               0.0     0.0        0
DAYS MIN <= 32      0               1.9    -1.9        2
DAYS MIN <= 0       0               0.0     0.0        0

PRECIPITATION (INCHES)
TOTALS           3.99              3.13    0.86     3.07
DAYS >= .01        19                MM      MM       19
DAYS >= .10        11                MM      MM        9
DAYS >= .50         3                MM      MM        1
DAYS >= 1.00        0                MM      MM        0
GREATEST
 24 HR. TOTAL    1.41   04/06 TO 04/07

DEGREE_DAYS
HEATING TOTAL     328               453    -125      416
 SINCE 7/1       4049              4488    -439     4360
COOLING TOTAL       0                 0       0        0
 SINCE 1/1          0                 0       0        0
.................................................................

WIND (MPH)
AVERAGE WIND SPEED              4.4
RESULTANT WIND SPEED/DIRECTION   1/340
HIGHEST WIND SPEED/DIRECTION    23/280    DATE  04/27
HIGHEST GUST SPEED/DIRECTION    32/280    DATE  04/27

SKY COVER
POSSIBLE SUNSHINE (PERCENT)   MM
AVERAGE SKY COVER           0.60

AVERAGE RH (PERCENT)     68

WEATHER CONDITIONS. NUMBER OF DAYS WITH
THUNDERSTORMS        1        MIXED PRECIP            0
HEAVY RAIN           3        RAIN                    6
LIGHT RAIN           17       FREEZING RAIN           0
LT FREEZING RAIN     0        HAIL                    0
HEAVY SNOW           0        SNOW                    0
LIGHT SNOW           0        SLEET                   0
FOG                  14       FOG W/VIS <=1/4 MILE    1
HAZE                 5


-  INDICATES NEGATIVE NUMBERS.
R  INDICATES RECORD WAS SET OR TIED.
MM INDICATES DATA IS MISSING.
T  INDICATES TRACE AMOUNT.

$$
