000
CXUS53 KILX 011535
CLMSPI


CLIMATE REPORT
NATIONAL WEATHER SERVICE LINCOLN IL
1023 AM CDT MON JUL 1 2019

...................................

...THE SPRINGFIELD IL CLIMATE SUMMARY FOR THE MONTH OF JUNE 2019...

CLIMATE NORMAL PERIOD 1981 TO 2010
CLIMATE RECORD PERIOD 1879 TO 2019

WEATHER         OBSERVED          NORMAL  DEPART  LAST YEAR`S
                 VALUE   DATE(S)  VALUE   FROM    VALUE
                                          NORMAL
.............................................................
TEMPERATURE (F)
RECORD
 HIGH             104   06/28/1934
                        06/27/1934
                        06/01/1934
 LOW               39   06/01/2003
HIGHEST            94   06/30        84      10       95
LOWEST             51   06/14        63     -12       52
AVG. MAXIMUM     82.3              83.1    -0.8     87.4
AVG. MINIMUM     62.0              61.9     0.1     66.7
MEAN             72.2              72.5    -0.3     77.0
DAYS MAX >= 90      2               4.7    -2.7       11
DAYS MAX <= 32      0               0.0     0.0        0
DAYS MIN <= 32      0               0.0     0.0        0
DAYS MIN <= 0       0               0.0     0.0        0

PRECIPITATION (INCHES)
RECORD
 MAXIMUM        12.71   1882
 MINIMUM         0.23   1959
TOTALS           7.14              4.46    2.68     4.29
DAILY AVG.       0.24              0.15    0.09     0.14
DAYS >= .01        14              10.2     3.8       11
DAYS >= .10         8               6.7     1.3        9
DAYS >= .50         5               2.8     2.2        3
DAYS >= 1.00        3               1.2     1.8        1
GREATEST
 24 HR. TOTAL    1.90   06/19 TO 06/19              1.01

SNOWFALL (INCHES)
RECORDS
 TOTAL            0.0   MM
TOTALS            0.0               0.0     0.0      0.0
SINCE 7/1        31.6              20.9    10.7     11.8
DAYS >= 1.0         0               0.0     0.0        0
GREATEST
 SNOW DEPTH         0   MM                             0
 24 HR TOTAL      0.0   06/30 TO 06/30               0.0

DEGREE_DAYS
HEATING TOTAL       4                15     -11        0
 SINCE 7/1       5695              5485     210     5245
COOLING TOTAL     228               240     -12      370
 SINCE 1/1        352               344       8      681
..............................................................

WIND (MPH)
AVERAGE WIND SPEED              8.3
HIGHEST WIND SPEED/DIRECTION    39/290    DATE  06/25
HIGHEST GUST SPEED/DIRECTION    54/280    DATE  06/25

SKY COVER
POSSIBLE SUNSHINE (PERCENT)   MM
AVERAGE SKY COVER           0.30
NUMBER OF DAYS FAIR           15
NUMBER OF DAYS PC             14
NUMBER OF DAYS CLOUDY          1

AVERAGE RH (PERCENT)     73

WEATHER CONDITIONS. NUMBER OF DAYS WITH
THUNDERSTORM             13     MIXED PRECIP               0
HEAVY RAIN                8     RAIN                       8
LIGHT RAIN               17     FREEZING RAIN              0
LT FREEZING RAIN          0     HAIL                       0
HEAVY SNOW                0     SNOW                       0
LIGHT SNOW                0     SLEET                      0
FOG                      17     FOG W/VIS <= 1/4 MILE      0
HAZE                      3


-  INDICATES NEGATIVE NUMBERS.
R  INDICATES RECORD WAS SET OR TIED.
MM INDICATES DATA IS MISSING.
T  INDICATES TRACE AMOUNT.

&&

No records were set in Springfield during June 2019

$$
