000
CXUS52 KTBW 031330
CLMSRQ


CLIMATE REPORT
NATIONAL WEATHER SERVICE TAMPA BAY FL
930 AM EDT FRI MAY 3 2019

...................................

...THE SARASOTA BRADENTON CLIMATE SUMMARY FOR THE MONTH OF APRIL 2019...

      ...9TH WARMEST APRIL SINCE RECORDS BEGAN IN JANUARY 1911...

CLIMATE NORMAL PERIOD 1981 TO 2010
CLIMATE RECORD PERIOD 1911 TO 2019

WEATHER         OBSERVED          NORMAL  DEPART  LAST YEAR`S
                 VALUE   DATE(S)  VALUE   FROM    VALUE  DATE(S)
                                          NORMAL
................................................................
TEMPERATURE (F)
ALL-TIME APRIL RECORD
 HIGH              96   04/29/2017
 LOW               37   04/05/1915

APRIL 2019
HIGHEST            94   04/30        MM      MM       89  04/30
LOWEST             56   04/22        MM      MM       52  04/18
                                                          04/17
AVG. MAXIMUM     83.9              80.7     3.2     81.6
AVG. MINIMUM     64.2              61.5     2.7     63.4
MEAN             74.1              71.1     3.0     72.5
DAYS MAX >= 90      2               0.3     1.7        0
DAYS MAX <= 32      0               0.0     0.0        0
DAYS MIN <= 32      0               0.0     0.0        0
DAYS MIN <= 0       0               0.0     0.0        0

PRECIPITATION (INCHES)
ALL-TIME APRIL RECORD
 MAXIMUM        10.23   1957
 MINIMUM         0.00   1967

APRIL 2019
TOTALS           1.62              2.44   -0.82     2.52
DAILY AVG.       0.05              0.08   -0.03     0.08
DAYS >= .01         7                MM      MM        6
DAYS >= .10         4                MM      MM        3
DAYS >= .50         1                MM      MM        2
DAYS >= 1.00        0                MM      MM        1
GREATEST
 24 HR. TOTAL    0.59   04/14 TO 04/14

DEGREE_DAYS
HEATING TOTAL       0                10     -10        0
 SINCE 7/1        275               477    -202      389
COOLING TOTAL     279               193      86      231
 SINCE 1/1        661               397     264      555
.................................................................

WIND (MPH)
AVERAGE WIND SPEED              9.3
HIGHEST WIND SPEED/DIRECTION    31/180    DATE  04/19
HIGHEST GUST SPEED/DIRECTION    41/190    DATE  04/19

SKY COVER (DOES NOT INCLUDE ANY CLOUDS ABOVE 12000 FEET)
POSSIBLE SUNSHINE (PERCENT)   MM
AVERAGE SKY COVER           0.20
NUMBER OF DAYS FAIR           25
NUMBER OF DAYS PC              5
NUMBER OF DAYS CLOUDY          0

AVERAGE RH (PERCENT)     68

WEATHER CONDITIONS. NUMBER OF DAYS WITH
THUNDERSTORM              2     MIXED PRECIP                0
HEAVY RAIN                3     RAIN                        5
LIGHT RAIN                9     FREEZING RAIN               0
LT FREEZING RAIN          0     HAIL                        0
HEAVY SNOW                0     SNOW                        0
LIGHT SNOW                0     SLEET                       0
FOG                       6     FOG W/VIS <= 1/4 MILE       0
HAZE                      2

.................................................................

REMARKS
THE APRIL 2019 MONTHLY AVERAGE TEMPERATURE OF 74.1 DEGREES TIES
WITH 1965 AS THE 9TH WARMEST APRIL SINCE RECORDS BEGAN IN 1911.
THE WARMEST APRIL HAD AN AVERAGE TEMPERATURE OF 75.9 DEGREES
WHICH OCCURRED IN 2015 AND 1945 WHILE THE COOLEST APRIL HAD AN
AVERAGE TEMPERATURE OF 65.9 DEGREES IN 1987.

THE APRIL 2019 MONTHLY RAINFALL TOTAL OF 1.62 INCHES RANKS AS
THE 59TH WETTEST/51ST DRIEST APRIL SINCE RECORDS BEGAN IN 1911.


-  INDICATES NEGATIVE NUMBERS.
R  INDICATES RECORD WAS SET OR TIED.
MM INDICATES DATA IS MISSING.
T  INDICATES TRACE AMOUNT.

$$
