000
CXUS52 KTBW 071245
CLMSRQ


CLIMATE REPORT
NATIONAL WEATHER SERVICE TAMPA BAY FL
845 AM EDT WED AUG 7 2019

...................................

...THE SARASOTA BRADENTON CLIMATE SUMMARY FOR THE MONTH OF JULY 2019...

CLIMATE NORMAL PERIOD 1981 TO 2010
CLIMATE RECORD PERIOD 1911 TO 2019

WEATHER         OBSERVED          NORMAL  DEPART  LAST YEAR`S
                 VALUE   DATE(S)  VALUE   FROM    VALUE  DATE(S)
                                          NORMAL
................................................................
TEMPERATURE (F)
ALL-TIME JULY RECORD
 HIGH             101   07/23/1971
 LOW               62   07/15/1984

JULY 2019
HIGHEST            94   07/31        MM      MM       93  07/11
                        07/16                             07/09
                        07/03
LOWEST             71   07/20        MM      MM       69  07/04
AVG. MAXIMUM     90.1              89.8     0.3     90.4
AVG. MINIMUM     75.2              75.0     0.2     75.5
MEAN             82.6              82.4     0.2     83.0
DAYS MAX >= 90     19              14.4     4.6       24
DAYS MAX <= 32      0               0.0     0.0        0
DAYS MIN <= 32      0               0.0     0.0        0
DAYS MIN <= 0       0               0.0     0.0        0

PRECIPITATION (INCHES)
ALL-TIME JULY RECORD
 MAXIMUM        20.60   1921
 MINIMUM         0.93   1970

JULY 2019
TOTALS          13.92              7.98    5.94     7.88
DAILY AVG.       0.45              0.26    0.19     0.25
DAYS >= .01        22                MM      MM       15
DAYS >= .10        18                MM      MM       11
DAYS >= .50         8                MM      MM        4
DAYS >= 1.00        6                MM      MM        2
GREATEST
 24 HR. TOTAL    2.83   07/09 TO 07/09

DEGREE_DAYS
HEATING TOTAL       0                 0       0        0
 SINCE 7/1          0                 0       0        0
COOLING TOTAL     555               539      16      564
 SINCE 1/1       2271              1762     509     2035
.................................................................

WIND (MPH)
AVERAGE WIND SPEED              6.9
HIGHEST WIND SPEED/DIRECTION    35/130    DATE  07/13
HIGHEST GUST SPEED/DIRECTION    42/130    DATE  07/13

SKY COVER (DOES NOT INCLUDE ANY CLOUDS ABOVE 12000 FEET)
POSSIBLE SUNSHINE (PERCENT)   MM
AVERAGE SKY COVER           0.20
NUMBER OF DAYS FAIR           29
NUMBER OF DAYS PC              2
NUMBER OF DAYS CLOUDY          0

AVERAGE RH (PERCENT)     78

WEATHER CONDITIONS. NUMBER OF DAYS WITH
THUNDERSTORM             23     MIXED PRECIP                0
HEAVY RAIN               15     RAIN                       17
LIGHT RAIN               24     FREEZING RAIN               0
LT FREEZING RAIN          0     HAIL                        0
HEAVY SNOW                0     SNOW                        0
LIGHT SNOW                0     SLEET                       0
FOG                      18     FOG W/VIS <= 1/4 MILE       2
HAZE                      3
.................................................................

REMARKS
THE JULY 2019 MONTHLY AVERAGE TEMPERATURE OF 82.6 DEGREES TIES
WITH 1999...1997...1996 AND 1942 AS THE 21ST WARMEST JULY SINCE
RECORDS BEGAN IN 1911. THE WARMEST JULY HAD AN AVERAGE TEMPERAURE
OF 85.4 DEGREES WHICH OCCURRED IN 2016 AND THE COOLEST JULY HAD
AN AVERAGE TEMPERATURE OF 78.4 DEGREES IN 1947.

THE JULY 2019 MONTHLY RAINFALL TOTAL OF 13.92 INCHES RANKS AS
THE 7TH WETTEST JULY SINCE RECORDS BEGAN IN 1911.


-  INDICATES NEGATIVE NUMBERS.
R  INDICATES RECORD WAS SET OR TIED.
MM INDICATES DATA IS MISSING.
T  INDICATES TRACE AMOUNT.

$$
