000
CXUS53 KMPX 010711
CLMSTC


CLIMATE REPORT
NATIONAL WEATHER SERVICE CHANHASSEN MN
210 AM CDT THU AUG 1 2019

...................................

...THE ST CLOUD MN CLIMATE SUMMARY FOR THE MONTH OF JULY 2019...

CLIMATE NORMAL PERIOD 1981 TO 2010
CLIMATE RECORD PERIOD 1893 TO 2019

WEATHER         OBSERVED          NORMAL  DEPART  LAST YEAR`S
                 VALUE   DATE(S)  VALUE   FROM    VALUE  DATE(S)
                                          NORMAL
................................................................
TEMPERATURE (F)
RECORD
 HIGH             107   07/13/1936
                        07/23/1934
                        07/22/1934
 LOW               40   07/07/1972
HIGHEST            92   07/15        93      -1       91  07/08
LOWEST             49   07/30        52      -3       50  07/28
AVG. MAXIMUM     82.1              82.3    -0.2     81.8
AVG. MINIMUM     60.8              58.4     2.4     59.7
MEAN             71.4              70.3     1.1     70.8
DAYS MAX >= 90      3               3.8    -0.8        2
DAYS MAX <= 32      0               0.0     0.0        0
DAYS MIN <= 32      0               0.0     0.0        0
DAYS MIN <= 0       0               0.0     0.0        0

PRECIPITATION (INCHES)
RECORD
 MAXIMUM        12.81   1897
 MINIMUM         0.21   1975
TOTALS           5.32              3.31    2.01     4.84
DAILY AVG.       0.17              0.11    0.06     0.16
DAYS >= .01         8              10.5    -2.5       11
DAYS >= .10         7               6.1     0.9        8
DAYS >= .50         3               2.4     0.6        3
DAYS >= 1.00        3               0.8     2.2        1
GREATEST
 24 HR. TOTAL    1.79   07/28 TO 07/28

SNOWFALL (INCHES)
RECORDS
 TOTAL            0.0   5
                        0
TOTALS            0.0               0.0     0.0      0.0
SINCE 7/1         0.0               0.0     0.0      0.0
SNOWDEPTH AVG.      0                MM      MM        0
DAYS >= 1.0         0               0.0     0.0        0
GREATEST
 SNOW DEPTH         0   MM                             0  MM
 24 HR TOTAL      0.0   07/31 TO 07/31

DEGREE_DAYS
HEATING TOTAL       3                17     -14        3
 SINCE 7/1          3                17     -14        3
COOLING TOTAL     208               182      26      190
 SINCE 1/1        303               302       1      428
.................................................................

WIND (MPH)
AVERAGE WIND SPEED              5.8
HIGHEST WIND SPEED/DIRECTION    30/310    DATE  07/26
HIGHEST GUST SPEED/DIRECTION    47/310    DATE  07/26

SKY COVER
POSSIBLE SUNSHINE (PERCENT)   MM
AVERAGE SKY COVER           0.20
NUMBER OF DAYS FAIR           24
NUMBER OF DAYS PC              6
NUMBER OF DAYS CLOUDY          1

AVERAGE RH (PERCENT)     75

WEATHER CONDITIONS. NUMBER OF DAYS WITH
  0
  4
  0
  0
  0
  0
  5
HAZE                      2

-  INDICATES NEGATIVE NUMBERS.
R  INDICATES RECORD WAS SET OR TIED.
MM INDICATES DATA IS MISSING.
T  INDICATES TRACE AMOUNT.

$$
