000
CXUS53 KMPX 010736
CLMSTC


CLIMATE REPORT
NATIONAL WEATHER SERVICE CHANHASSEN MN
235 AM CDT WED MAY 1 2019

...................................

...THE ST CLOUD MN CLIMATE SUMMARY FOR THE MONTH OF APRIL 2019...

CLIMATE NORMAL PERIOD 1981 TO 2010
CLIMATE RECORD PERIOD 1893 TO 2019

WEATHER         OBSERVED          NORMAL  DEPART  LAST YEAR`S
                 VALUE   DATE(S)  VALUE   FROM    VALUE  DATE(S)
                                          NORMAL
................................................................
TEMPERATURE (F)
RECORD
 HIGH              96   04/21/1980
 LOW               -3   04/04/1975
HIGHEST            79   04/20        67      12       80  04/30
LOWEST             19   04/14        25      -6        0  04/05
AVG. MAXIMUM     52.6              56.3    -3.7     45.1
AVG. MINIMUM     32.1              32.7    -0.6     22.4
MEAN             42.4              44.5    -2.1     33.8
DAYS MAX >= 90      0               0.0     0.0        0
DAYS MAX <= 32      1               0.6     0.4        9
DAYS MIN <= 32     15              14.2     0.8       26
DAYS MIN <= 0       0               0.0     0.0        1

PRECIPITATION (INCHES)
RECORD
 MAXIMUM         8.42   2001
 MINIMUM         0.05   1987
TOTALS           3.29              2.57    0.72     1.41
DAILY AVG.       0.11              0.09    0.02     0.05
DAYS >= .01        11               9.1     1.9        8
DAYS >= .10         8               5.2     2.8        6
DAYS >= .50         3               1.7     1.3        0
DAYS >= 1.00        0               0.4    -0.4        0
GREATEST
 24 HR. TOTAL    0.82   04/17 TO 04/17

SNOWFALL (INCHES)
RECORDS
 TOTAL           24.4   2013
TOTALS            8.3               3.0     5.3     14.8
SINCE 7/1        68.5              45.7    22.8     62.7
SNOWDEPTH AVG.      1                MM      MM        4
DAYS >= 1.0         3               1.0     2.0        6
GREATEST
 SNOW DEPTH         5   04/13                         10  04/04
                        04/12
 24 HR TOTAL      4.6   04/11 TO 04/11

DEGREE_DAYS
HEATING TOTAL     674               617      57      930
 SINCE 7/1       8798              8167     631     8517
COOLING TOTAL       0                 2      -2        0
 SINCE 1/1          0                 2      -2        0
.................................................................

WIND (MPH)
AVERAGE WIND SPEED              8.6
HIGHEST WIND SPEED/DIRECTION    32/290    DATE  04/02
HIGHEST GUST SPEED/DIRECTION    50/070    DATE  04/11

SKY COVER
POSSIBLE SUNSHINE (PERCENT)   MM
AVERAGE SKY COVER           0.50
NUMBER OF DAYS FAIR           14
NUMBER OF DAYS PC              8
NUMBER OF DAYS CLOUDY          8

AVERAGE RH (PERCENT)     68

WEATHER CONDITIONS. NUMBER OF DAYS WITH
  0
  5
  1
  0
  3
  0
  3
HAZE                      4

-  INDICATES NEGATIVE NUMBERS.
R  INDICATES RECORD WAS SET OR TIED.
MM INDICATES DATA IS MISSING.
T  INDICATES TRACE AMOUNT.

$$
