000
CXUS53 KEAX 010652
CLMSTJ

CLIMATE REPORT
NATIONAL WEATHER SERVICE KANSAS CITY/PLEASANT HILL MO
146 AM CDT MON JUL 1 2019

...................................

...THE ST. JOSEPH MO CLIMATE SUMMARY FOR THE MONTH OF JUNE 2019...

CLIMATE NORMAL PERIOD 1981 TO 2010
CLIMATE RECORD PERIOD 1892 TO 2019

WEATHER         OBSERVED          NORMAL  DEPART  LAST YEAR`S
                 VALUE   DATE(S)  VALUE   FROM    VALUE  DATE(S)
                                          NORMAL
................................................................
TEMPERATURE (F)
RECORD
 HIGH             105   06/27/1980
                        06/19/1936
 LOW               41   06/01/1982
HIGHEST            95   06/29        95       0       97  06/29
                                                          06/28
                                                          06/16
LOWEST             48   06/13        50      -2       54  06/05
AVG. MAXIMUM     84.5              84.0     0.5     89.0
AVG. MINIMUM     64.5              63.3     1.2     67.0
MEAN             74.5              73.6     0.9     78.0
DAYS MAX >= 90      5               8.1    -3.1       15
DAYS MAX <= 32      0               0.0     0.0        0
DAYS MIN <= 32      0               0.0     0.0        0
DAYS MIN <= 0       0               0.0     0.0        0

PRECIPITATION (INCHES)
RECORD
 MAXIMUM        15.71   1943
 MINIMUM         0.71   2016
TOTALS           6.07              4.18    1.89     4.64
DAILY AVG.       0.20              0.14    0.06     0.15
DAYS >= .01        11              10.4     0.6       12
DAYS >= .10         7               6.9     0.1        9
DAYS >= .50         4               3.2     0.8        4
DAYS >= 1.00        2               1.4     0.6        0
GREATEST
 24 HR. TOTAL    2.42   06/22 TO 06/22

DEGREE_DAYS
HEATING TOTAL       1                 8      -7        0
 SINCE 7/1       5707              5458     249     5143
COOLING TOTAL     293               267      26      397
 SINCE 1/1        394               380      14      691
.................................................................

WIND (MPH)
AVERAGE WIND SPEED              8.2
HIGHEST WIND SPEED/DIRECTION    39/170    DATE  06/22
HIGHEST GUST SPEED/DIRECTION    59/160    DATE  06/22

SKY COVER
POSSIBLE SUNSHINE (PERCENT)   MM
AVERAGE SKY COVER           0.20
NUMBER OF DAYS FAIR           23
NUMBER OF DAYS PC              7
NUMBER OF DAYS CLOUDY          0

AVERAGE RH (PERCENT)     67

WEATHER CONDITIONS. NUMBER OF DAYS WITH
  0
  6
  0
  0
  0
  0
  1
HAZE                     11

-  INDICATES NEGATIVE NUMBERS.
R  INDICATES RECORD WAS SET OR TIED.
MM INDICATES DATA IS MISSING.
T  INDICATES TRACE AMOUNT.

$$
