000
CXUS53 KEAX 021532
CLMSTJ

CLIMATE REPORT
NATIONAL WEATHER SERVICE KANSAS CITY/PLEASANT HILL MO
1024 AM CDT THU MAY 2 2019

...................................

...THE ST. JOSEPH MO CLIMATE SUMMARY FOR THE MONTH OF MARCH 2019...

CLIMATE NORMAL PERIOD 1981 TO 2010
CLIMATE RECORD PERIOD 1892 TO 2019

WEATHER         OBSERVED          NORMAL  DEPART  LAST YEAR`S
                 VALUE   DATE(S)  VALUE   FROM    VALUE  DATE(S)
                                          NORMAL
................................................................
TEMPERATURE (F)
RECORD
 HIGH              90   03/31/1966
 LOW              -13   03/04/1978
HIGHEST            71   03/27        78      -7       74  03/15
LOWEST             -2   03/04        14     -16       18  03/14
                                                          03/13
AVG. MAXIMUM     46.6              54.5    -7.9     53.2
AVG. MINIMUM     27.7              31.4    -3.7     31.3
MEAN             37.0              42.9    -5.9     42.3
DAYS MAX >= 90      0               0.0     0.0        0
DAYS MAX <= 32      4               1.1     2.9        0
DAYS MIN <= 32     19              16.2     2.8       16
DAYS MIN <= 0       1               0.0     1.0        0

PRECIPITATION (INCHES)
RECORD
 MAXIMUM         7.30   1973
 MINIMUM         0.14   1936
TOTALS           2.91              2.25    0.66     0.35
DAILY AVG.       0.10              0.07    0.03     0.01
DAYS >= .01         8               8.6    -0.6        6
DAYS >= .10         7               4.9     2.1        2
DAYS >= .50         2               1.5     0.5        0
DAYS >= 1.00        0               0.4    -0.4        0
GREATEST
 24 HR. TOTAL    0.89   03/29 TO 03/29

DEGREE_DAYS
HEATING TOTAL     751               685      66      697
 SINCE 7/1       5281              4993     288     4568
COOLING TOTAL       0                 2      -2        0
 SINCE 1/1          0                 2      -2        0
.................................................................

WIND (MPH)
AVERAGE WIND SPEED              10.2
HIGHEST WIND SPEED/DIRECTION    36/210    DATE  03/14
HIGHEST GUST SPEED/DIRECTION    51/200    DATE  03/14

SKY COVER
POSSIBLE SUNSHINE (PERCENT)    0
AVERAGE SKY COVER           0.40
NUMBER OF DAYS FAIR           14
NUMBER OF DAYS PC              8
NUMBER OF DAYS CLOUDY          9

AVERAGE RH (PERCENT)     68



-  INDICATES NEGATIVE NUMBERS.
R  INDICATES RECORD WAS SET OR TIED.
MM INDICATES DATA IS MISSING.
T  INDICATES TRACE AMOUNT.

$$
