000
CXUS53 KFSD 011619 RRA
CLMSUX

CLIMATE REPORT
NATIONAL WEATHER SERVICE SIOUX FALLS SD
1018 AM CDT THU AUG 1 2019

...................................

...THE SIOUX CITY IA CLIMATE SUMMARY FOR THE MONTH OF JULY 2019...

CLIMATE NORMAL PERIOD 1981 TO 2010
CLIMATE RECORD PERIOD 1889 TO 2019

WEATHER         OBSERVED          NORMAL  DEPART  LAST YEAR`S
                 VALUE   DATE(S)  VALUE   FROM    VALUE  DATE(S)
                                          NORMAL
................................................................
TEMPERATURE (F)
RECORD
 HIGH             111   07/11/1939
                        07/17/1936
                        07/04/1936
 LOW               41   07/09/1895
HIGHEST            93   07/19        MM      MM       95  07/12
LOWEST             53   07/23        MM      MM       51  07/27
AVG. MAXIMUM     84.6              85.5    -0.9     84.8
AVG. MINIMUM     65.0              63.2     1.8     62.0
MEAN             74.8              74.3     0.5     73.4
DAYS MAX >= 90      6               7.1    -1.1        5
DAYS MAX <= 32      0               0.0     0.0        0
DAYS MIN <= 32      0               0.0     0.0        0
DAYS MIN <= 0       0               0.0     0.0        0

PRECIPITATION (INCHES)
RECORD
 MAXIMUM        10.33   1972
 MINIMUM         0.18   1936
TOTALS           6.99              3.44    3.55     2.30
DAILY AVG.       0.23              0.11    0.12     0.07
DAYS >= .01        12               9.5     2.5        8
DAYS >= .10         8               5.9     2.1        4
DAYS >= .50         5               2.2     2.8        2
DAYS >= 1.00        2               0.8     1.2        0
GREATEST
 24 HR. TOTAL    3.04   07/01 TO 07/02

DEGREE_DAYS
HEATING TOTAL       1                 3      -2        1
 SINCE 7/1          1                 3      -2        1
COOLING TOTAL     313               293      20      268
 SINCE 1/1        533               545     -12      700
.................................................................

WIND (MPH)
AVERAGE WIND SPEED              8.2
HIGHEST WIND SPEED/DIRECTION    43/330    DATE  07/17
HIGHEST GUST SPEED/DIRECTION    55/330    DATE  07/17

SKY COVER
POSSIBLE SUNSHINE (PERCENT)   MM
AVERAGE SKY COVER           0.20
NUMBER OF DAYS FAIR           27
NUMBER OF DAYS PC              4
NUMBER OF DAYS CLOUDY          0

AVERAGE RH (PERCENT)     78

WEATHER CONDITIONS. NUMBER OF DAYS WITH
THUNDERSTORM        12     MIXED PRECIP                  0
HEAVY RAIN           5     RAIN                          5
LIGHT RAIN          15     FREEZING RAIN                 0
LT FREEZING RAIN     0     HAIL                          0
HEAVY SNOW           0     SNOW                          0
LIGHT SNOW           0     SLEET                         0
FOG                 15     FOG W/VIS <= 1/4 MILE         1
HAZE                 0

-  INDICATES NEGATIVE NUMBERS.
R  INDICATES RECORD WAS SET OR TIED.
MM INDICATES DATA IS MISSING.
T  INDICATES TRACE AMOUNT.

$$
