838
CXUS51 KBGM 121251 CCA
CLMSYR

CLIMATE REPORT...CORRECTED
NATIONAL WEATHER SERVICE BINGHAMTON NY
851 AM EDT FRI JUL 12 2019

...................................

...THE SYRACUSE NY CLIMATE SUMMARY FOR THE MONTH OF JUNE 2019...

CLIMATE NORMAL PERIOD 1981 TO 2010
CLIMATE RECORD PERIOD 1902 TO 2019

WEATHER         OBSERVED          NORMAL  DEPART  LAST YEAR`S
                 VALUE   DATE(S)  VALUE   FROM    VALUE  DATE(S)
                                          NORMAL
................................................................
TEMPERATURE (F)
RECORD
 HIGH              98   06/21/1953
 LOW               35   06/01/1966
HIGHEST            90   06/28        77      13       94  06/18
LOWEST             44   06/03        55     -11       46  06/26
                                                          06/22
AVG. MAXIMUM     76.8              77.5    -0.7     76.4
AVG. MINIMUM     55.3              56.0    -0.7     54.8
MEAN             66.0              66.7    -0.7     65.6
DAYS MAX >= 90      1               1.5    -0.5        3
DAYS MAX <= 32      0               0.0     0.0        0
DAYS MIN <= 32      0               0.0     0.0        0
DAYS MIN <= 0       0               0.0     0.0        0

PRECIPITATION (INCHES)
RECORD
 MAXIMUM        15.92   1922
 MINIMUM         1.00   1995
TOTALS           4.39              3.31    1.08     3.55
DAILY AVG.       0.15              0.11    0.04     0.12
DAYS >= .01        15              12.1     2.9        9
DAYS >= .10        10               7.4     2.6        6
DAYS >= .50         3               2.1     0.9        2
DAYS >= 1.00        0               0.5    -0.5        2
GREATEST
 24 HR. TOTAL    0.96   06/10 TO 06/10

SNOWFALL (INCHES)
RECORDS
 TOTAL              T   2016
                        2008
 24 HR TOTAL        T   06/07/2016 TO 06/07/2016
                        06/16/2008 TO 06/16/2008
 SNOW DEPTH         T   06/16/2008
TOTALS            0.0               0.0     0.0      0.0
SINCE 7/1       115.0             123.8    -8.8    153.6
SNOWDEPTH AVG.      0                MM      MM        0
DAYS >= TRACE       0               0.0     0.0        0
DAYS >= 1.0         0               0.0     0.0        0
GREATEST
 SNOW DEPTH         0   MM                             0  MM
 24 HR TOTAL      0.0   06/30 TO 06/30

DEGREE_DAYS
HEATING TOTAL      47                61     -14       48
 SINCE 7/1       6771              6651     120     6641
COOLING TOTAL      83               113     -30       73
 SINCE 1/1         96               143     -47      132
.................................................................

WIND (MPH)
AVERAGE WIND SPEED              7.4
RESULTANT WIND SPEED/DIRECTION   3/278
HIGHEST WIND SPEED/DIRECTION    31/290    DATE  06/14
HIGHEST GUST SPEED/DIRECTION    42/280    DATE  06/14

SKY COVER
POSSIBLE SUNSHINE (PERCENT)   MM
AVERAGE SKY COVER           0.60
NUMBER OF DAYS FAIR            2
NUMBER OF DAYS PC             18
NUMBER OF DAYS CLOUDY         10

AVERAGE RH (PERCENT)     66

WEATHER CONDITIONS. NUMBER OF DAYS WITH
THUNDERSTORM              2     MIXED PRECIP                0
HEAVY RAIN                5     RAIN                        7
LIGHT RAIN               15     FREEZING RAIN               0
LT FREEZING RAIN          0     HAIL                        0
HEAVY SNOW                0     SNOW                        0
LIGHT SNOW                0     SLEET                       0
FOG                      15     FOG W/VIS <= 1/4 MILE       0
HAZE                      2

-  INDICATES NEGATIVE NUMBERS.
R  INDICATES RECORD WAS SET OR TIED.
MM INDICATES DATA IS MISSING.
T  INDICATES TRACE AMOUNT.

&&
CORRECTED GREATEST 24 HOUR PRECIPITATION
$$
