000
CXUS54 KBMX 011158
CLMTCL


CLIMATE REPORT
NATIONAL WEATHER SERVICE BIRMINGHAM, AL
656 AM CDT WED MAY 1 2019

...................................

...THE TUSCALOOSA CLIMATE SUMMARY FOR THE MONTH OF APRIL 2019...

CLIMATE NORMAL PERIOD 1981 TO 2010
CLIMATE RECORD PERIOD 1948 TO 2019

WEATHER         OBSERVED          NORMAL  DEPART  LAST YEAR`S
                 VALUE   DATE(S)  VALUE   FROM    VALUE  DATE(S)
                                          NORMAL
................................................................
TEMPERATURE (F)
RECORD
 HIGH              94   04/21/1987
 LOW               29   04/04/1987
                        04/01/1987
HIGHEST            88   04/11        MM      MM       86  04/03
LOWEST             35   04/01        MM      MM       34  04/08
AVG. MAXIMUM     78.8              76.1     2.7     74.1
AVG. MINIMUM     52.7              50.2     2.5     47.9
MEAN             65.8                               61.0
DAYS MAX >= 90      0               0.3    -0.3        0
DAYS MAX <= 32      0               0.0     0.0        0
DAYS MIN <= 32      0               0.6    -0.6        0
DAYS MIN <= 0       0               0.0     0.0        0

PRECIPITATION (INCHES)
RECORD
 MAXIMUM        14.41   1979
 MINIMUM         0.30   1987
TOTALS           6.21              4.21    2.00     8.03
DAILY AVG.       0.21              0.14    0.07
DAYS >= .01        12               7.9     4.1
DAYS >= .10        10               5.7     4.3
DAYS >= .50         4               2.9     1.1
DAYS >= 1.00        2               1.3     0.7

DEGREE_DAYS
HEATING TOTAL      70               121     -51      135
 SINCE 7/1       2096              2505    -409     2316
COOLING TOTAL     101                65      36       25
 SINCE 1/1        151                88      63      107
.................................................................

WIND (MPH)
AVERAGE WIND SPEED              5.3
HIGHEST WIND SPEED/DIRECTION    35/240    DATE  04/18
HIGHEST GUST SPEED/DIRECTION    54/240    DATE  04/18

AVERAGE RH (PERCENT)     67

WEATHER CONDITIONS. NUMBER OF DAYS WITH
THUNDERSTORM              8     MIXED PRECIP               0
HEAVY RAIN                7     RAIN                      11
LIGHT RAIN               15     FREEZING RAIN              0
LT FREEZING RAIN          0     HAIL                       0
HEAVY SNOW                0     SNOW                       0
LIGHT SNOW                0     SLEET                      0
FOG                      22     FOG W/VIS <= 1/4 MILE      2
HAZE                      4

-  INDICATES NEGATIVE NUMBERS.
R  INDICATES RECORD WAS SET OR TIED.
MM INDICATES DATA IS MISSING.
T  INDICATES TRACE AMOUNT.

$$
