414
CXUS54 KBMX 021739
CLMTCL


CLIMATE REPORT
NATIONAL WEATHER SERVICE BIRMINGHAM, AL
1236 PM CDT FRI AUG 2 2019

...................................

...THE TUSCALOOSA CLIMATE SUMMARY FOR THE MONTH OF JULY 2019...

CLIMATE NORMAL PERIOD 1981 TO 2010
CLIMATE RECORD PERIOD 1948 TO 2019

WEATHER         OBSERVED          NORMAL  DEPART  LAST YEAR`S
                 VALUE   DATE(S)  VALUE   FROM    VALUE  DATE(S)
                                          NORMAL
................................................................
TEMPERATURE (F)
RECORD
 HIGH             107   07/29/1952
                        07/28/1952
                        07/24/1952
 LOW               54   07/01/1950
HIGHEST            98   07/09        MM      MM       97  07/21
LOWEST             63   07/25        MM      MM       69  07/27
                                                          07/26
AVG. MAXIMUM     92.0              92.1    -0.1     92.8
AVG. MINIMUM     71.7              71.3     0.4     73.3
MEAN             81.9                               83.1
DAYS MAX >= 90     25              21.4     3.6       26
DAYS MAX <= 32      0               0.0     0.0        0
DAYS MIN <= 32      0               0.0     0.0        0
DAYS MIN <= 0       0               0.0     0.0        0

PRECIPITATION (INCHES)
RECORD
 MAXIMUM        11.81   2018
 MINIMUM         0.72   1970
TOTALS           2.47              4.40   -1.93    11.81
DAILY AVG.       0.08              0.14   -0.06
DAYS >= .01        10              10.4    -0.4
DAYS >= .10         5               7.0    -2.0
DAYS >= .50         2               3.1    -1.1
DAYS >= 1.00        0               1.4    -1.4

DEGREE_DAYS
COOLING TOTAL     533               518      15      569
 SINCE 1/1       1553              1232     321     1526
.................................................................

WIND (MPH)
AVERAGE WIND SPEED              3.8
HIGHEST WIND SPEED/DIRECTION    30/040    DATE  07/08
HIGHEST GUST SPEED/DIRECTION    42/030    DATE  07/08

AVERAGE RH (PERCENT)     72

WEATHER CONDITIONS. NUMBER OF DAYS WITH
THUNDERSTORM             10     MIXED PRECIP               0
HEAVY RAIN                5     RAIN                       4
LIGHT RAIN               11     FREEZING RAIN              0
LT FREEZING RAIN          0     HAIL                       0
HEAVY SNOW                0     SNOW                       0
LIGHT SNOW                0     SLEET                      0
FOG                      22     FOG W/VIS <= 1/4 MILE      1
HAZE                      4

-  INDICATES NEGATIVE NUMBERS.
R  INDICATES RECORD WAS SET OR TIED.
MM INDICATES DATA IS MISSING.
T  INDICATES TRACE AMOUNT.

$$
