000
CXUS51 KCLE 041650
CLMTOL


CLIMATE REPORT
NATIONAL WEATHER SERVICE CLEVELAND OH
1238 PM EDT SUN AUG 4 2019

...................................

...THE TOLEDO OH CLIMATE SUMMARY FOR THE MONTH OF JULY 2019...

CLIMATE NORMAL PERIOD 1981 TO 2010
CLIMATE RECORD PERIOD 1873 TO 2019

WEATHER         OBSERVED          NORMAL  DEPART  LAST YEAR`S
                 VALUE   DATE(S)  VALUE   FROM    VALUE
                                          NORMAL
.............................................................
TEMPERATURE (F)
RECORD
 HIGH             105   07/14/1936
 LOW               40   07/01/1988
HIGHEST            97   07/20
LOWEST             58   07/25
AVG. MAXIMUM     89.2              84.5     4.7     86.6
AVG. MINIMUM     67.1              62.4     4.7     63.1
MEAN             78.2              73.5     4.7     74.9
DAYS MAX >= 90     17               5.7    11.3       12
DAYS MAX <= 32      0               0.0     0.0        0
DAYS MIN <= 32      0               0.0     0.0        0
DAYS MIN <= 0       0               0.0     0.0        0

PRECIPITATION (INCHES)
RECORD
 MAXIMUM         9.19   2006
 MINIMUM         0.34   1995
TOTALS           5.31              3.23    2.08     1.11
DAYS >= .01        13               9.8     3.2        5
DAYS >= .10        11               5.8     5.2        3
DAYS >= .50         4               2.3     1.7        1
DAYS >= 1.00        1               0.7     0.3        0
GREATEST
 24 HR. TOTAL    1.12   07/03 TO 07/03              0.81

SNOWFALL (INCHES)
RECORDS
 TOTAL             MM   5
TOTALS            0.0               0.0     0.0      0.0
SINCE 7/1         0.0               0.0     0.0      0.0
DAYS >= 1.0         0               0.0     0.0        0
GREATEST
 24 HR TOTAL      0.0   07/31 TO 07/31

DEGREE_DAYS
HEATING TOTAL       0                 3      -3        0
 SINCE 7/1          0                 3      -3        0
COOLING TOTAL     418               265     153      314
 SINCE 1/1        628               488     140      665
..............................................................

WIND (MPH)
AVERAGE WIND SPEED              6.0
HIGHEST WIND SPEED/DIRECTION    37/250    DATE  07/18
HIGHEST GUST SPEED/DIRECTION    46/250    DATE  07/18

SKY COVER
AVERAGE SKY COVER           0.20

AVERAGE RH (PERCENT)     66

-  INDICATES NEGATIVE NUMBERS.
R  INDICATES RECORD WAS SET OR TIED.
MM INDICATES DATA IS MISSING.
T  INDICATES TRACE AMOUNT.

$$
