000
CXUS52 KTBW 031330
CLMTPA


CLIMATE REPORT
NATIONAL WEATHER SERVICE TAMPA BAY FL
930 AM EDT FRI MAY 3 2019

...................................

...THE TAMPA CLIMATE SUMMARY FOR THE MONTH OF APRIL 2019...

CLIMATE NORMAL PERIOD 1981 TO 2010
CLIMATE RECORD PERIOD 1890 TO 2019

WEATHER         OBSERVED          NORMAL  DEPART  LAST YEAR`S
                 VALUE   DATE(S)  VALUE   FROM    VALUE  DATE(S)
                                          NORMAL
................................................................
TEMPERATURE (F)
ALL-TIME APRIL RECORD
 HIGH              96   04/29/2017
 LOW               38   04/07/1891
                        04/06/1891

APRIL 2019
HIGHEST            91   04/30        MM      MM       90  04/22
                        04/29                             04/21
LOWEST             57   04/03        MM      MM       57  04/18
                                                          04/17
AVG. MAXIMUM     83.5              81.0     2.5     83.3
AVG. MINIMUM     65.9              63.0     2.9     65.8
MEAN             74.7              72.0     2.7     74.6
DAYS MAX >= 90      2               0.3     1.7        2
DAYS MAX <= 32      0               0.0     0.0        0
DAYS MIN <= 32      0               0.0     0.0        0
DAYS MIN <= 0       0               0.0     0.0        0

PRECIPITATION (INCHES)
ALL-TIME APRIL RECORD
 MAXIMUM        10.71   1997
 MINIMUM            T   1981
                        1967

APRIL 2019
TOTALS           2.68              2.03    0.65     2.16
DAILY AVG.       0.09              0.07    0.02     0.07
DAYS >= .01        12               4.9     7.1        5
DAYS >= .10         7               3.1     3.9        4
DAYS >= .50         2               1.2     0.8        1
DAYS >= 1.00        0               0.6    -0.6        1
GREATEST
 24 HR. TOTAL    0.73   04/14 TO 04/14

DEGREE_DAYS
HEATING TOTAL       0                11     -11        0
 SINCE 7/1        332               538    -206      338
COOLING TOTAL     299               221      78      296
 SINCE 1/1        693               460     233      721
.................................................................

WIND (MPH)
AVERAGE WIND SPEED              8.0
HIGHEST WIND SPEED/DIRECTION    30/210    DATE  04/19
HIGHEST GUST SPEED/DIRECTION    39/180    DATE  04/19

SKY COVER
POSSIBLE SUNSHINE (PERCENT)   MM
AVERAGE SKY COVER           0.40
NUMBER OF DAYS FAIR           14
NUMBER OF DAYS PC             14
NUMBER OF DAYS CLOUDY          2

AVERAGE RH (PERCENT)     64

WEATHER CONDITIONS. NUMBER OF DAYS WITH
THUNDERSTORM              4     MIXED PRECIP                0
HEAVY RAIN                3     RAIN                        5
LIGHT RAIN               12     FREEZING RAIN               0
LT FREEZING RAIN          0     HAIL                        0
HEAVY SNOW                0     SNOW                        0
LIGHT SNOW                0     SLEET                       0
FOG                       8     FOG W/VIS <= 1/4 MILE       1
HAZE                      3
.................................................................

REMARKS
THE APRIL 2019 MONTHLY AVERAGE TEMPERATURE OF 74.7 DEGREES TIES
WITH 1929 AS THE 14TH WARMEST APRIL SINCE RECORDS BEGAN IN 1890.
THE WARMEST APRIL HAD AN AVERAGE TEMPERATURE OF 78.0 DEGREES
WHICH OCCURRED IN 2015 AND THE COOLEST APRIL HAD AN AVERAGE
TEMPERATURE OF 66.3 DEGREES IN 1987.

THE APRIL 2019 MONTHLY RAINFALL TOTAL OF 2.68 INCHES RANKS AS
THE 35TH WETTEST/96TH DRIEST APRIL SINCE RECORDS BEGAN IN 1890.


-  INDICATES NEGATIVE NUMBERS.
R  INDICATES RECORD WAS SET OR TIED.
MM INDICATES DATA IS MISSING.
T  INDICATES TRACE AMOUNT.

$$
