000
CXUS52 KTBW 071245
CLMTPA


CLIMATE REPORT
NATIONAL WEATHER SERVICE TAMPA BAY FL
845 AM EDT WED AUG 7 2019

...................................

...THE TAMPA CLIMATE SUMMARY FOR THE MONTH OF JULY 2019...

CLIMATE NORMAL PERIOD 1981 TO 2010
CLIMATE RECORD PERIOD 1890 TO 2019

WEATHER         OBSERVED          NORMAL  DEPART  LAST YEAR`S
                 VALUE   DATE(S)  VALUE   FROM    VALUE  DATE(S)
                                          NORMAL
................................................................
TEMPERATURE (F)
ALL-TIME JULY RECORD
 HIGH              98   07/21/1942
                        07/20/1942
 LOW               62   07/14/1890

JULY 2019
HIGHEST            94   07/14        MM      MM       94  07/16
                        07/02
LOWEST             72   07/19        MM      MM       72  07/23
                                                          07/04
AVG. MAXIMUM     90.1              90.1     0.0     90.7
AVG. MINIMUM     76.1              75.9     0.2     77.5
MEAN             83.1              83.0     0.1     84.1
DAYS MAX >= 90     21              17.0     4.0       22
DAYS MAX <= 32      0               0.0     0.0        0
DAYS MIN <= 32      0               0.0     0.0        0
DAYS MIN <= 0       0               0.0     0.0        0

PRECIPITATION (INCHES)
ALL-TIME JULY RECORD
 MAXIMUM        20.59   1960
 MINIMUM         1.65   1981

JULY 2019
TOTALS          11.01              7.07    3.94     6.04
DAILY AVG.       0.36              0.23    0.13     0.19
DAYS >= .01        21              15.9     5.1       21
DAYS >= .10        17              10.6     6.4       13
DAYS >= .50         5               4.8     0.2        4
DAYS >= 1.00        2               2.1    -0.1        1
GREATEST
 24 HR. TOTAL    3.66   07/09 TO 07/09

DEGREE_DAYS
HEATING TOTAL       0                 0       0        0
 SINCE 7/1          0                 0       0        0
COOLING TOTAL     570               558      12      599
 SINCE 1/1       2320              1951     369     2326
.................................................................

WIND (MPH)
AVERAGE WIND SPEED              5.7
HIGHEST WIND SPEED/DIRECTION    30/110    DATE  07/19
HIGHEST GUST SPEED/DIRECTION    43/120    DATE  07/19

SKY COVER
POSSIBLE SUNSHINE (PERCENT)   MM
AVERAGE SKY COVER           0.60
NUMBER OF DAYS FAIR            0
NUMBER OF DAYS PC             23
NUMBER OF DAYS CLOUDY          8

AVERAGE RH (PERCENT)     73

WEATHER CONDITIONS. NUMBER OF DAYS WITH
THUNDERSTORM             28     MIXED PRECIP                0
HEAVY RAIN                6     RAIN                       13
LIGHT RAIN               24     FREEZING RAIN               0
LT FREEZING RAIN          0     HAIL                        0
HEAVY SNOW                0     SNOW                        0
LIGHT SNOW                0     SLEET                       0
FOG                      15     FOG W/VIS <= 1/4 MILE       1
HAZE                     10
.................................................................

REMARKS
THE JULY 2019 MONTHLY AVERAGE TEMPERATURE OF 83.1 DEGREES TIES
WITH 1987...1975...1969...1958 AND 1940 AS THE 24TH WARMEST JULY
SINCE RECORDS BEGAN IN 1890. THE WARMEST JULY HAD AN AVERAGE
TEMPERATURE OF 84.9 DEGREES WHICH OCCURRED IN 2016 AND 1932 AND
THE COOLEST JULY HAD AN AVERAGE TEMPERATURE OF 79.7 DEGREES IN
1899.

THE JUNE 2019 MONTHLY RAINFALL TOTAL OF 11.01 INCHES RANKS AS
THE 21ST WETTEST JULY SINCE RECORDS BEGAN IN 1890.


-  INDICATES NEGATIVE NUMBERS.
R  INDICATES RECORD WAS SET OR TIED.
MM INDICATES DATA IS MISSING.
T  INDICATES TRACE AMOUNT.

$$
