000
CXUS55 KLKN 021321
CLMTPH

CLIMATE REPORT
NATIONAL WEATHER SERVICE ELKO NV
620 AM PDT THU MAY 2 2019

...................................

...THE TONOPAH AIRPORT NV CLIMATE SUMMARY FOR THE MONTH OF APRIL
2019...

CLIMATE NORMAL PERIOD 1981 TO 2010
CLIMATE RECORD PERIOD 1954 TO 2019

WEATHER         OBSERVED          NORMAL  DEPART  LAST YEAR`S
                 VALUE   DATE(S)  VALUE   FROM    VALUE  DATE(S)
                                          NORMAL
................................................................
TEMPERATURE (F)
RECORD
 HIGH              88   04/30/1981
 LOW                9   04/02/1958
HIGHEST            82   04/25        79       3       84  04/26
LOWEST             29   04/13        23       6       26  04/18
AVG. MAXIMUM     67.4              64.4     3.0     68.7
AVG. MINIMUM     39.4              34.6     4.8     38.6
MEAN             53.4              49.5     3.9     53.6
DAYS MAX >= 90      0               0.0     0.0        0
DAYS MAX <= 32      0               0.0     0.0        0
DAYS MIN <= 32      3              10.7    -7.7        6
DAYS MIN <= 0       0               0.0     0.0        0

PRECIPITATION (INCHES)
RECORD
 MAXIMUM         2.13   1988
 MINIMUM         0.00   2008
                        1997
                        1993
TOTALS           0.13              0.42   -0.29        T
DAILY AVG.       0.00              0.01   -0.01        T
DAYS >= .01         4               3.5     0.5        0
DAYS >= .10         0               1.4    -1.4        0
DAYS >= .50         0               0.1    -0.1        0
DAYS >= 1.00        0               0.0     0.0        0
GREATEST
 24 HR. TOTAL    0.04   04/05 TO 04/05                 T

DEGREE_DAYS
HEATING TOTAL     341               466    -125      336
 SINCE 7/1       4878              5193    -315     4640
COOLING TOTAL       1                 1       0        2
 SINCE 1/1          1                 1       0        2
.................................................................

WIND (MPH)
AVERAGE WIND SPEED              11.6
HIGHEST WIND SPEED/DIRECTION    49/320    DATE  04/10
HIGHEST GUST SPEED/DIRECTION    56/330    DATE  04/10

AVERAGE RH (PERCENT)     42

WEATHER CONDITIONS. NUMBER OF DAYS WITH
THUNDERSTORM              2     MIXED PRECIP               0
HEAVY RAIN                0     RAIN                       0
LIGHT RAIN                4     FREEZING RAIN              0
LT FREEZING RAIN          0     HAIL                       0
HEAVY SNOW                0     SNOW                       0
LIGHT SNOW                0     SLEET                      0
FOG                       0     FOG W/VIS <= 1/4 MILE      0
HAZE                      0

-  INDICATES NEGATIVE NUMBERS.
R  INDICATES RECORD WAS SET OR TIED.
MM INDICATES DATA IS MISSING.
T  INDICATES TRACE AMOUNT.

$$
=====================================================================
...APRIL IN TONOPAH WAS 9TH WARMEST WITH BELOW NORMAL
PRECIPITATION...
...TONOPAH AIRPORT SET A RECORD HIGH TEMPERATURE OF 82 DEGREES ON
APRIL 25TH. THIS BROKE THE OLD RECORD OF 81 SET IN 2018...

THE AVERAGE TEMPERATURE IN TONOPAH DURING APRIL 2019 WAS 53.4
DEGREES... WHICH IS 3.9 DEGREES ABOVE THE 1981-2010 CLIMATOLOGICAL
NORMAL OF 49.5 DEGREES. THIS MAKES APRIL 2019 THE 9TH WARMEST ON
RECORD.  THE TOTAL PRECIPITATION WAS 0.13 INCHES... WHICH IS 0.29
INCHES BELOW THE 1981-2010 CLIMATOLOGICAL NORMAL OF 0.42 INCHES.
THIS MAKES APRIL 2019 THE 21ST DRIEST ON RECORD, AT 31 PERCENT OF
NORMAL PRECIPITATION.

$$
DTK
