000
CXUS54 KMRX 022149
CLMTRI


CLIMATE REPORT
NATIONAL WEATHER SERVICE MORRISTOWN TN
549 PM EDT THU MAY 2 2019

...................................

...THE TRI-CITIES      ASOS CLIMATE SUMMARY FOR THE MONTH OF APRIL 2019...

CLIMATE NORMAL PERIOD 1981 TO 2010
CLIMATE RECORD PERIOD 1937 TO 2019

WEATHER         OBSERVED          NORMAL  DEPART
                 VALUE   DATE(S)  VALUE   FROM
                                          NORMAL
................................................
TEMPERATURE (F)
HIGHEST            84   04/30
                        04/18
LOWEST             26   04/01
AVG. MAXIMUM     71.8              68.0     3.8
AVG. MINIMUM     45.9              42.4     3.5
MEAN             58.8              55.2     3.6
DAYS MAX >= 90      0
DAYS MAX <= 32      0
DAYS MIN <= 32      2
DAYS MIN <= 0       0

PRECIPITATION (INCHES)
RECORD
 MAXIMUM         7.03   1998
 MINIMUM         0.21   1976
TOTALS           5.16              3.33    1.83
DAYS >= .01         8
DAYS >= .10         6
DAYS >= .50         3
DAYS >= 1.00        1
GREATEST
 24 HR. TOTAL    2.89   04/19 TO 04/19

SNOWFALL (INCHES)
TOTALS            0.0               1.1    -1.1
SINCE 7/1        13.7
SNOWDEPTH AVG.      0
DAYS >= TRACE       0
GREATEST
 SNOW DEPTH         0   MM

DEGREE_DAYS
HEATING TOTAL     192               304    -112
 SINCE 7/1       3730              4254    -524
COOLING TOTAL      15                10       5
 SINCE 1/1         17                11       6
.................................................


WEATHER CONDITIONS. NUMBER OF DAYS WITH
THUNDERSTORM              3     RAIN                       6
SNOW                      0     FOG                       12
FOG W/VIS <= 1/4 MILE     2

-  INDICATES NEGATIVE NUMBERS.
R  INDICATES RECORD WAS SET OR TIED.
MM INDICATES DATA IS MISSING.
T  INDICATES TRACE AMOUNT.

$$
