000
CXUS54 KMRX 011240
CLMTRI


CLIMATE REPORT
NATIONAL WEATHER SERVICE MORRISTOWN TN
840 AM EDT THU AUG 1 2019

...................................

...THE TRI-CITIES      ASOS CLIMATE SUMMARY FOR THE MONTH OF JULY 2019...

CLIMATE NORMAL PERIOD 1981 TO 2010
CLIMATE RECORD PERIOD 1937 TO 2019

WEATHER         OBSERVED          NORMAL  DEPART
                 VALUE   DATE(S)  VALUE   FROM
                                          NORMAL
................................................
TEMPERATURE (F)
HIGHEST            92   07/16
LOWEST             54   07/25
AVG. MAXIMUM     87.5              85.5     2.0
AVG. MINIMUM     65.9              63.8     2.1
MEAN             76.7              74.6     2.1
DAYS MAX >= 90     11
DAYS MAX <= 32      0
DAYS MIN <= 32      0
DAYS MIN <= 0       0

PRECIPITATION (INCHES)
RECORD
 MAXIMUM        12.70   2012
 MINIMUM         0.67   1995
TOTALS           3.35              4.69   -1.34
DAYS >= .01         9
DAYS >= .10         7
DAYS >= .50         3
DAYS >= 1.00        0
GREATEST
 24 HR. TOTAL    0.91   07/23 TO 07/23

SNOWFALL (INCHES)
TOTALS            0.0               0.0     0.0
SINCE 7/1         0.0
SNOWDEPTH AVG.      0
DAYS >= TRACE       0
GREATEST
 SNOW DEPTH         0   MM

DEGREE_DAYS
HEATING TOTAL       0                 0       0
 SINCE 7/1          0                 0       0
COOLING TOTAL     369               299      70
 SINCE 1/1        767               578     189
.................................................


WEATHER CONDITIONS. NUMBER OF DAYS WITH
THUNDERSTORM             12     RAIN                       5
SNOW                      0     FOG                       28
FOG W/VIS <= 1/4 MILE     6

-  INDICATES NEGATIVE NUMBERS.
R  INDICATES RECORD WAS SET OR TIED.
MM INDICATES DATA IS MISSING.
T  INDICATES TRACE AMOUNT.

$$
