000
CXUS56 KSGX 011453
CLMTRM


CLIMATE REPORT
NATIONAL WEATHER SERVICE SAN DIEGO, CA
752 AM PDT THU AUG 1 2019

...................................

...THE THERMAL AIRPORT CA CLIMATE SUMMARY FOR THE MONTH OF JULY 2019...

CLIMATE NORMAL PERIOD 1981 TO 2010
CLIMATE RECORD PERIOD 1950 TO 2019

WEATHER         OBSERVED          NORMAL  DEPART  LAST YEAR`S
                 VALUE   DATE(S)  VALUE   FROM    VALUE  DATE(S)
                                          NORMAL
................................................................
TEMPERATURE (F)
RECORD
 HIGH             126   07/28/1995
 LOW               57   07/06/1994
HIGHEST           118   07/15       108      10      122  07/24
                                                          07/23
LOWEST             67   07/09        75      -8       68  07/01
AVG. MAXIMUM    110.2             107.0     3.2    111.6
AVG. MINIMUM     77.8              73.7     4.1     82.6
MEAN             94.0              90.3     3.7     97.1
DAYS MAX >= 90     29              31.0    -2.0       31
DAYS MAX <= 32      0               0.0     0.0        0
DAYS MIN <= 32      0               0.0     0.0        0

PRECIPITATION (INCHES)
RECORD
 MAXIMUM         2.01   1979
 MINIMUM         0.00   2016
                        2007
                        2006
TOTALS           0.44              0.14    0.30        T
DAILY AVG.       0.02              0.00    0.02        T
DAYS >= .01         1               0.6     0.4        0
DAYS >= .10         1               0.2     0.8        0
DAYS >= .50         0               0.1    -0.1        0
DAYS >= 1.00        0               0.0     0.0        0
GREATEST
 24 HR. TOTAL    0.44   07/23 TO 07/23           07/31 TO 07/31
                                                          07/18 TO 07/18EATHER         OBSERVED          NORMAL  DEPART  LAST YEAR`S
                                                          07/10 TO 07/10EATHER         OBSERVED          NORMAL  DEPART  LAST YEAR`S
 STORM TOTAL       MM                                 MM
 (MM/DD(HH))            MM                    07/31(00) TO 07/31(00)
                                                 07/18(00) TO 07/18(00)0EATHER         OBSERVED          NORMAL  DEPART  LAST YEAR`S
                                                 07/10(00) TO 07/10(00)0EATHER         OBSERVED          NORMAL  DEPART  LAST YEAR`S

DEGREE_DAYS
HEATING TOTAL       0                 0       0        0
 SINCE 7/1          0                 0       0        0
COOLING TOTAL     820               786      34     1002
 SINCE 1/1       2434              2067     367     2807

FREEZE DATES
RECORD
 EARLIEST     10/30/1971
 LATEST       04/10/1999
EARLIEST                        12/02
LATEST                          02/06
.................................................................

WIND (MPH)
AVERAGE WIND SPEED              7.7
RESULTANT WIND SPEED/DIRECTION   2/334
HIGHEST WIND SPEED/DIRECTION    35/270    DATE  07/23
HIGHEST GUST SPEED/DIRECTION    46/270    DATE  07/23

SKY COVER
POSSIBLE SUNSHINE (PERCENT)   MM
AVERAGE SKY COVER           0.00
NUMBER OF DAYS FAIR           29
NUMBER OF DAYS PC              0
NUMBER OF DAYS CLOUDY          0

AVERAGE RH (PERCENT)     29

WEATHER CONDITIONS. NUMBER OF DAYS WITH
  0
  0
  0
  0
  0
  0
  0
HAZE                      4

-  INDICATES NEGATIVE NUMBERS.
R  INDICATES RECORD WAS SET OR TIED.
MM INDICATES DATA IS MISSING.
T  INDICATES TRACE AMOUNT.

$$
