000
CXUS51 KPHI 031136
CLMTTN


CLIMATE REPORT
NATIONAL WEATHER SERVICE MOUNT HOLLY NJ
732 AM EDT SAT AUG 3 2019

...................................

...THE TRENTON NJ CLIMATE SUMMARY FOR THE MONTH OF JULY 2019...

CLIMATE NORMAL PERIOD 1981 TO 2010
CLIMATE RECORD PERIOD 1865 TO 2019

WEATHER         OBSERVED          NORMAL  DEPART  LAST YEAR`S
                 VALUE   DATE(S)  VALUE   FROM    VALUE
                                          NORMAL
.............................................................
TEMPERATURE (F)
RECORD
 HIGH             106   07/22/2011
                        07/09/1936
                        08/07/1918
 LOW               48   07/01/1988
HIGHEST            97                MM      MM       98
LOWEST             61                MM      MM       55
AVG. MAXIMUM     87.8              85.3     2.5     87.2
AVG. MINIMUM     68.3              66.0     2.3     67.5
MEAN             78.0              75.7     2.3     77.4
DAYS MAX >= 90     11               6.9     4.1        8
DAYS MAX <= 32      0               0.0     0.0        0
DAYS MIN <= 32      0               0.0     0.0        0
DAYS MIN <= 0       0               0.0     0.0        0

PRECIPITATION (INCHES)
RECORD
 MAXIMUM        15.22   1880
 MINIMUM         0.37   1944
TOTALS           7.06              4.95    2.11     5.65
DAILY AVG.       0.23              0.16    0.07     0.18
DAYS >= .01        11                MM      MM       10
DAYS >= .10         8                MM      MM        9
DAYS >= .50         3                MM      MM        5
DAYS >= 1.00        2                MM      MM        2
GREATEST
 24 HR. TOTAL    2.41   07/11 TO 07/11              1.43

DEGREE_DAYS
HEATING TOTAL       0                 0       0        0
 SINCE 7/1          0                 0       0        0
COOLING TOTAL     413               330      83      389
 SINCE 1/1        690               577     113      727
..............................................................

WIND (MPH)
AVERAGE WIND SPEED              5.1
HIGHEST WIND SPEED/DIRECTION    30/250    DATE  07/31
HIGHEST GUST SPEED/DIRECTION    51/260    DATE  07/31

SKY COVER
POSSIBLE SUNSHINE (PERCENT)   MM
AVERAGE SKY COVER           0.30
NUMBER OF DAYS FAIR           19
NUMBER OF DAYS PC             10
NUMBER OF DAYS CLOUDY          2

AVERAGE RH (PERCENT)     72

WEATHER CONDITIONS. NUMBER OF DAYS WITH
THUNDERSTORM             11     MIXED PRECIP               0
HEAVY RAIN                8     RAIN                       8
LIGHT RAIN               14     FREEZING RAIN              0
LT FREEZING RAIN          0     HEAVY SNOW                 0
SNOW                      0     LIGHT SNOW                 0
SLEET                     0     FOG                       15
FOG W/VIS <= 1/4 MILE     2     HAZE                       3

-  INDICATES NEGATIVE NUMBERS.
R  INDICATES RECORD WAS SET OR TIED.
MM INDICATES DATA IS MISSING.
T  INDICATES TRACE AMOUNT.

$$
