000
CXUS51 KPHI 021513
CLMTTN


CLIMATE REPORT
NATIONAL WEATHER SERVICE MOUNT HOLLY NJ
1109 AM EDT THU MAY 2 2019

...................................

...THE TRENTON NJ CLIMATE SUMMARY FOR THE MONTH OF APRIL 2019...

CLIMATE NORMAL PERIOD 1981 TO 2010
CLIMATE RECORD PERIOD 1865 TO 2019

WEATHER         OBSERVED          NORMAL  DEPART  LAST YEAR`S
                 VALUE   DATE(S)  VALUE   FROM    VALUE
                                          NORMAL
.............................................................
TEMPERATURE (F)
RECORD
 HIGH              93   04/17/2002
                        04/18/1976
                        04/27/1915
 LOW               11   04/01/1923
HIGHEST            79                MM      MM       83
LOWEST             28                MM      MM       26
AVG. MAXIMUM     65.9              61.4     4.5     58.9
AVG. MINIMUM     45.2              41.0     4.2     38.9
MEAN             55.6              51.2     4.4     48.9
DAYS MAX >= 90      0               0.2    -0.2        0
DAYS MAX <= 32      0               0.1    -0.1        0
DAYS MIN <= 32      2               2.8    -0.8        7
DAYS MIN <= 0       0               0.0     0.0        0

PRECIPITATION (INCHES)
RECORD
 MAXIMUM         9.96   2007
 MINIMUM         0.10   1990
TOTALS           4.05              3.54    0.51     3.57
DAILY AVG.       0.14              0.12    0.02     0.12
DAYS >= .01        15                MM      MM       13
DAYS >= .10         7                MM      MM        7
DAYS >= .50         3                MM      MM        1
DAYS >= 1.00        1                MM      MM        1
GREATEST
 24 HR. TOTAL    1.04   04/26 TO 04/26              1.85

DEGREE_DAYS
HEATING TOTAL     282               422    -140      484
 SINCE 7/1       4613              4968    -355     4765
COOLING TOTAL      10                 8       2        6
 SINCE 1/1         10                 8       2        9
..............................................................

WIND (MPH)
AVERAGE WIND SPEED              8.3
HIGHEST WIND SPEED/DIRECTION    30/260    DATE  04/15
HIGHEST GUST SPEED/DIRECTION    45/270    DATE  04/15

SKY COVER
POSSIBLE SUNSHINE (PERCENT)   MM
AVERAGE SKY COVER           0.50
NUMBER OF DAYS FAIR           12
NUMBER OF DAYS PC             10
NUMBER OF DAYS CLOUDY          8

AVERAGE RH (PERCENT)     64

WEATHER CONDITIONS. NUMBER OF DAYS WITH
THUNDERSTORM              4     MIXED PRECIP               0
HEAVY RAIN                5     RAIN                       7
LIGHT RAIN               21     FREEZING RAIN              0
LT FREEZING RAIN          0     HEAVY SNOW                 0
SNOW                      0     LIGHT SNOW                 0
SLEET                     0     FOG                       14
FOG W/VIS <= 1/4 MILE     1     HAZE                       0

-  INDICATES NEGATIVE NUMBERS.
R  INDICATES RECORD WAS SET OR TIED.
MM INDICATES DATA IS MISSING.
T  INDICATES TRACE AMOUNT.

$$
