000
CXUS54 KTSA 011127
CLMTUL

CLIMATE REPORT
NATIONAL WEATHER SERVICE TULSA OK
626 AM CDT WED MAY 1 2019

...................................

...THE TULSA OKLAHOMA CLIMATE SUMMARY FOR THE MONTH OF APRIL 2019...

CLIMATE NORMAL PERIOD 1981 TO 2010
CLIMATE RECORD PERIOD 1882 TO 2019

WEATHER         OBSERVED          NORMAL  DEPART  LAST YEAR`S
                 VALUE   DATE(S)  VALUE   FROM    VALUE  DATE(S)
                                          NORMAL
................................................................
TEMPERATURE (F)
RECORD
 HIGH             102   04/12/1972
 LOW               22   04/13/1957
                        04/02/1936
                        04/05/1920
HIGHEST            89   04/10        72      17       86  04/17
LOWEST             36   04/12        49     -13       25  04/07
                        04/01
AVG. MAXIMUM     74.2              71.8     2.4     66.6
AVG. MINIMUM     51.5              49.3     2.2     41.6
MEAN             62.9              60.6     2.3     54.1
DAYS MAX >= 90      0               0.5    -0.5        0
DAYS MAX <= 32      0               0.0     0.0        0
DAYS MIN <= 32      0               0.7    -0.7        9
DAYS MIN <= 0       0               0.0     0.0        0

PRECIPITATION (INCHES)
RECORD
 MAXIMUM        10.44   2017
 MINIMUM         0.34   1989
TOTALS           5.34              3.79    1.55     1.76
DAILY AVG.       0.18              0.13    0.05     0.06
DAYS >= .01         7               8.5    -1.5        7
DAYS >= .10         3               6.1    -3.1        2
DAYS >= .50         2               2.7    -0.7        1
DAYS >= 1.00        2               1.2     0.8        1
GREATEST
 24 HR. TOTAL    3.15   04/30 TO 04/30

SNOWFALL (INCHES)
RECORDS
 TOTAL            1.7   1957
TOTALS            0.0                 T     0.0      0.1
SINCE 7/1         2.9               9.6    -6.7      2.1
SNOWDEPTH AVG.      0                MM      MM        0
DAYS >= 1.0         0               0.0     0.0        0
GREATEST
 SNOW DEPTH         0   MM                             0  MM
 24 HR TOTAL      0.0   04/30 TO 04/30

DEGREE_DAYS
HEATING TOTAL     122               186     -64      339
 SINCE 7/1       3701              3535     166     3416
COOLING TOTAL      65                53      12       21
 SINCE 1/1         68                65       3       29
.................................................................

WIND (MPH)
AVERAGE WIND SPEED              11.0
HIGHEST WIND SPEED/DIRECTION    36/170    DATE  04/10
HIGHEST GUST SPEED/DIRECTION    48/180    DATE  04/10

SKY COVER
POSSIBLE SUNSHINE (PERCENT)   MM
AVERAGE SKY COVER           0.60
NUMBER OF DAYS FAIR            5
NUMBER OF DAYS PC             13
NUMBER OF DAYS CLOUDY         12

AVERAGE RH (PERCENT)     63

WEATHER CONDITIONS. NUMBER OF DAYS WITH
THUNDERSTORM              3     MIXED PRECIP                0
HEAVY RAIN                1     RAIN                        3
LIGHT RAIN                9     FREEZING RAIN               0
LT FREEZING RAIN          0     HAIL                        0
HEAVY SNOW                0     SNOW                        0
LIGHT SNOW                0     SLEET                       0
FOG                       8     FOG W/VIS <= 1/4 MILE       1
HAZE                      1

-  INDICATES NEGATIVE NUMBERS.
R  INDICATES RECORD WAS SET OR TIED.
MM INDICATES DATA IS MISSING.
T  INDICATES TRACE AMOUNT.

&&
-------------------------------------------------------------------
 YEARLY PRECIPITATION (INCHES):
 TOTAL.....................14.21
 DEPARTURE FROM NORMAL.....+3.62
$$
