632
CXUS54 KMEG 031848
CLMTUP


CLIMATE REPORT
NATIONAL WEATHER SERVICE MEMPHIS TN
146 PM CDT SAT AUG 3 2019

...................................

...THE TUPELO CLIMATE SUMMARY FOR THE MONTH OF JULY 2019...

CLIMATE NORMAL PERIOD 1981 TO 2010
CLIMATE RECORD PERIOD 1930 TO 2019

WEATHER         OBSERVED          NORMAL  DEPART  LAST YEAR`S
                 VALUE   DATE(S)  VALUE   FROM    VALUE  DATE(S)
                                          NORMAL
................................................................
TEMPERATURE (F)
RECORD
 HIGH             109   07/29/1930
 LOW               50   07/01/1937
HIGHEST            97   07/10        91       6       96  07/12
                        07/09
LOWEST             60   07/25        71     -11       67  07/28
AVG. MAXIMUM     91.5              91.7    -0.2     91.9
AVG. MINIMUM     72.4              71.2     1.2     72.8
MEAN             81.9              81.4     0.5     82.4
DAYS MAX >= 90     23              20.7     2.3       25
DAYS MAX <= 32      0               0.0     0.0        0
DAYS MIN <= 32      0               0.0     0.0        0
DAYS MIN <= 0       0               0.0     0.0        0

PRECIPITATION (INCHES)
RECORD
 MAXIMUM        12.24   1964
 MINIMUM         0.48   1986
TOTALS          10.23              3.90    6.33     3.05
DAILY AVG.       0.33              0.13    0.20     0.10
DAYS >= .01        12               9.0     3.0       11
DAYS >= .10        10               6.4     3.6        6
DAYS >= .50         7               3.0     4.0        2
DAYS >= 1.00        4               0.9     3.1        1
GREATEST
 24 HR. TOTAL    2.31   07/15 TO 07/15

SNOWFALL (INCHES)
RECORDS
 TOTAL             MM   MM
TOTALS            0.0               0.0     0.0      0.0
SINCE 7/1         0.0               0.0     0.0      0.0
SNOWDEPTH AVG.      0                MM      MM        0
DAYS >= 1.0         0               0.0     0.0        0
GREATEST
 SNOW DEPTH         0   MM                             0  MM
 24 HR TOTAL      0.0   07/31 TO 07/31

DEGREE_DAYS
HEATING TOTAL       0                 0       0        0
 SINCE 7/1          0                 0       0        0
COOLING TOTAL     535               510      25      546
 SINCE 1/1       1302              1182     120     1395
.................................................................

WIND (MPH)
AVERAGE WIND SPEED              4.8
HIGHEST WIND SPEED/DIRECTION    23/200    DATE  07/01
HIGHEST GUST SPEED/DIRECTION    31/170    DATE  07/01

SKY COVER
POSSIBLE SUNSHINE (PERCENT)   MM
AVERAGE SKY COVER           0.30
NUMBER OF DAYS FAIR           20
NUMBER OF DAYS PC             11
NUMBER OF DAYS CLOUDY          0

AVERAGE RH (PERCENT)     71

WEATHER CONDITIONS. NUMBER OF DAYS WITH
  0
  9
  0
  0
  0
  0
  2
HAZE                      2

-  INDICATES NEGATIVE NUMBERS.
R  INDICATES RECORD WAS SET OR TIED.
MM INDICATES DATA IS MISSING.
T  INDICATES TRACE AMOUNT.

$$
