000
CXUS54 KMEG 041517
CLMTUP


CLIMATE REPORT
NATIONAL WEATHER SERVICE MEMPHIS TN
1015 AM CDT SAT MAY 4 2019

...................................

...THE TUPELO CLIMATE SUMMARY FOR THE MONTH OF APRIL 2019...

CLIMATE NORMAL PERIOD 1981 TO 2010
CLIMATE RECORD PERIOD 1930 TO 2019

WEATHER         OBSERVED          NORMAL  DEPART  LAST YEAR`S
                 VALUE   DATE(S)  VALUE   FROM    VALUE  DATE(S)
                                          NORMAL
................................................................
TEMPERATURE (F)
RECORD
 HIGH              93   04/18/2006
 LOW               29   04/08/2018
HIGHEST            84   04/30        74      10       85  04/03
                        04/29
                        04/11
LOWEST             30   04/01        51     -21       29  04/08
AVG. MAXIMUM     74.7              74.1     0.6     69.9
AVG. MINIMUM     51.8              50.2     1.6     45.5
MEAN             63.3              62.1     1.2     57.7
DAYS MAX >= 90      0               0.4    -0.4        0
DAYS MAX <= 32      0               0.0     0.0        0
DAYS MIN <= 32      1               0.8     0.2        1
DAYS MIN <= 0       0               0.0     0.0        0

PRECIPITATION (INCHES)
RECORD
 MAXIMUM        12.16   1991
 MINIMUM         0.46   1986
TOTALS           8.83              4.78    4.05     7.49
DAILY AVG.       0.29              0.16    0.13     0.25
DAYS >= .01        13               9.5     3.5        8
DAYS >= .10        11               6.6     4.4        5
DAYS >= .50         5               3.2     1.8        5
DAYS >= 1.00        4               1.6     2.4        4
GREATEST
 24 HR. TOTAL    1.86   04/08 TO 04/08

SNOWFALL (INCHES)
RECORDS
 TOTAL            0.4   1987
TOTALS            0.0                 T     0.0      0.0
SINCE 7/1           T               2.1    -2.1      0.8
SNOWDEPTH AVG.      0                MM      MM        0
DAYS >= 1.0         0               0.0     0.0        0
GREATEST
 SNOW DEPTH         0   MM                             0  MM
 24 HR TOTAL      0.0   04/30 TO 04/30

DEGREE_DAYS
HEATING TOTAL      97               146     -49      222
 SINCE 7/1       2731              2932    -201     2891
COOLING TOTAL      51                60      -9       10
 SINCE 1/1         66                76     -10       40
.................................................................

WIND (MPH)
AVERAGE WIND SPEED              6.1
HIGHEST WIND SPEED/DIRECTION    26/140    DATE  04/13
HIGHEST GUST SPEED/DIRECTION    39/120    DATE  04/13

SKY COVER
POSSIBLE SUNSHINE (PERCENT)   MM
AVERAGE SKY COVER           0.30
NUMBER OF DAYS FAIR           19
NUMBER OF DAYS PC              6
NUMBER OF DAYS CLOUDY          5

AVERAGE RH (PERCENT)     68

WEATHER CONDITIONS. NUMBER OF DAYS WITH
  0
  9
  0
  0
  0
  0
  1
HAZE                      2

-  INDICATES NEGATIVE NUMBERS.
R  INDICATES RECORD WAS SET OR TIED.
MM INDICATES DATA IS MISSING.
T  INDICATES TRACE AMOUNT.

$$
