009
CXUS54 KMEG 022047
CLMTUP


CLIMATE REPORT
NATIONAL WEATHER SERVICE MEMPHIS TN
345 PM CDT WED OCT 2 2019

...................................

...THE TUPELO CLIMATE SUMMARY FOR THE MONTH OF SEPTEMBER 2019...

CLIMATE NORMAL PERIOD 1981 TO 2010
CLIMATE RECORD PERIOD 1930 TO 2019

WEATHER         OBSERVED          NORMAL  DEPART  LAST YEAR`S
                 VALUE   DATE(S)  VALUE   FROM    VALUE  DATE(S)
                                          NORMAL
................................................................
TEMPERATURE (F)
RECORD
 HIGH             104   09/16/1980
 LOW               35   09/24/1983
HIGHEST            99   09/18        85      14       98  09/19
                        09/17
LOWEST             62   09/21        63      -1       59  09/29
AVG. MAXIMUM     94.2              85.5     8.7     87.9
AVG. MINIMUM     69.5              62.8     6.7     69.7
MEAN             81.9              74.1     7.8     78.8
DAYS MAX >= 90     28               7.9    20.1       18
DAYS MAX <= 32      0               0.0     0.0        0
DAYS MIN <= 32      0               0.0     0.0        0
DAYS MIN <= 0       0               0.0     0.0        0

PRECIPITATION (INCHES)
RECORD
 MAXIMUM        10.65   2002
 MINIMUM         0.05   1999
TOTALS           0.01R             3.44   -3.43     6.92
DAILY AVG.       0.00              0.11   -0.11     0.23
DAYS >= .01         1               6.5    -5.5       12
DAYS >= .10         0               4.4    -4.4        7
DAYS >= .50         0               2.0    -2.0        5
DAYS >= 1.00        0               1.1    -1.1        1
GREATEST
 24 HR. TOTAL    0.01   09/14 TO 09/14

SNOWFALL (INCHES)
RECORDS
 TOTAL            0.0   2002
                        2001
TOTALS            0.0               0.0     0.0      0.0
SINCE 7/1         0.0               0.0     0.0      0.0
SNOWDEPTH AVG.      0                MM      MM        0
DAYS >= 1.0         0               0.0     0.0        0
GREATEST
 SNOW DEPTH         0   MM                             0  MM
 24 HR TOTAL      0.0   09/30 TO 09/30

DEGREE_DAYS
HEATING TOTAL       0                12     -12        0
 SINCE 7/1          0                12     -12        0
COOLING TOTAL     515               286     229      421
 SINCE 1/1       2348              1958     390     2325
.................................................................

WIND (MPH)
AVERAGE WIND SPEED              3.7
HIGHEST WIND SPEED/DIRECTION    18/150    DATE  09/19
HIGHEST GUST SPEED/DIRECTION    26/210    DATE  09/28

SKY COVER
POSSIBLE SUNSHINE (PERCENT)   MM
AVERAGE SKY COVER           0.10
NUMBER OF DAYS FAIR           29
NUMBER OF DAYS PC              1
NUMBER OF DAYS CLOUDY          0

AVERAGE RH (PERCENT)     64

WEATHER CONDITIONS. NUMBER OF DAYS WITH
  0
  0
  0
  0
  0
  0
  0
HAZE                      7

-  INDICATES NEGATIVE NUMBERS.
R  INDICATES RECORD WAS SET OR TIED.
MM INDICATES DATA IS MISSING.
T  INDICATES TRACE AMOUNT.

$$
