000
CXUS55 KTWC 020103 CCA
CLMTUS

CLIMATE REPORT
NATIONAL WEATHER SERVICE TUCSON AZ
600 PM MST SUN APR 1 2018

...................................

...THE TUCSON AZ CLIMATE SUMMARY FOR THE MONTH OF MARCH 2018...

CLIMATE NORMAL PERIOD 1981 TO 2010
CLIMATE RECORD PERIOD 1895 TO 2018

WEATHER         OBSERVED          NORMAL  DEPART  LAST YEAR`S
                 VALUE   DATE(S)  VALUE   FROM    VALUE  DATE(S)
                                          NORMAL
................................................................
TEMPERATURE (F)
RECORD
 HIGH              99   03/26/1988
 LOW               20   03/04/1965
HIGHEST            91   03/22        87       4       94  03/20
                                                          03/19
                                                          03/18
LOWEST             34   03/01        34       0       40  03/07
                                                          03/02
                                                          03/01
AVG. MAXIMUM     77.0              74.1     2.9     83.3
AVG. MINIMUM     48.9              46.2     2.7     52.4
MEAN             63.0              60.1     2.9     67.9
DAYS MAX >= 90      1               0.6     0.4       10
DAYS MAX <= 32      0               0.0     0.0        0
DAYS MIN <= 32      0               0.3    -0.3        0
DAYS MIN <= 0       0               0.0     0.0        0

PRECIPITATION (INCHES)
RECORD
 MAXIMUM         3.88   1905
 MINIMUM         0.00   1984
                        1956
                        1933
TOTALS              T              0.73   -0.73     0.21
DAILY AVG.          T              0.02   -0.02     0.01
DAYS >= .01         0               3.9    -3.9        1
DAYS >= .10         0               2.1    -2.1        1
DAYS >= .50         0               0.5    -0.5        0
DAYS >= 1.00        0               0.0     0.0        0
GREATEST
 24 HR. TOTAL       T   03/18 TO 03/18           03/28 TO 03/28
                        03/11 TO 03/11                    03/31 TO 03/31
                        03/10 TO 03/10                    03/31 TO 03/31

DEGREE_DAYS
HEATING TOTAL     103               179     -76       47
 SINCE 7/1        732              1446    -714      928
COOLING TOTAL      44                29      15      144
 SINCE 1/1         48                33      15      153
.................................................................

WIND (MPH)
AVERAGE WIND SPEED              6.8
HIGHEST WIND SPEED/DIRECTION    28/220    DATE  03/24
HIGHEST GUST SPEED/DIRECTION    37/220    DATE  03/24

AVERAGE RH (PERCENT)     26

WEATHER CONDITIONS. NUMBER OF DAYS WITH
THUNDERSTORM              0     MIXED PRECIP               0
HEAVY RAIN                0     RAIN                       0
LIGHT RAIN                3     FREEZING RAIN              0
LT FREEZING RAIN          0     HAIL                       0
HEAVY SNOW                0     SNOW                       0
LIGHT SNOW                0     SLEET                      0
FOG                       0     FOG W/VIS <= 1/4 MILE      0
HAZE                      0

-  INDICATES NEGATIVE NUMBERS.
R  INDICATES RECORD WAS SET OR TIED.
MM INDICATES DATA IS MISSING.
T  INDICATES TRACE AMOUNT.

$$
