000
CXUS55 KTWC 011050
CLMTUS

CLIMATE REPORT
NATIONAL WEATHER SERVICE TUCSON AZ
345 AM MST WED MAY 1 2019

...................................

...THE TUCSON AZ CLIMATE SUMMARY FOR THE MONTH OF APRIL 2019...

CLIMATE NORMAL PERIOD 1981 TO 2010
CLIMATE RECORD PERIOD 1895 TO 2019

WEATHER         OBSERVED          NORMAL  DEPART  LAST YEAR`S
                 VALUE   DATE(S)  VALUE   FROM    VALUE  DATE(S)
                                          NORMAL
................................................................
TEMPERATURE (F)
RECORD
 HIGH             104   04/21/1989
                        04/20/1989
 LOW               27   04/04/1945
HIGHEST            97   04/26        94       3       96  04/27
                        04/19                             04/10
LOWEST             45   04/13        39       6       43  04/14
AVG. MAXIMUM     84.5              82.1     2.4     88.4
AVG. MINIMUM     54.1              52.0     2.1     56.8
MEAN             69.3              67.0     2.3     72.6
DAYS MAX >= 90      8               5.4     2.6       15
DAYS MAX <= 32      0               0.0     0.0        0
DAYS MIN <= 32      0               0.0     0.0        0
DAYS MIN <= 0       0               0.0     0.0        0

PRECIPITATION (INCHES)
RECORD
 MAXIMUM         3.53   1905
 MINIMUM         0.00   2018
                        2002
                        1993
TOTALS           0.07              0.31   -0.24     0.00
DAILY AVG.       0.00              0.01   -0.01     0.00
DAYS >= .01         2               2.0     0.0        0
DAYS >= .10         0               0.9    -0.9        0
DAYS >= .50         0               0.1    -0.1        0
DAYS >= 1.00        0               0.0     0.0        0
GREATEST
 24 HR. TOTAL    0.06   04/16 TO 04/16           04/30 TO 04/30

DEGREE_DAYS
HEATING TOTAL      17                60     -43       12
 SINCE 7/1       1408              1506     -98      744
COOLING TOTAL     151               121      30      247
 SINCE 1/1        180               154      26      295
.................................................................

WIND (MPH)
AVERAGE WIND SPEED              7.8
HIGHEST WIND SPEED/DIRECTION    30/290    DATE  04/10
HIGHEST GUST SPEED/DIRECTION    46/280    DATE  04/10

AVERAGE RH (PERCENT)     MM

WEATHER CONDITIONS. NUMBER OF DAYS WITH
THUNDERSTORM              1     MIXED PRECIP               0
HEAVY RAIN                0     RAIN                       0
LIGHT RAIN                0     FREEZING RAIN              0
LT FREEZING RAIN          0     HAIL                       0
HEAVY SNOW                0     SNOW                       0
LIGHT SNOW                0     SLEET                      0
FOG                       0     FOG W/VIS <= 1/4 MILE      0
HAZE                      1

-  INDICATES NEGATIVE NUMBERS.
R  INDICATES RECORD WAS SET OR TIED.
MM INDICATES DATA IS MISSING.
T  INDICATES TRACE AMOUNT.

$$
