071
CXUS55 KREV 021627 CCA
CLMTVL

CLIMATE REPORT
NATIONAL WEATHER SERVICE RENO NV
508 AM PDT WED MAY 1 2019

...................................

...THE SOUTH LAKE TAHOE CA CLIMATE SUMMARY FOR THE MONTH OF APRIL 2019...

THE AVERAGE TEMPERATURE FOR APRIL 2019 AT THE SOUTH LAKE TAHOE
AIRPORT WAS 42.6 DEGREES WHICH IS 2.2 DEGREES ABOVE NORMAL. THE
HIGHEST TEMPERATURE FOR APRIL WAS 72 DEGREES WHICH OCCURRED ON
THE 24TH. THE LOWEST TEMPERATURE FOR THE MONTH WAS 22 DEGREES WHICH
WAS RECORDED ON THE 10TH.

FOR APRIL 2019, 1.33 INCHES OF PRECIPITATION WAS RECORDED AT THE
SOUTH LAKE TAHOE AIRPORT. THIS IS 0.29 INCH ABOVE NORMAL.

THE AVERAGE WIND SPEED FOR APRIL 2019 WAS 5.9 MPH. THE PEAK WIND
GUST FOR THE MONTH WAS 48 MPH FROM THE SOUTH ON THE 30TH.


CLIMATE NORMAL PERIOD 1981 TO 2010
CLIMATE RECORD PERIOD 1968 TO 2019

WEATHER         OBSERVED          NORMAL  DEPART
                 VALUE   DATE(S)  VALUE   FROM
                                          NORMAL
................................................
TEMPERATURE (F)
RECORD
 HIGH              76   04/30/1981
 LOW                    04/07/1975
                        04/06/1975
HIGHEST            72   04/24        76      -4
LOWEST             22   04/10                23
AVG. MAXIMUM     55.4              54.2     1.2
AVG. MINIMUM     29.8              26.6     3.2
MEAN             42.6              40.4     2.2
DAYS MAX >= 90      0               0.0     0.0
DAYS MAX <= 32      0               0.3    -0.3
DAYS MIN <= 32     23              25.7    -2.7
DAYS MIN <= 0       0               0.0     0.0

PRECIPITATION (INCHES)
RECORD
 MAXIMUM           MM   MM
 MINIMUM           MM   MM
TOTALS           1.33              1.04    0.29
DAILY AVG.       0.04              0.03    0.01
DAYS >= .01         7                MM      MM
DAYS >= .10         3                MM      MM
DAYS >= .50         1                MM      MM
DAYS >= 1.00        0                MM      MM
GREATEST
 24 HR. TOTAL    0.84   04/01 TO 04/02
 STORM TOTAL       MM
 (MM/DD(HH))            MM

SNOWFALL (INCHES)
 LIQUID EQUIV      MM                MM      MM
 LIQUID 7/1        MM
GREATEST
 SNOW DEPTH        MM   MM

DEGREE_DAYS
HEATING TOTAL     665               738     -73
 SINCE 7/1       6698              6890    -192
COOLING TOTAL       0                 0       0
 SINCE 1/1          0                 0       0

FREEZE DATES
RECORD
 EARLIEST     MM
 LATEST       MM
EARLIEST                        09/16
LATEST                          05/18
.................................................

WIND (MPH)
AVERAGE WIND SPEED              5.9
HIGHEST WIND SPEED/DIRECTION    31/190    DATE  04/30
HIGHEST GUST SPEED/DIRECTION    47/180    DATE  04/30

AVERAGE RH (PERCENT)     64

WEATHER CONDITIONS. NUMBER OF DAYS WITH
THUNDERSTORM              0     MIXED PRECIP               0
HEAVY RAIN                0     RAIN                       3
LIGHT RAIN               14     FREEZING RAIN              0
LT FREEZING RAIN          0     HAIL                       0
HEAVY SNOW                0     SNOW                       2
LIGHT SNOW                6     SLEET                      0
FOG                       9     FOG W/VIS <= 1/4 MILE      0
HAZE                      3

-  INDICATES NEGATIVE NUMBERS.
R  INDICATES RECORD WAS SET OR TIED.
MM INDICATES DATA IS MISSING.
T  INDICATES TRACE AMOUNT.

$$
