000
CXUS55 KREV 011536
CLMTVL


CLIMATE REPORT
NATIONAL WEATHER SERVICE RENO NV
821 AM PDT THU AUG 1 2019

...................................

...THE SOUTH LAKE TAHOE CA CLIMATE SUMMARY FOR THE MONTH OF JULY 2019...

THE AVERAGE TEMPERATURE FOR JULY 2019 AT THE SOUTH LAKE TAHOE
AIRPORT WAS 60.7 DEGREES WHICH IS 0.4 DEGREES BELOW NORMAL. THE
HIGHEST TEMPERATURE FOR JULY WAS 85 DEGREES WHICH OCCURRED ON THE
28TH. THE LOWEST TEMPERATURE FOR THE MONTH WAS 34 DEGREES WHICH
OCCURRED ON THE 1ST.

FOR JULY 2019, A TRACE OF PRECIPITATION WERE RECORDED AT THE SOUTH
LAKE TAHOE AIRPORT. THIS IS 0.43 INCH BELOW NORMAL.

THE AVERAGE WIND SPEED FOR JULY 2019 WAS 4.9 MPH. THE PEAK WIND GUST
FOR THE MONTH WAS 34 MPH FROM THE SOUTH ON THE 23RD.

CLIMATE NORMAL PERIOD 1981 TO 2010
CLIMATE RECORD PERIOD 1968 TO 2019

WEATHER         OBSERVED          NORMAL  DEPART
                 VALUE   DATE(S)  VALUE   FROM
                                          NORMAL
................................................
TEMPERATURE (F)
RECORD
 HIGH              99   07/22/1988
 LOW               25   07/01/1976
HIGHEST            85   07/28        99     -14
LOWEST             34   07/01        25       9
AVG. MAXIMUM     78.8              80.8    -2.0
AVG. MINIMUM     42.5              41.4     1.1
MEAN             60.7              61.1    -0.4
DAYS MAX >= 90      0               1.0    -1.0
DAYS MAX <= 32      0               0.0     0.0
DAYS MIN <= 32      0               1.3    -1.3
DAYS MIN <= 0       0               0.0     0.0

PRECIPITATION (INCHES)
RECORD
 MAXIMUM           MM   MM
 MINIMUM           MM   MM
TOTALS              T              0.43   -0.43
DAILY AVG.          T              0.01   -0.01
DAYS >= .01         0                MM      MM
DAYS >= .10         0                MM      MM
DAYS >= .50         0                MM      MM
DAYS >= 1.00        0                MM      MM
GREATEST
 24 HR. TOTAL       T   07/26 TO 07/26
 STORM TOTAL       MM
 (MM/DD(HH))            MM

SNOWFALL (INCHES)
 LIQUID EQUIV    0.00                MM      MM
 LIQUID 7/1      0.00
GREATEST
 SNOW DEPTH         0   MM

DEGREE_DAYS
HEATING TOTAL     138               138       0
 SINCE 7/1        138               138       0
COOLING TOTAL      12                18      -6
 SINCE 1/1         12                19      -7

FREEZE DATES
RECORD
 EARLIEST     MM
 LATEST       MM
EARLIEST                        09/16
LATEST                          05/18
.................................................

WIND (MPH)
AVERAGE WIND SPEED              4.9
HIGHEST WIND SPEED/DIRECTION    25/180    DATE  07/14
HIGHEST GUST SPEED/DIRECTION    34/210    DATE  07/23

AVERAGE RH (PERCENT)     55

WEATHER CONDITIONS. NUMBER OF DAYS WITH
THUNDERSTORM              2     MIXED PRECIP               0
HEAVY RAIN                0     RAIN                       0
LIGHT RAIN                1     FREEZING RAIN              0
LT FREEZING RAIN          0     HAIL                       0
HEAVY SNOW                0     SNOW                       0
LIGHT SNOW                0     SLEET                      0
FOG                       0     FOG W/VIS <= 1/4 MILE      0
HAZE                      1

-  INDICATES NEGATIVE NUMBERS.
R  INDICATES RECORD WAS SET OR TIED.
MM INDICATES DATA IS MISSING.
T  INDICATES TRACE AMOUNT.

$$
