000
CXUS54 KJAN 011231
CLMTVR


CLIMATE REPORT
NATIONAL WEATHER SERVICE JACKSON MS
723 AM CDT WED MAY 1 2019

...................................

...THE VICKSBURG CLIMATE SUMMARY FOR THE MONTH OF APRIL 2019...

CLIMATE NORMAL PERIOD 1981 TO 2010
CLIMATE RECORD PERIOD 1948 TO 2019

WEATHER         OBSERVED          NORMAL  DEPART  LAST YEAR`S
                 VALUE   DATE(S)  VALUE   FROM    VALUE
                                          NORMAL
.............................................................
TEMPERATURE (F)
RECORD
 HIGH              92   04/19/2006
                        04/28/2002
                        04/25/1999
 LOW               28   04/04/1987
                        04/15/1950
HIGHEST            85   04/29        MM      MM       85
                        04/10
LOWEST             35   04/02        MM      MM       38
AVG. MAXIMUM     74.3              76.0    -1.7     73.1
AVG. MINIMUM     55.3              53.1     2.2     50.7
MEAN             64.8              64.5     0.3     61.9
DAYS MAX >= 90      0               0.4    -0.4        0
DAYS MAX <= 32      0               0.0     0.0        0
DAYS MIN <= 32      0               0.1    -0.1        0
DAYS MIN <= 0       0               0.0     0.0        0

PRECIPITATION (INCHES)
RECORD
 MAXIMUM        17.16   1991
 MINIMUM         0.59   1981
TOTALS          10.28              4.97    5.31     5.90
DAILY AVG.       0.34              0.17    0.17     0.20
DAYS >= .01         9                MM      MM        7
DAYS >= .10         8                MM      MM        6
DAYS >= .50         6                MM      MM        3
DAYS >= 1.00        4                MM      MM        1
GREATEST
 24 HR. TOTAL    2.57   04/25 TO 04/25              3.32

SNOWFALL (INCHES)
TOTALS            0.0

DEGREE_DAYS
HEATING TOTAL      76               100     -24      123
 SINCE 7/1       2127              2341    -214     2205
COOLING TOTAL      78                86      -8       37
 SINCE 1/1        114               118      -4      136
..............................................................

WIND (MPH)
AVERAGE WIND SPEED              6.1
HIGHEST WIND SPEED/DIRECTION    25/110    DATE  04/13
HIGHEST GUST SPEED/DIRECTION    37/310    DATE  04/18

SKY COVER
POSSIBLE SUNSHINE (PERCENT)   MM
AVERAGE SKY COVER           0.30
NUMBER OF DAYS FAIR           19
NUMBER OF DAYS PC              6
NUMBER OF DAYS CLOUDY          4

AVERAGE RH (PERCENT)     73

NUMBER OF DAYS WITH WEATHER CONDITIONS
THUNDERSTORM              8     MIXED PRECIP               0
HEAVY RAIN                7     RAIN                       7
LIGHT RAIN               10     FREEZING RAIN              0
LT FREEZING RAIN          0     HAIL                       0
HEAVY SNOW                0     SNOW                       0
LIGHT SNOW                0     SLEET                      0
FOG                      14     FOG W/VIS <= 1/4 MILE      1
HAZE                      1

-  INDICATES NEGATIVE NUMBERS.
R  INDICATES RECORD WAS SET OR TIED.
MM INDICATES DATA IS MISSING.
T  INDICATES TRACE AMOUNT.

$$
