000
CXUS54 KJAN 012006
CLMTVR


CLIMATE REPORT
NATIONAL WEATHER SERVICE JACKSON MS
257 PM CDT MON JUL 1 2019

...................................

...THE VICKSBURG CLIMATE SUMMARY FOR THE MONTH OF JUNE 2019...

CLIMATE NORMAL PERIOD 1981 TO 2010
CLIMATE RECORD PERIOD 1948 TO 2019

WEATHER         OBSERVED          NORMAL  DEPART  LAST YEAR`S
                 VALUE   DATE(S)  VALUE   FROM    VALUE
                                          NORMAL
.............................................................
TEMPERATURE (F)
RECORD
 HIGH             102   06/28/2009
 LOW               47   06/03/1956
HIGHEST            96   06/03        MM      MM       95
LOWEST             60   06/14        MM      MM       59
AVG. MAXIMUM     88.4              89.8    -1.4     90.8
AVG. MINIMUM     70.1              68.1     2.0     71.4
MEAN             79.2              78.9     0.3     81.1
DAYS MAX >= 90     11              15.4    -4.4       22
DAYS MAX <= 32      0               0.0     0.0        0
DAYS MIN <= 32      0               0.0     0.0        0
DAYS MIN <= 0       0               0.0     0.0        0

PRECIPITATION (INCHES)
RECORD
 MAXIMUM        12.53   2004
 MINIMUM         0.44   1952
TOTALS           4.79              3.99    0.80     2.67
DAILY AVG.       0.16              0.13    0.03     0.09
DAYS >= .01        12                MM      MM       12
DAYS >= .10        11                MM      MM        4
DAYS >= .50         2                MM      MM        1
DAYS >= 1.00        1                MM      MM        1
GREATEST
 24 HR. TOTAL    1.14   06/07 TO 06/07              1.74

SNOWFALL (INCHES)
TOTALS            0.0

DEGREE_DAYS
HEATING TOTAL       0                 0       0        0
 SINCE 7/1       2127              2351    -224     2205
COOLING TOTAL     435               418      17      488
 SINCE 1/1        886               788      98     1023
..............................................................

WIND (MPH)
AVERAGE WIND SPEED              4.4
HIGHEST WIND SPEED/DIRECTION    25/030    DATE  06/28
HIGHEST GUST SPEED/DIRECTION    42/300    DATE  06/24

SKY COVER
POSSIBLE SUNSHINE (PERCENT)   MM
AVERAGE SKY COVER           0.20
NUMBER OF DAYS FAIR           27
NUMBER OF DAYS PC              3
NUMBER OF DAYS CLOUDY          0

AVERAGE RH (PERCENT)     77

WEATHER CONDITIONS. NUMBER OF DAYS WITH
THUNDERSTORM              9     MIXED PRECIP               0
HEAVY RAIN               10     RAIN                      11
LIGHT RAIN               12     FREEZING RAIN              0
LT FREEZING RAIN          0     HAIL                       0
HEAVY SNOW                0     SNOW                       0
LIGHT SNOW                0     SLEET                      0
FOG                      23     FOG W/VIS <= 1/4 MILE      0
HAZE                      2

-  INDICATES NEGATIVE NUMBERS.
R  INDICATES RECORD WAS SET OR TIED.
MM INDICATES DATA IS MISSING.
T  INDICATES TRACE AMOUNT.

$$
