000
CXUS56 KPQR 011446
CLMUAO

CLIMATE REPORT
NATIONAL WEATHER SERVICE PORTLAND OREGON
740 AM PDT THU AUG 1 2019

...................................

...THE AURORA STATE OR CLIMATE SUMMARY FOR THE MONTH OF JULY 2019...

CLIMATE NORMAL PERIOD 1981 TO 2010
CLIMATE RECORD PERIOD 9999 TO 9999

WEATHER         OBSERVED          NORMAL  DEPART  LAST YEAR`S
                 VALUE   DATE(S)  VALUE   FROM    VALUE  DATE(S)
                                          NORMAL
................................................................
TEMPERATURE (F)
HIGHEST            92                                 98  07/29
                                                          07/16
                                                          07/12
LOWEST             51                                 47  07/03
AVG. MAXIMUM     80.5              80.9    -0.4     87.6
AVG. MINIMUM     57.1              55.1     2.0     57.1
MEAN             68.8              68.0     0.8     72.3
DAYS MAX >= 90      2               5.1    -3.1       17
DAYS MAX <= 32      0               0.0     0.0        0
DAYS MIN <= 32      0               0.0     0.0        0
DAYS MIN <= 0       0               0.0     0.0        0

PRECIPITATION (INCHES)
RECORD
 MAXIMUM           MM   MM
 MINIMUM           MM   MM
TOTALS           0.37              0.68   -0.31        T
DAYS >= .01         5                MM      MM        0
DAYS >= .10         1                MM      MM        0
DAYS >= .50         0                MM      MM        0
DAYS >= 1.00        0                MM      MM        0
GREATEST
 24 HR. TOTAL    0.26   07/09 TO 07/09

DEGREE_DAYS
HEATING TOTAL       3                25     -22        9
 SINCE 7/1          3                25     -22        9
COOLING TOTAL     129               118      11      244
 SINCE 1/1        204               167      37      327
.................................................................

WIND (MPH)
AVERAGE WIND SPEED              4.2
RESULTANT WIND SPEED/DIRECTION   1/343
HIGHEST WIND SPEED/DIRECTION    20/170    DATE  07/17
HIGHEST GUST SPEED/DIRECTION    30/350    DATE  07/19

SKY COVER
POSSIBLE SUNSHINE (PERCENT)   MM
AVERAGE SKY COVER           0.40

AVERAGE RH (PERCENT)     61

WEATHER CONDITIONS. NUMBER OF DAYS WITH
THUNDERSTORMS             0     MIXED PRECIP                0
HEAVY RAIN                0     RAIN                        1
LIGHT RAIN                5     FREEZING RAIN               0
LT FREEZING RAIN          0     HAIL                        0
HEAVY SNOW                0     SNOW                        0
LIGHT SNOW                0     SLEET                       0
FOG                       3     FOG W/VIS <= 1/4 MILE       0
HAZE                      1

-  INDICATES NEGATIVE NUMBERS.
R  INDICATES RECORD WAS SET OR TIED.
MM INDICATES DATA IS MISSING.
T  INDICATES TRACE AMOUNT.

$$
