000
CXUS56 KPQR 011713 CCA
CLMUAO

CLIMATE REPORT
NATIONAL WEATHER SERVICE PORTLAND OREGON
1013 AM PDT WED MAY 1 2019

...................................

...THE AURORA STATE OR CLIMATE SUMMARY FOR THE MONTH OF APRIL 2019...

CLIMATE NORMAL PERIOD 1981 TO 2010
CLIMATE RECORD PERIOD 9999 TO 9999

WEATHER         OBSERVED          NORMAL  DEPART  LAST YEAR`S
                 VALUE   DATE(S)  VALUE   FROM    VALUE  DATE(S)
                                          NORMAL
................................................................
TEMPERATURE (F)
HIGHEST            76                                 85  04/25
LOWEST             35                                 33  04/03
AVG. MAXIMUM     61.5              61.7    -0.2     61.8
AVG. MINIMUM     45.1              41.7     3.4     44.5
MEAN             53.3              51.7     1.6     53.2
DAYS MAX >= 90      0               0.0     0.0        0
DAYS MAX <= 32      0               0.0     0.0        0
DAYS MIN <= 32      0               0.3    -0.3        0
DAYS MIN <= 0       0               0.0     0.0        0

PRECIPITATION (INCHES)
TOTALS           4.24              3.13    1.11     5.04
DAYS >= .01        16                MM      MM       19
DAYS >= .10        12                MM      MM       10
DAYS >= .50         2                MM      MM        2
DAYS >= 1.00        0                MM      MM        1
GREATEST
 24 HR. TOTAL    1.36   04/06 TO 04/07

DEGREE_DAYS
HEATING TOTAL     344               400     -56      356
 SINCE 7/1       3812              4088    -276     3736
COOLING TOTAL       0                 1      -1        7
 SINCE 1/1          0                 1      -1        7
.................................................................

WIND (MPH)
AVERAGE WIND SPEED              5.4
RESULTANT WIND SPEED/DIRECTION   1/218
HIGHEST WIND SPEED/DIRECTION    23/170    DATE  04/13
HIGHEST GUST SPEED/DIRECTION    31/170    DATE  04/07

SKY COVER
POSSIBLE SUNSHINE (PERCENT)   MM
AVERAGE SKY COVER           0.60

AVERAGE RH (PERCENT)     73

WEATHER CONDITIONS. NUMBER OF DAYS WITH
THUNDERSTORMS        0        MIXED PRECIP            0
HEAVY RAIN           2        RAIN                    8
LIGHT RAIN           15       FREEZING RAIN           0
LT FREEZING RAIN     0        HAIL                    0
HEAVY SNOW           0        SNOW                    0
LIGHT SNOW           0        SLEET                   0
FOG                  15       FOG W/VIS <=1/4 MILE    1
HAZE                 1


-  INDICATES NEGATIVE NUMBERS.
R  INDICATES RECORD WAS SET OR TIED.
MM INDICATES DATA IS MISSING.
T  INDICATES TRACE AMOUNT.

$$
