000
CXUS53 KLOT 011350
CLMUGN


CLIMATE REPORT
NATIONAL WEATHER SERVICE CHICAGO IL
836 AM CDT WED MAY 1 2019

...................................

...THE WAUKEGAN   CLIMATE SUMMARY FOR THE MONTH OF APRIL 2019...

CLIMATE NORMAL PERIOD 1981 TO 2010
CLIMATE RECORD PERIOD 2000 TO 2019

WEATHER         OBSERVED          NORMAL  DEPART  LAST YEAR`S
                 VALUE   DATE(S)  VALUE   FROM    VALUE
                                          NORMAL
.............................................................
TEMPERATURE (F)
RECORD
 HIGH              89   04/18/2002
 LOW               17   04/08/2018
                        04/07/2018
                        01/05/1999
HIGHEST            80   04/22        MM      MM       79
LOWEST             23   04/01        MM      MM       17
AVG. MAXIMUM     56.0              55.3     0.7     46.8
AVG. MINIMUM     36.2              36.8    -0.6     28.0
MEAN             46.1              46.1     0.0     37.4

PRECIPITATION (INCHES)
RECORD
 MAXIMUM         7.70   2013
 MINIMUM         1.08   2005
TOTALS           3.03              3.48   -0.45     1.90

DEGREE_DAYS
HEATING TOTAL     504               572     -68      820
 SINCE 7/1       6555              6442     113     6478
COOLING TOTAL       0                 4      -4        0
 SINCE 1/1          0                 4      -4        0
..............................................................

WIND (MPH)
AVERAGE WIND SPEED              9.6
HIGHEST WIND SPEED/DIRECTION    36/230    DATE  04/12
HIGHEST GUST SPEED/DIRECTION    49/200    DATE  04/12

AVERAGE RH (PERCENT)     65


-  INDICATES NEGATIVE NUMBERS.
R  INDICATES RECORD WAS SET OR TIED.
MM INDICATES DATA IS MISSING.
T  INDICATES TRACE AMOUNT.

$$
