945
CXUS53 KLOT 011344
CLMUGN


CLIMATE REPORT
NATIONAL WEATHER SERVICE CHICAGO IL
829 AM CDT THU AUG 1 2019

...................................

...THE WAUKEGAN   CLIMATE SUMMARY FOR THE MONTH OF JULY 2019...

CLIMATE NORMAL PERIOD 1981 TO 2010
CLIMATE RECORD PERIOD 2000 TO 2019

WEATHER         OBSERVED          NORMAL  DEPART  LAST YEAR`S
                 VALUE   DATE(S)  VALUE   FROM    VALUE
                                          NORMAL
.............................................................
TEMPERATURE (F)
RECORD
 HIGH             104   07/05/2012
                        07/04/2012
                        12/25/2031
 LOW               35   07/30/2011
HIGHEST            94   07/20        MM      MM       93
LOWEST             54   07/31        MM      MM       52
AVG. MAXIMUM     82.8              80.3     2.5     81.3
AVG. MINIMUM     64.3              62.2     2.1     61.8
MEAN             73.5              71.3     2.2     71.6

PRECIPITATION (INCHES)
RECORD
 MAXIMUM         7.96   2017
 MINIMUM         0.64   2002
TOTALS           3.49              3.88   -0.39     0.96

DEGREE_DAYS
HEATING TOTAL       1                12     -11        1
 SINCE 7/1          1                12     -11        1
COOLING TOTAL     274               205      69      210
 SINCE 1/1        333               335      -2      389
..............................................................

WIND (MPH)
AVERAGE WIND SPEED              6.8
HIGHEST WIND SPEED/DIRECTION    28/200    DATE  07/18
HIGHEST GUST SPEED/DIRECTION    39/210    DATE  07/18

AVERAGE RH (PERCENT)     71


-  INDICATES NEGATIVE NUMBERS.
R  INDICATES RECORD WAS SET OR TIED.
MM INDICATES DATA IS MISSING.
T  INDICATES TRACE AMOUNT.

$$
