000
CXUS56 KSEW 011050
CLMUIL


CLIMATE REPORT
NATIONAL WEATHER SERVICE SEATTLE WA
350 AM PDT THU AUG 1 2019

...................................

...THE QUILLAYUTE WA AIRPORT CLIMATE SUMMARY FOR THE MONTH OF JULY 2019...

CLIMATE NORMAL PERIOD 1981 TO 2010
CLIMATE RECORD PERIOD 1966 TO 2019

WEATHER         OBSERVED          NORMAL  DEPART  LAST YEAR`S
                 VALUE   DATE(S)  VALUE   FROM    VALUE  DATE(S)
                                          NORMAL
................................................................
TEMPERATURE (F)
RECORD
 HIGH              97   07/19/1988
                        10/07/5881
                        10/07/5881
 LOW               38   07/05/2002
                        07/14/2000
                        07/18/1977
HIGHEST            77   07/25        MM      MM       86  07/15
LOWEST             46   07/21        MM      MM       45  07/04
AVG. MAXIMUM     68.8              67.4     1.4     69.1
AVG. MINIMUM     52.5              50.5     2.0     50.6
MEAN             60.6              58.9     1.7     59.8
DAYS MAX >= 90      0               0.3    -0.3        0
DAYS MAX <= 32      0               0.0     0.0        0
DAYS MIN <= 32      0               0.0     0.0        0
DAYS MIN <= 0       0               0.0     0.0        0

PRECIPITATION (INCHES)
RECORD
 MAXIMUM        11.02   1983
 MINIMUM         0.01   2013
TOTALS           2.97              1.98    0.99     0.71
DAILY AVG.       0.10              0.06    0.04     0.02
DAYS >= .01        12              10.3     1.7        7
DAYS >= .10         4               4.1    -0.1        2
DAYS >= .50         3               0.9     2.1        0
DAYS >= 1.00        0               0.4    -0.4        0
GREATEST
 24 HR. TOTAL    0.96   07/17 TO 07/17

DEGREE_DAYS
HEATING TOTAL     128               194     -66      154
 SINCE 7/1        128               194     -66      154
COOLING TOTAL       1                 7      -6        2
 SINCE 1/1         11                11       0        4
.................................................................

WIND (MPH)
AVERAGE WIND SPEED              4.4
HIGHEST WIND SPEED/DIRECTION    17/240    DATE  07/18
HIGHEST GUST SPEED/DIRECTION    25/190    DATE  07/10

SKY COVER
POSSIBLE SUNSHINE (PERCENT)   MM
AVERAGE SKY COVER           0.70
NUMBER OF DAYS FAIR            6
NUMBER OF DAYS PC             12
NUMBER OF DAYS CLOUDY         13

AVERAGE RH (PERCENT)     81

WEATHER CONDITIONS. NUMBER OF DAYS WITH
  0
  8
  0
  0
  0
  0
  2
HAZE                      0

-  INDICATES NEGATIVE NUMBERS.
R  INDICATES RECORD WAS SET OR TIED.
MM INDICATES DATA IS MISSING.
T  INDICATES TRACE AMOUNT.

$$
