000
CXUS53 KLSX 041635
CLMUIN


CLIMATE REPORT
NATIONAL WEATHER SERVICE ST LOUIS MO
1122 AM CDT SAT MAY 4 2019

...................................

...THE QUINCY IL CLIMATE SUMMARY FOR THE MONTH OF APRIL 2019...

CLIMATE NORMAL PERIOD 1981 TO 2010
CLIMATE RECORD PERIOD 1901 TO 2019

WEATHER         OBSERVED          NORMAL  DEPART  LAST YEAR`S
                 VALUE   DATE(S)  VALUE   FROM    VALUE
                                          NORMAL
.............................................................
TEMPERATURE (F)
RECORD
 HIGH              92   04/25/1986
                        04/10/1930
 LOW                9   04/02/2018
HIGHEST            80   04/21                         82
LOWEST             29   04/01                          9
AVG. MAXIMUM     64.1              63.4     0.7     57.1
AVG. MINIMUM     43.8              43.0     0.8     34.8
MEAN             54.0              53.2     0.8     45.9
DAYS MAX >= 90      0               0.0     0.0        0
DAYS MAX <= 32      0               0.0     0.0        1
DAYS MIN <= 32      3               3.4    -0.4       15
DAYS MIN <= 0       0               0.0     0.0        0

PRECIPITATION (INCHES)
RECORD
 MAXIMUM         7.97   1944
 MINIMUM         0.63   2018
TOTALS           5.20              3.69    1.51     0.63
DAILY AVG.       0.17              0.12    0.05     0.02
DAYS >= .01        13              11.1     1.9        6
DAYS >= .10        10               7.1     2.9        3
DAYS >= .50         2               2.7    -0.7        0
DAYS >= 1.00        2               0.8     1.2        0
GREATEST
 24 HR. TOTAL    2.36   04/30

DEGREE_DAYS
HEATING TOTAL     333               370     -37      573
 SINCE 7/1       5649              5430     219     5515
COOLING TOTAL      10                16      -6        7
 SINCE 1/1         10                18      -8        7
..............................................................

WIND (MPH)
HIGHEST WIND SPEED/DIRECTION    33/330    DATE  04/27
                                33/320    DATE  04/25
HIGHEST GUST SPEED/DIRECTION    44/330    DATE  04/27
                                44/330    DATE  04/25

SKY COVER
NUMBER OF DAYS FAIR           15
NUMBER OF DAYS PC              7
NUMBER OF DAYS CLOUDY          8


WEATHER CONDITIONS. NUMBER OF DAYS WITH
THUNDERSTORM              7     MIXED PRECIP               0
HEAVY RAIN                5     RAIN                       5
LIGHT RAIN               15     FREEZING RAIN              0
LT FREEZING RAIN          0     HEAVY SNOW                 0
SNOW                      1     LIGHT SNOW                 1
SLEET                     0     FOG                       12
FOG W/VIS <= 1/4 MILE     3     HAZE                       2

-  INDICATES NEGATIVE NUMBERS.
R  INDICATES RECORD WAS SET OR TIED.
MM INDICATES DATA IS MISSING.
T  INDICATES TRACE AMOUNT.


...MONTHLY...

NO RECORDS OF NOTE.


...DAILY...

RECORD LOW TEMPERATURE OF 32 DEGREES SET ON 04/28. PREVIOUS
34 DEGREES IN 1928.


$$

GOSSELIN
