000
CXUS53 KLSX 011537
CLMUIN


CLIMATE REPORT
NATIONAL WEATHER SERVICE ST LOUIS MO
1026 AM CDT THU AUG 1 2019

...................................

...THE QUINCY IL CLIMATE SUMMARY FOR THE MONTH OF JULY 2019...

CLIMATE NORMAL PERIOD 1981 TO 2010
CLIMATE RECORD PERIOD 1901 TO 2019

WEATHER         OBSERVED          NORMAL  DEPART  LAST YEAR`S
                 VALUE   DATE(S)  VALUE   FROM    VALUE
                                          NORMAL
.............................................................
TEMPERATURE (F)
RECORD
 HIGH             114   07/15/1936
 LOW               47   07/14/1950
HIGHEST            95   07/10                         98
LOWEST             58   07/23                         56
AVG. MAXIMUM     88.3              85.8     2.5     87.3
AVG. MINIMUM     68.9              66.3     2.6     66.0
MEAN             78.6              76.1     2.5     76.6
DAYS MAX >= 90     13               7.8     5.2       11
DAYS MAX <= 32      0               0.0     0.0        0
DAYS MIN <= 32      0               0.0     0.0        0
DAYS MIN <= 0       0               0.0     0.0        0

PRECIPITATION (INCHES)
RECORD
 MAXIMUM        13.21   1981
 MINIMUM         0.10   1988
TOTALS           1.56              4.04   -2.48     3.51
DAILY AVG.       0.05              0.13   -0.08     0.11
DAYS >= .01        11               9.2     1.8        5
DAYS >= .10         4               6.2    -2.2        4
DAYS >= .50         1               2.5    -1.5        2
DAYS >= 1.00        0               1.2    -1.2        2
GREATEST
 24 HR. TOTAL    0.64   07/17 TO 07/17

DEGREE_DAYS
HEATING TOTAL       0                 0       0        0
 SINCE 7/1          0                 0       0        0
COOLING TOTAL     433               343      90      368
 SINCE 1/1        780               656     124     1001
..............................................................

WIND (MPH)
HIGHEST WIND SPEED/DIRECTION    32/330    DATE  07/20
HIGHEST GUST SPEED/DIRECTION    43/310    DATE  07/17

SKY COVER
NUMBER OF DAYS FAIR           27
NUMBER OF DAYS PC              4
NUMBER OF DAYS CLOUDY          0


WEATHER CONDITIONS. NUMBER OF DAYS WITH
THUNDERSTORM              5     MIXED PRECIP               0
HEAVY RAIN                2     RAIN                       4
LIGHT RAIN               12     FREEZING RAIN              0
LT FREEZING RAIN          0     HEAVY SNOW                 0
SNOW                      0     LIGHT SNOW                 0
SLEET                     0     FOG                       11
FOG W/VIS <= 1/4 MILE     1     HAZE                       4

-  INDICATES NEGATIVE NUMBERS.
R  INDICATES RECORD WAS SET OR TIED.
MM INDICATES DATA IS MISSING.
T  INDICATES TRACE AMOUNT.


...MONTHLY...

NO RECORDS OF NOTE.


...DAILY...

NO RECORDS OF NOTE.

$$
