594
CXUS53 KUNR 011609
CLMUNR


CLIMATE REPORT
NATIONAL WEATHER SERVICE RAPID CITY SD
1008 AM MDT MON JUL 1 2019

...................................

...THE EAST RAPID CITY SD CLIMATE SUMMARY FOR THE MONTH OF JUNE 2019...

CLIMATE NORMAL PERIOD 1981 TO 2010
CLIMATE RECORD PERIOD 1888 TO 2019

WEATHER         OBSERVED          NORMAL  DEPART  LAST YEAR`S
                 VALUE   DATE(S)  VALUE   FROM    VALUE  DATE(S)
                                          NORMAL
................................................................
TEMPERATURE (F)
RECORD
 HIGH             106   06/26/2012
 LOW               31   06/03/1998
                        06/02/1951
                        06/01/1951
HIGHEST            86   06/28                        102  06/14
                        06/07
LOWEST             44   06/09                         50  06/13
AVG. MAXIMUM     74.6              76.0    -1.4     77.4
AVG. MINIMUM     54.7              54.2     0.5     57.0
MEAN             64.6              65.1    -0.5     67.2
DAYS MAX >= 90      0                                  2
DAYS MAX <= 32      0                                  0
DAYS MIN <= 32      0                                  0
DAYS MIN <= 0       0                                  0

PRECIPITATION (INCHES)
RECORD
 MAXIMUM         9.07   1947
 MINIMUM         0.50   1898
TOTALS           2.68              3.16   -0.48     7.29
DAILY AVG.       0.09              0.11   -0.02     0.24
DAYS >= .01        13                                 14
DAYS >= .10         7                                 11
DAYS >= .50         1                                  6
DAYS >= 1.00        0                                  2
GREATEST
 24 HR. TOTAL    0.58   06/02 TO 06/02              1.18

SNOWFALL (INCHES)
RECORDS
 TOTAL            3.0   1998
TOTALS            0.0               0.0     0.0      0.0
SINCE 7/1        80.2              49.3    30.9     66.4
SNOWDEPTH AVG.      0                MM      MM        0
DAYS >= 1.0         0               0.0     0.0        0
GREATEST
 SNOW DEPTH         0   MM                             0  MM
 24 HR TOTAL      0.0   06/30 TO 06/30               0.0

DEGREE_DAYS
HEATING TOTAL      68                88     -20       44
 SINCE 7/1       7703              6860     843     7038
COOLING TOTAL      63                91     -28      120
 SINCE 1/1         67               109     -42      173
.................................................................

WIND (MPH)
AVERAGE WIND SPEED              7.8
HIGHEST WIND SPEED/DIRECTION    38/350    DATE  06/26
HIGHEST GUST SPEED/DIRECTION    59/350    DATE  06/26

AVERAGE RH (PERCENT)     64

WEATHER CONDITIONS. NUMBER OF DAYS WITH
THUNDERSTORM             13     MIXED PRECIP               0
HEAVY RAIN                1     RAIN                       5
LIGHT RAIN               21     FREEZING RAIN              0
LT FREEZING RAIN          0     HAIL                       1
HEAVY SNOW                0     SNOW                       0
LIGHT SNOW                0     SLEET                      0
FOG                       0     FOG W/VIS <= 1/4 MILE      0
HAZE                      0

-  INDICATES NEGATIVE NUMBERS.
R  INDICATES RECORD WAS SET OR TIED.
MM INDICATES DATA IS MISSING.
T  INDICATES TRACE AMOUNT.

$$
