000
CXUS54 KCRP 011522
CLMVCT

CLIMATE REPORT
NATIONAL WEATHER SERVICE CORPUS CHRISTI TX
959 AM CDT THU AUG 1 2019

...................................

...THE VICTORIA CLIMATE SUMMARY FOR THE MONTH OF JULY 2019...

CLIMATE NORMAL PERIOD 1981 TO 2010
CLIMATE RECORD PERIOD 1893 TO 2019

WEATHER         OBSERVED          NORMAL  DEPART  LAST YEAR`S
                 VALUE   DATE(S)  VALUE   FROM    VALUE  DATE(S)
                                          NORMAL
................................................................
TEMPERATURE (F)
RECORD
 HIGH             110   07/09/1939
                        07/08/1939
 LOW               61   07/11/1905
HIGHEST           101   07/30        94       7       99  07/29
                                                          07/23
LOWEST             62   07/25        75     -13       68  07/27
AVG. MAXIMUM     96.2              93.8     2.4     94.2
AVG. MINIMUM     74.1              74.0     0.1     74.1
MEAN             85.1              83.9     1.2     84.1
DAYS MAX >= 90     31              27.3     3.7       28
DAYS MAX <= 32      0               0.0     0.0        0
DAYS MIN <= 32      0               0.0     0.0        0
DAYS MIN <= 0       0               0.0     0.0        0

PRECIPITATION (INCHES)
RECORD
 MAXIMUM        20.34   2007
 MINIMUM         0.00   1912
TOTALS           0.33              4.18   -3.85     2.89
DAILY AVG.       0.01              0.13   -0.12     0.09
DAYS >= .01         5               7.9    -2.9        5
DAYS >= .10         1               5.0    -4.0        5
DAYS >= .50         0               2.7    -2.7        2
DAYS >= 1.00        0               1.4    -1.4        1
GREATEST
 24 HR. TOTAL    0.14   06/30 TO 07/01

SNOWFALL (INCHES)
RECORDS
 TOTAL            0.0   MM
 24 HR TOTAL      0.0   MM
TOTALS            0.0               0.0     0.0      0.0
SINCE 7/1         0.0               0.0     0.0      0.0
SNOWDEPTH AVG.      0                MM      MM        0
DAYS >= 1.0         0               0.0     0.0        0
GREATEST
 SNOW DEPTH         0   MM                             0
 24 HR TOTAL      0.0   MM                           0.0

DEGREE_DAYS
HEATING TOTAL       0                 0       0        0
 SINCE 7/1          0                 0       0        0
COOLING TOTAL     630               586      44      602
 SINCE 1/1       1953              1753     200     2042
.................................................................

WIND (MPH)
AVERAGE WIND SPEED              9.2
HIGHEST WIND SPEED/DIRECTION    32/160    DATE  07/03
HIGHEST GUST SPEED/DIRECTION    39/150    DATE  07/03

SKY COVER
AVERAGE SKY COVER           0.20

AVERAGE RH (PERCENT)     69

WEATHER CONDITIONS. NUMBER OF DAYS WITH
THUNDERSTORM              5     MIXED PRECIP                0
HEAVY RAIN                1     RAIN                        3
LIGHT RAIN               10     FREEZING RAIN               0
LT FREEZING RAIN          0     HAIL                        0
HEAVY SNOW                0     SNOW                        0
LIGHT SNOW                0     SLEET                       0
FOG                      20     FOG W/VIS <= 1/4 MILE       0
HAZE                      5


-  INDICATES NEGATIVE NUMBERS.
R  INDICATES RECORD WAS SET OR TIED.
MM INDICATES DATA IS MISSING.
T  INDICATES TRACE AMOUNT.

$$

KW
