000
CXUS54 KCRP 012019 RRA
CLMVCT

CLIMATE REPORT
NATIONAL WEATHER SERVICE CORPUS CHRISTI TX
319 PM CDT WED MAY 1 2019

...THE VICTORIA CLIMATE SUMMARY FOR THE MONTH OF APRIL 2019...

CLIMATE NORMAL PERIOD 1981 TO 2010
CLIMATE RECORD PERIOD 1893 TO 2019

WEATHER         OBSERVED          NORMAL  DEPART  LAST YEAR`S
                 VALUE   DATE(S)  VALUE   FROM    VALUE  DATE(S)
                                          NORMAL
................................................................
TEMPERATURE (F)
RECORD
 HIGH             100   04/16/1920
 LOW               33   04/03/1987
HIGHEST            92   04/09        80      12       87  04/25
                                                          04/24
LOWEST             36   04/02        61     -25       43  04/15
                                                          04/08
                                                          04/07
AVG. MAXIMUM     81.7              80.5     1.2     79.9
AVG. MINIMUM     58.6              59.3    -0.7     56.3
MEAN             70.1              69.9     0.2     68.1
DAYS MAX >= 90      2               0.8     1.2        0
DAYS MAX <= 32      0               0.0     0.0        0
DAYS MIN <= 32      0               0.0     0.0        0
DAYS MIN <= 0       0               0.0     0.0        0

PRECIPITATION (INCHES)
RECORD
 MAXIMUM        11.70   1997
 MINIMUM            T   1987
TOTALS           2.17              2.82   -0.65     1.39
DAILY AVG.       0.07              0.09   -0.02     0.05
DAYS >= .01         7               6.1     0.9        5
DAYS >= .10         3               3.2    -0.2        2
DAYS >= .50         2               1.3     0.7        2
DAYS >= 1.00        1               0.7     0.3        0
GREATEST
 24 HR. TOTAL    1.24   04/18 TO 04/18           04/14 TO 04/14

SNOWFALL (INCHES)
RECORDS
 TOTAL            0.0   MM
 24 HR TOTAL      0.0   MM
TOTALS            0.0               0.0     0.0      0.0
SINCE 7/1           T               0.1    -0.1      2.0
SNOWDEPTH AVG.      0                MM      MM        0
DAYS >= 1.0         0               0.0     0.0        0
GREATEST
 SNOW DEPTH         0   MM                             0
 24 HR TOTAL      0.0   04/30 TO 04/30               0.0

DEGREE_DAYS
HEATING TOTAL      33                30       3       31
 SINCE 7/1       1236              1248     -12     1133
COOLING TOTAL     194               177      17      131
 SINCE 1/1        339               289      50      371
.................................................................

WIND (MPH)
AVERAGE WIND SPEED              11.2
HIGHEST WIND SPEED/DIRECTION    35/310    DATE  04/18
HIGHEST GUST SPEED/DIRECTION    46/290    DATE  04/18

SKY COVER
AVERAGE SKY COVER           0.40

AVERAGE RH (PERCENT)     70

WEATHER CONDITIONS. NUMBER OF DAYS WITH
THUNDERSTORM              3     MIXED PRECIP                0
HEAVY RAIN                3     RAIN                        3
LIGHT RAIN                9     FREEZING RAIN               0
LT FREEZING RAIN          0     HAIL                        0
HEAVY SNOW                0     SNOW                        0
LIGHT SNOW                0     SLEET                       0
FOG                      17     FOG W/VIS <= 1/4 MILE       3
HAZE                     12

-  INDICATES NEGATIVE NUMBERS.
R  INDICATES RECORD WAS SET OR TIED.
MM INDICATES DATA IS MISSING.
T  INDICATES TRACE AMOUNT.

$$

87
