000
CXUS53 KLOT 011350
CLMVPZ


CLIMATE REPORT
NATIONAL WEATHER SERVICE CHICAGO IL
836 AM CDT WED MAY 1 2019

...................................

...THE VALPARAISO CLIMATE SUMMARY FOR THE MONTH OF APRIL 2019...

CLIMATE NORMAL PERIOD 1981 TO 2010
CLIMATE RECORD PERIOD 1998 TO 2019

WEATHER         OBSERVED          NORMAL  DEPART  LAST YEAR`S
                 VALUE   DATE(S)  VALUE   FROM    VALUE
                                          NORMAL
.............................................................
TEMPERATURE (F)
RECORD
 HIGH              88   04/18/2002
                        04/18/2002
 LOW               19   04/08/2018
HIGHEST            79   04/22        60      19       79
LOWEST             25   04/01        38     -13       19
AVG. MAXIMUM     61.3              59.7     1.6     53.3
AVG. MINIMUM     39.9              38.5     1.4     32.8
MEAN             50.6              49.1     1.5     43.0

PRECIPITATION (INCHES)
RECORD
 MAXIMUM         6.22   1999
 MINIMUM         1.15   2005
TOTALS           4.95              3.53    1.42     1.29

DEGREE_DAYS
HEATING TOTAL     422               482     -60      652
 SINCE 7/1       5729              6059    -330     5810
COOLING TOTAL       0                 5      -5        0
 SINCE 1/1          0                 5      -5        0
..............................................................

WIND (MPH)
AVERAGE WIND SPEED              10.5
HIGHEST WIND SPEED/DIRECTION    35/240    DATE  04/12
HIGHEST GUST SPEED/DIRECTION    49/220    DATE  04/12

AVERAGE RH (PERCENT)     62


-  INDICATES NEGATIVE NUMBERS.
R  INDICATES RECORD WAS SET OR TIED.
MM INDICATES DATA IS MISSING.
T  INDICATES TRACE AMOUNT.

$$
