000
CXUS53 KLOT 011151
CLMVPZ


CLIMATE REPORT
NATIONAL WEATHER SERVICE CHICAGO IL
642 AM CDT TUE MAY 1 2018

...................................

...THE VALPARAISO CLIMATE SUMMARY FOR THE MONTH OF APRIL 2018...

CLIMATE NORMAL PERIOD 1981 TO 2010
CLIMATE RECORD PERIOD 1998 TO 2018

WEATHER         OBSERVED          NORMAL  DEPART  LAST YEAR`S
                 VALUE   DATE(S)  VALUE   FROM    VALUE
                                          NORMAL
.............................................................
TEMPERATURE (F)
RECORD
 HIGH              88   04/18/2002
                        04/18/2002
 LOW               19   04/08/2018
HIGHEST            79   04/30        60      19       82
                        04/12
LOWEST             19R  04/08        38     -19       32
AVG. MAXIMUM     53.3              59.7    -6.4     65.5
AVG. MINIMUM     32.8              38.5    -5.7     43.5
MEAN             43.0              49.1    -6.1     54.5

PRECIPITATION (INCHES)
RECORD
 MAXIMUM         6.22   1999
 MINIMUM         1.15   2005
TOTALS           1.29              3.53   -2.24     5.40

DEGREE_DAYS
HEATING TOTAL     652               482     170      323
 SINCE 7/1       5810              6059    -249     4819
COOLING TOTAL       0                 5      -5       13
 SINCE 1/1          0                 5      -5       13
..............................................................

WIND (MPH)
AVERAGE WIND SPEED              9.1
HIGHEST WIND SPEED/DIRECTION    32/280    DATE  04/04
HIGHEST GUST SPEED/DIRECTION    41/280    DATE  04/04

AVERAGE RH (PERCENT)     63


-  INDICATES NEGATIVE NUMBERS.
R  INDICATES RECORD WAS SET OR TIED.
MM INDICATES DATA IS MISSING.
T  INDICATES TRACE AMOUNT.

$$
