949
CXUS53 KLOT 011344
CLMVPZ


CLIMATE REPORT
NATIONAL WEATHER SERVICE CHICAGO IL
829 AM CDT THU AUG 1 2019

...................................

...THE VALPARAISO CLIMATE SUMMARY FOR THE MONTH OF JULY 2019...

CLIMATE NORMAL PERIOD 1981 TO 2010
CLIMATE RECORD PERIOD 1998 TO 2019

WEATHER         OBSERVED          NORMAL  DEPART  LAST YEAR`S
                 VALUE   DATE(S)  VALUE   FROM    VALUE
                                          NORMAL
.............................................................
TEMPERATURE (F)
RECORD
 HIGH             101   07/21/2011
 LOW               43   07/02/2001
HIGHEST            97   07/20        83      14       94
LOWEST             56   07/25        63      -7       54
AVG. MAXIMUM     87.2              82.8     4.4     85.7
AVG. MINIMUM     67.2              62.4     4.8     63.7
MEAN             77.2              72.6     4.6     74.7

PRECIPITATION (INCHES)
RECORD
 MAXIMUM         8.16   2003
 MINIMUM         1.32   2013
TOTALS           1.98              4.34   -2.36     1.59

DEGREE_DAYS
HEATING TOTAL       0                 4      -4        0
 SINCE 7/1          0                 4      -4        0
COOLING TOTAL     386               240     146      309
 SINCE 1/1        596               451     145      720
..............................................................

WIND (MPH)
AVERAGE WIND SPEED              6.5
HIGHEST WIND SPEED/DIRECTION    23/230    DATE  07/27
HIGHEST GUST SPEED/DIRECTION    39/350    DATE  07/20

AVERAGE RH (PERCENT)     67


-  INDICATES NEGATIVE NUMBERS.
R  INDICATES RECORD WAS SET OR TIED.
MM INDICATES DATA IS MISSING.
T  INDICATES TRACE AMOUNT.

$$
