000
CXUS52 KMLB 011227
CLMVRB


CLIMATE REPORT
NATIONAL WEATHER SERVICE MELBOURNE FL
731 AM EDT WED MAY 1 2019

...................................

...THE VERO BEACH CLIMATE SUMMARY FOR THE MONTH OF APRIL 2019...

CLIMATE NORMAL PERIOD 1981 TO 2010
CLIMATE RECORD PERIOD 1942 TO 2019

WEATHER         OBSERVED          NORMAL  DEPART  LAST YEAR`S
                 VALUE   DATE(S)  VALUE   FROM    VALUE
                                          NORMAL
.............................................................
TEMPERATURE (F)
MONTHLY RECORD
 HOTTEST         76.9   2015
 COLDEST         66.7   1950
DAILY RECORD
 HIGH              95   04/26/2015
                        04/10/1977
                        04/26/1945
 LOW               36   04/05/1987
APRIL 2019
HIGHEST            88   04/26                         92
                        04/14
LOWEST             51   04/22                         49
                        04/21
AVG. MAXIMUM     83.0              80.5     2.5     83.2
AVG. MINIMUM     63.6              61.2     2.4     62.5
MEAN             73.3              70.9     2.4
DAYS MAX >= 90      0               0.8    -0.8        2
DAYS MAX <= 32      0               0.0     0.0        0
DAYS MIN <= 32      0               0.0     0.0        0
DAYS MIN <= 0       0               0.0     0.0        0

PRECIPITATION (INCHES)
MONTHLY RECORD
 MAXIMUM        10.45   1997
 MINIMUM         0.02   1946
DAILY RECORD
 MAXIMUM         4.13   04/07/1951
APRIL 2019
TOTALS           2.09              2.72   -0.63     4.55
DAYS >= .01         4               6.0    -2.0        7
DAYS >= .10         4               4.1    -0.1        5
DAYS >= .50         2               1.6     0.4        3
DAYS >= 1.00        1               0.8     0.2        2
GREATEST
 24 HR. TOTAL    1.24   04/05 TO 04/05

SNOWFALL (INCHES)
TOTALS            0.0               0.0     0.0      0.0
SINCE 7/1         0.0               0.0     0.0      0.0
DAYS >= TRACE       0                                  0

DEGREE_DAYS
HEATING TOTAL       0                15     -15        2
 SINCE 7/1        287               455    -168      365
COOLING TOTAL     259               190      69      245
 SINCE 1/1        620               458     162      626
..............................................................

WIND (MPH)
AVERAGE WIND SPEED              9.5
HIGHEST WIND SPEED/DIRECTION    30/240    DATE  04/14
HIGHEST GUST SPEED/DIRECTION    37/230    DATE  04/19

SKY COVER
POSSIBLE SUNSHINE (PERCENT)   MM
AVERAGE SKY COVER           0.30
NUMBER OF DAYS FAIR           21
NUMBER OF DAYS PC              9
NUMBER OF DAYS CLOUDY          0

AVERAGE RH (PERCENT)     71

WEATHER CONDITIONS. NUMBER OF DAYS WITH

THUNDERSTORM              3     MIXED PRECIP                0
HEAVY RAIN                3     RAIN                        1
LIGHT RAIN                6     FREEZING RAIN               0
LT FREEZING RAIN          0     HAIL                        0
HEAVY SNOW                0     SNOW                        0
LIGHT SNOW                0     SLEET                       0
FOG                       6     FOG W/VIS <= 1/4 MILE       1
HAZE                      5


-  INDICATES NEGATIVE NUMBERS.
R  INDICATES RECORD WAS SET OR TIED.
MM INDICATES DATA IS MISSING.
T  INDICATES TRACE AMOUNT.

$$
