767
CXUS52 KMLB 011718
CLMVRB


CLIMATE REPORT
NATIONAL WEATHER SERVICE MELBOURNE FL
1216 PM EDT MON JUL 1 2019

...................................

...THE VERO BEACH CLIMATE SUMMARY FOR THE MONTH OF JUNE 2019...

CLIMATE NORMAL PERIOD 1981 TO 2010
CLIMATE RECORD PERIOD 1942 TO 2019

WEATHER         OBSERVED          NORMAL  DEPART  LAST YEAR`S
                 VALUE   DATE(S)  VALUE   FROM    VALUE
                                          NORMAL
.............................................................
TEMPERATURE (F)
MONTHLY RECORD
 HOTTEST         83.4   1998
 COOLEST         77.5   1966
DAILY RECORD
 HIGH             102   06/22/2009
 LOW               57   06/01/1984
JUNE 2019
HIGHEST            97   06/21                         97
LOWEST             70   06/30                         68
                        06/02
AVG. MAXIMUM     90.9              88.3     2.6     89.8
AVG. MINIMUM     73.6              72.1     1.5     71.8
MEAN             82.2              80.2     2.0
DAYS MAX >= 90     22               8.3    13.7       15
DAYS MAX <= 32      0               0.0     0.0        0
DAYS MIN <= 32      0               0.0     0.0        0
DAYS MIN <= 0       0               0.0     0.0        0

PRECIPITATION (INCHES)
MONTHLY RECORD
 MAXIMUM        20.73   1992
 MINIMUM         0.30   1998
DAILY RECORD
 MAXIMUM         4.60   06/08/1973
JUNE 2019
TOTALS           3.41              6.67   -3.26     3.34
DAYS >= .01        13              13.9    -0.9       13
DAYS >= .10         8               9.3    -1.3        7
DAYS >= .50         2               4.2    -2.2        2
DAYS >= 1.00        0               2.4    -2.4        1
GREATEST
 24 HR. TOTAL    0.85   06/09 TO 06/09

SNOWFALL (INCHES)
TOTALS            0.0               0.0     0.0      0.0
SINCE 7/1         0.0               0.0     0.0      0.0
DAYS >= TRACE       0                                  0

DEGREE_DAYS
HEATING TOTAL       0                 0       0        0
 SINCE 7/1        287               456    -169      365
COOLING TOTAL     525               456      69      483
 SINCE 1/1       1560              1262     298     1471
..............................................................

WIND (MPH)
AVERAGE WIND SPEED              6.8
HIGHEST WIND SPEED/DIRECTION    33/260    DATE  06/18
HIGHEST GUST SPEED/DIRECTION    41/260    DATE  06/18

SKY COVER
POSSIBLE SUNSHINE (PERCENT)   MM
AVERAGE SKY COVER           0.20
NUMBER OF DAYS FAIR           26
NUMBER OF DAYS PC              4
NUMBER OF DAYS CLOUDY          0

AVERAGE RH (PERCENT)     75

WEATHER CONDITIONS. NUMBER OF DAYS WITH
THUNDERSTORM             17     MIXED PRECIP                0
HEAVY RAIN                5     RAIN                        7
LIGHT RAIN               17     FREEZING RAIN               0
LT FREEZING RAIN          0     HAIL                        0
HEAVY SNOW                0     SNOW                        0
LIGHT SNOW                0     SLEET                       0
FOG                      19     FOG W/VIS <= 1/4 MILE       1
HAZE                      3



-  INDICATES NEGATIVE NUMBERS.
R  INDICATES RECORD WAS SET OR TIED.
MM INDICATES DATA IS MISSING.
T  INDICATES TRACE AMOUNT.

$$
