000
CXUS53 KLBF 011126
CLMVTN


CLIMATE REPORT
NATIONAL WEATHER SERVICE NORTH PLATTE
624 AM CDT WED MAY 1 2019

...................................

...THE VALENTINE NE CLIMATE SUMMARY FOR THE MONTH OF APRIL 2019...

CLIMATE NORMAL PERIOD 1981 TO 2010
CLIMATE RECORD PERIOD 1885 TO 2019

WEATHER         OBSERVED          NORMAL  DEPART  LAST YEAR`S
                 VALUE   DATE(S)  VALUE   FROM    VALUE  DATE(S)
                                          NORMAL
................................................................
TEMPERATURE (F)
RECORD
 HIGH             100   04/30/1992
 LOW               -8   04/03/1936
HIGHEST            93   04/20        85       8       85  04/11
LOWEST             14   04/13        16      -2        5  04/04
AVG. MAXIMUM     61.0              60.3     0.7     54.4
AVG. MINIMUM     33.6              33.0     0.6     27.1
MEAN             47.3              46.7     0.6     40.8
DAYS MAX >= 90      1               0.3     0.7        0
DAYS MAX <= 32      1               0.6     0.4        4
DAYS MIN <= 32     13              13.2    -0.2       19
DAYS MIN <= 0       0               0.0     0.0        0

PRECIPITATION (INCHES)
RECORD
 MAXIMUM         7.03   1892
 MINIMUM         0.12   1910
TOTALS           2.03              2.22   -0.19     1.82
DAILY AVG.       0.07              0.07    0.00     0.06
DAYS >= .01        11               9.1     1.9       13
DAYS >= .10         6               4.5     1.5        7
DAYS >= .50         0               1.6    -1.6        1
DAYS >= 1.00        0               0.2    -0.2        0
GREATEST
 24 HR. TOTAL    0.44   04/11 TO 04/11

SNOWFALL (INCHES)
RECORDS
 TOTAL           32.2   1920
TOTALS            8.6               4.6     4.0     15.7
SINCE 7/1        46.0              33.2    12.8     45.5
SNOWDEPTH AVG.      1                MM      MM        1
DAYS >= 1.0         3               1.2     1.8        6
GREATEST
 SNOW DEPTH         7   04/12                          9  04/14
 24 HR TOTAL      4.4   04/11 TO 04/11

DEGREE_DAYS
HEATING TOTAL     525               554     -29      723
 SINCE 7/1       6934              6683     251     6695
COOLING TOTAL       0                 4      -4        3
 SINCE 1/1          0                 4      -4        3
.................................................................

WIND (MPH)
AVERAGE WIND SPEED              11.7
HIGHEST WIND SPEED/DIRECTION    39/040    DATE  04/10
HIGHEST GUST SPEED/DIRECTION    55/040    DATE  04/10

SKY COVER
POSSIBLE SUNSHINE (PERCENT)   MM
AVERAGE SKY COVER           0.50
NUMBER OF DAYS FAIR           13
NUMBER OF DAYS PC             11
NUMBER OF DAYS CLOUDY          6

AVERAGE RH (PERCENT)     61

WEATHER CONDITIONS. NUMBER OF DAYS WITH
  0
  2
  0
  0
  3
  0
  5
HAZE                     11

-  INDICATES NEGATIVE NUMBERS.
R  INDICATES RECORD WAS SET OR TIED.
MM INDICATES DATA IS MISSING.
T  INDICATES TRACE AMOUNT.

$$
