000
CXUS53 KLBF 011456
CLMVTN


CLIMATE REPORT
NATIONAL WEATHER SERVICE NORTH PLATTE
954 AM CDT THU AUG 1 2019

...................................

...THE VALENTINE NE CLIMATE SUMMARY FOR THE MONTH OF JULY 2019...

CLIMATE NORMAL PERIOD 1981 TO 2010
CLIMATE RECORD PERIOD 1885 TO 2019

WEATHER         OBSERVED          NORMAL  DEPART  LAST YEAR`S
                 VALUE   DATE(S)  VALUE   FROM    VALUE  DATE(S)
                                          NORMAL
................................................................
TEMPERATURE (F)
RECORD
 HIGH             114   07/02/1990
 LOW               38   07/30/1971
HIGHEST           100   07/14       103      -3      102  07/11
LOWEST             48   07/22        47       1       52  07/31
AVG. MAXIMUM     88.8              88.7     0.1     88.0
AVG. MINIMUM     62.7              60.4     2.3     63.8
MEAN             75.8              74.5     1.3     75.9
DAYS MAX >= 90     15              13.8     1.2       14
DAYS MAX <= 32      0               0.0     0.0        0
DAYS MIN <= 32      0               0.0     0.0        0
DAYS MIN <= 0       0               0.0     0.0        0

PRECIPITATION (INCHES)
RECORD
 MAXIMUM         8.96   1983
 MINIMUM         0.04   1936
TOTALS           4.26              3.21    1.05     5.94
DAILY AVG.       0.14              0.10    0.04     0.19
DAYS >= .01        17               9.5     7.5       11
DAYS >= .10         7               5.6     1.4        6
DAYS >= .50         2               1.9     0.1        4
DAYS >= 1.00        1               0.8     0.2        3
GREATEST
 24 HR. TOTAL    1.60   07/05 TO 07/05

SNOWFALL (INCHES)
RECORDS
 TOTAL            0.0   2002
TOTALS            0.0               0.0     0.0      0.0
SINCE 7/1         0.0               0.0     0.0      0.0
SNOWDEPTH AVG.      0                MM      MM        0
DAYS >= 1.0         0               0.0     0.0        0
GREATEST
 SNOW DEPTH         0   MM                             0  MM
 24 HR TOTAL      0.0   MM

DEGREE_DAYS
HEATING TOTAL       1                 8      -7        0
 SINCE 7/1          1                 8      -7        0
COOLING TOTAL     344               304      40      347
 SINCE 1/1        534               475      59      683
.................................................................

WIND (MPH)
AVERAGE WIND SPEED              9.7
HIGHEST WIND SPEED/DIRECTION    39/260    DATE  07/15
HIGHEST GUST SPEED/DIRECTION    55/260    DATE  07/15

SKY COVER
POSSIBLE SUNSHINE (PERCENT)   MM
AVERAGE SKY COVER           0.20
NUMBER OF DAYS FAIR           22
NUMBER OF DAYS PC              9
NUMBER OF DAYS CLOUDY          0

AVERAGE RH (PERCENT)     63

WEATHER CONDITIONS. NUMBER OF DAYS WITH
  0
 11
  0
  0
  0
  0
  1
HAZE                      3

-  INDICATES NEGATIVE NUMBERS.
R  INDICATES RECORD WAS SET OR TIED.
MM INDICATES DATA IS MISSING.
T  INDICATES TRACE AMOUNT.

$$
