000
CXUS55 KLKN 021342 AAA
CLMWMC

CLIMATE REPORT
NATIONAL WEATHER SERVICE ELKO NV
644 AM PDT THU MAY 2 2019

...................................

...THE WINNEMUCCA AIRPORT NV CLIMATE SUMMARY FOR THE MONTH OF APRIL
2019...

CLIMATE NORMAL PERIOD 1981 TO 2010
CLIMATE RECORD PERIOD 1877 TO 2019

WEATHER         OBSERVED          NORMAL  DEPART  LAST YEAR`S
                 VALUE   DATE(S)  VALUE   FROM    VALUE  DATE(S)
                                          NORMAL
................................................................
TEMPERATURE (F)
RECORD
 HIGH              90   04/23/2012
                        04/22/2012
                        04/30/1981
 LOW                6   04/30/1972
HIGHEST            81   04/25        80       1       83  04/26
LOWEST             24   04/17        16       8       19  04/03
AVG. MAXIMUM     65.1              62.5     2.6     64.6
AVG. MINIMUM     36.0              30.7     5.3     34.0
MEAN             50.5              46.6     3.9     49.3
DAYS MAX >= 90      0               0.0     0.0        0
DAYS MAX <= 32      0               0.0     0.0        0
DAYS MIN <= 32     10              16.8    -6.8       14
DAYS MIN <= 0       0               0.0     0.0        0

PRECIPITATION (INCHES)
RECORD
 MAXIMUM         3.34   1935
 MINIMUM         0.06   1959
                        1921
TOTALS           0.93              0.89    0.04     1.65
DAILY AVG.       0.03              0.03    0.00     0.05
DAYS >= .01         9               7.7     1.3        8
DAYS >= .10         4               2.6     1.4        5
DAYS >= .50         0               0.3    -0.3        2
DAYS >= 1.00        0               0.1    -0.1        0
GREATEST
 24 HR. TOTAL    0.28   04/30 TO 04/30              0.56

SNOWFALL (INCHES)
RECORDS
 TOTAL           12.0   1964
TOTALS            2.6               1.6     1.0      1.7
SINCE 7/1        41.4              20.8    20.6     28.1
SNOWDEPTH AVG.      0                                  0
DAYS >= TRACE       2               1.9     0.1        4
DAYS >= 1.0         1               0.5     0.5        1
GREATEST
 SNOW DEPTH         0   MM                             1
 24 HR TOTAL      2.6   04/30 TO 04/30               1.1

DEGREE_DAYS
HEATING TOTAL     426               552    -126      464
 SINCE 7/1       5646              5880    -234     5481
COOLING TOTAL       0                 0       0        0
 SINCE 1/1          0                 0       0        0
.................................................................

WIND (MPH)
AVERAGE WIND SPEED              8.7
HIGHEST WIND SPEED/DIRECTION    36/270    DATE  04/20
HIGHEST GUST SPEED/DIRECTION    43/270    DATE  04/20

AVERAGE RH (PERCENT)     56

WEATHER CONDITIONS. NUMBER OF DAYS WITH
THUNDERSTORM              1     MIXED PRECIP               0
HEAVY RAIN                0     RAIN                       1
LIGHT RAIN               13     FREEZING RAIN              0
LT FREEZING RAIN          0     HAIL                       0
HEAVY SNOW                1     SNOW                       1
LIGHT SNOW                1     SLEET                      0
FOG                       5     FOG W/VIS <= 1/4 MILE      1
HAZE                      1

-  INDICATES NEGATIVE NUMBERS.
R  INDICATES RECORD WAS SET OR TIED.
MM INDICATES DATA IS MISSING.
T  INDICATES TRACE AMOUNT.

$$
=====================================================================
...APRIL IN WINNEMUCCA WAS WARM WITH NEAR NORMAL PRECIPITATION AND
ABOVE NORMAL SNOWFALL...

THE AVERAGE TEMPERATURE IN WINNEMUCCA DURING APRIL 2019 WAS 50.5
DEGREES... WHICH IS 3.9 DEGREES ABOVE THE 1981-2010 CLIMATOLOGICAL
NORMAL OF 46.6 DEGREES.  THIS MAKES APRIL 2019 THE 19TH WARMEST ON
RECORD.  THE TOTAL PRECIPITATION WAS 0.93 INCHES... WHICH IS 0.04
INCHES ABOVE THE 1981-2010 CLIMATOLOGICAL NORMAL OF 0.89 INCHES.
THIS MAKES APRIL 2019 THE 55TH DRIEST ON RECORD, AT 105 PERCENT OF
NORMAL PRECIPITATION. TOTAL SNOWFALL OF 2.6 INCHES...WHICH IS 1.0
INCHES ABOVE THE 1981-2010 CLIMATOLOGICAL NORMAL OF 1.6 INCHES. THIS
MAKES APRIL WINNEMUCCA`S 36TH SNOWIEST APRIL AT 163 PERCENT OF
NORMAL SNOWFALL.


$$
DTK
