000
CXUS55 KLKN 032331
CLMWMC


CLIMATE REPORT
NATIONAL WEATHER SERVICE ELKO NV
430 PM PDT SAT AUG 3 2019

...................................

...THE WINNEMUCCA AIRPORT NV CLIMATE SUMMARY FOR THE MONTH OF JULY 2019...

CLIMATE NORMAL PERIOD 1981 TO 2010
CLIMATE RECORD PERIOD 1877 TO 2019

WEATHER         OBSERVED          NORMAL  DEPART  LAST YEAR`S
                 VALUE   DATE(S)  VALUE   FROM    VALUE  DATE(S)
                                          NORMAL
................................................................
TEMPERATURE (F)
RECORD
 HIGH             109   07/11/2002
 LOW               29   07/10/1983
                        07/05/1955
HIGHEST           101   07/21       102      -1      104  07/24
                        07/12
LOWEST             42   07/06        38       4       44  07/01
                        07/05
                        07/01
AVG. MAXIMUM     93.3              93.2     0.1     99.3
AVG. MINIMUM     52.1              51.8     0.3     56.9
MEAN             72.7              72.5     0.2     78.1
DAYS MAX >= 90     24              22.5     1.5       30
DAYS MAX <= 32      0               0.0     0.0        0
DAYS MIN <= 32      0               0.0     0.0        0
DAYS MIN <= 0       0               0.0     0.0        0

PRECIPITATION (INCHES)
RECORD
 MAXIMUM         1.74   1984
 MINIMUM         0.00   1963
                        1947
                        1885
TOTALS           0.05              0.25   -0.20     0.08
DAILY AVG.       0.00              0.01   -0.01     0.00
DAYS >= .01         2               2.3    -0.3        1
DAYS >= .10         0               0.5    -0.5        0
DAYS >= .50         0               0.1    -0.1        0
DAYS >= 1.00        0               0.0     0.0        0
GREATEST
 24 HR. TOTAL    0.03   07/26 TO 07/26              0.08

SNOWFALL (INCHES)
RECORDS
 TOTAL              T   2013
                        1902
TOTALS            0.0               0.0     0.0      0.0
SINCE 7/1         0.0               0.0     0.0      0.0
SNOWDEPTH AVG.      0                                  0
DAYS >= TRACE       0               0.0     0.0        0
DAYS >= 1.0         0               0.0     0.0        0
GREATEST
 SNOW DEPTH         0   MM                             0
 24 HR TOTAL      0.0   07/31 TO 07/31               0.0

DEGREE_DAYS
HEATING TOTAL       0                10     -10        0
 SINCE 7/1          0                10     -10        0
COOLING TOTAL     246               243       3      413
 SINCE 1/1        302               333     -31      513
.................................................................

WIND (MPH)
AVERAGE WIND SPEED              7.1
HIGHEST WIND SPEED/DIRECTION    28/050    DATE  07/20
HIGHEST GUST SPEED/DIRECTION    36/150    DATE  07/22

AVERAGE RH (PERCENT)     33

WEATHER CONDITIONS. NUMBER OF DAYS WITH
THUNDERSTORM              3     MIXED PRECIP               0
HEAVY RAIN                0     RAIN                       0
LIGHT RAIN                3     FREEZING RAIN              0
LT FREEZING RAIN          0     HAIL                       0
HEAVY SNOW                0     SNOW                       0
LIGHT SNOW                0     SLEET                      0
FOG                       0     FOG W/VIS <= 1/4 MILE      0
HAZE                      3

-  INDICATES NEGATIVE NUMBERS.
R  INDICATES RECORD WAS SET OR TIED.
MM INDICATES DATA IS MISSING.
T  INDICATES TRACE AMOUNT.

$$
