000
CXUS55 KRIW 022359
CLMWRL

CLIMATE REPORT
NATIONAL WEATHER SERVICE RIVERTON WY
559 PM MDT FRI AUG 2 2019

...PRELIMINARY MONTHLY CLIMATE SUMMARY FOR WORLAND MUNICIPAL AIRPORT
FOR THE MONTH OF JULY 2019...

...OFFICIAL CLIMATE DATA FOR THE MONTH OF JULY 2019 WILL BE AVAILABLE
APPROXIMATELY IN 60 DAYS FROM THE NATIONAL CENTERS FOR ENVIRONMENTAL
INFORMATION (HTTP://WWW.NCDC.NOAA.GOV/CDO-WEB/DATASETS). UNOFFICIAL
ASOS DAILY SUMMARIES ARE AVAILABLE ON THE INTERNET AT
HTTP://WWW.WEATHER.GOV/CLIMATE/INDEX.PHP?WFO=RIW

...JULY WAS SLIGHTLY COOLER AND WETTER THAN NORMAL FOR WORLAND...

THE AVERAGE TEMPERATURE FOR WORLAND IN JULY WAS 71.4 DEGREES...WHICH
WAS 0.6 DEGREES BELOW NORMAL. THE WARMEST READING OF THE MONTH WAS
98 DEGREES ON THE 11TH. THE COLDEST READING WAS 48 DEGREES ON THE
10TH...WHICH TIED THE RECORD LOW PREVIOUSLY SET IN 2009.

TOTAL PRECIPITATION FOR THE MONTH WAS 0.81 INCHES...WHICH WAS 114
PERCENT OF NORMAL. THE WETTEST 24 HOUR PERIOD WAS ON THE 4TH WHEN
0.41 INCHES FELL.  THIS BROKE THE PREVIOUS RECORD OF 0.12 INCHES SET
BACK IN 1977. A RECORD WAS ALSO SET ON THE 8TH WHEN 0.32 INCHES FELL
BREAKING 0.10 INCHES FROM 2013.
THE HIGHEST WIND GUST WAS 65 MPH ON THE 12TH.

...THE WORLAND WY CLIMATE SUMMARY FOR THE MONTH OF JULY 2019...

CLIMATE NORMAL PERIOD 1981 TO 2010
CLIMATE RECORD PERIOD 1947 TO 2019

WEATHER         OBSERVED          NORMAL  DEPART
                 VALUE   DATE(S)  VALUE   FROM
                                          NORMAL
................................................
TEMPERATURE (F)
RECORD
 HIGH             106   07/13/2005
                        07/28/1975
                        07/05/1973
 LOW               38   07/04/1972
HIGHEST            98   07/11
LOWEST             48   07/10
AVG. MAXIMUM     88.6              89.0    -0.4
AVG. MINIMUM     54.2              55.0    -0.8
MEAN             71.4              72.0    -0.6
DAYS MAX >= 90     14
DAYS MAX <= 32      0
DAYS MIN <= 32      0
DAYS MIN <= 0       0

PRECIPITATION (INCHES)
RECORD
 MAXIMUM         2.72   MM
 MINIMUM            T   1996
TOTALS           0.81              0.71    0.10
DAILY AVG.       0.03
DAYS >= .01         4
DAYS >= .10         2
DAYS >= .50         0
DAYS >= 1.00        0
GREATEST
 24 HR. TOTAL    0.41   07/04 TO 07/04

DEGREE_DAYS
HEATING TOTAL       4                13      -9
 SINCE 7/1          4                13      -9
COOLING TOTAL     210               229     -19
 SINCE 1/1        258               325     -67
.................................................

WIND (MPH)
AVERAGE WIND SPEED              5.9
RESULTANT WIND SPEED/DIRECTION   0/051
HIGHEST WIND SPEED/DIRECTION    44/220    DATE  07/12
HIGHEST GUST SPEED/DIRECTION    65/210    DATE  07/12

SKY COVER
POSSIBLE SUNSHINE (PERCENT)   MM
AVERAGE SKY COVER           0.10
NUMBER OF DAYS FAIR           31
NUMBER OF DAYS PC              0
NUMBER OF DAYS CLOUDY          0

AVERAGE RH (PERCENT)     51

WEATHER CONDITIONS. NUMBER OF DAYS WITH
THUNDERSTORM              8     MIXED PRECIP                0
HEAVY RAIN                2     RAIN                        1
LIGHT RAIN               11     FREEZING RAIN               0
LT FREEZING RAIN          0     HAIL                        0
HEAVY SNOW                0     SNOW                        0
LIGHT SNOW                0     SLEET                       0
FOG                       2     FOG W/VIS <= 1/4 MILE       0
HAZE                      1

-  INDICATES NEGATIVE NUMBERS.
R  INDICATES RECORD WAS SET OR TIED.
MM INDICATES DATA IS MISSING.
T  INDICATES TRACE AMOUNT.

LOOKING AHEAD TO AUGUST 2019...THE AVERAGE HIGH TEMPERATURE ON THE
FIRST OF THE MONTH IS 90 DEGREES...AND THE AVERAGE LOW TEMPERATURE
IS 56 DEGREES. THE AVERAGE HIGH BY THE END OF THE MONTH IS 83
DEGREES...AND THE AVERAGE LOW TEMPERATURE IS 49 DEGREES. THE AVERAGE
MONTHLY PRECIPITATION IS 0.43 INCHES.

$$
