999
CXUS56 KMTR 011419
CLMWVI


CLIMATE REPORT
NATIONAL WEATHER SERVICE SAN FRANCISCO BAY AREA
719 AM PDT THU AUG 1 2019

...................................

...THE WATSONVILLE AIRPORT CLIMATE SUMMARY FOR THE MONTH OF JULY 2019...

CLIMATE NORMAL PERIOD 1981 TO 2010
CLIMATE RECORD PERIOD 1998 TO 2019

WEATHER         OBSERVED          NORMAL   LAST YEAR`S
                 VALUE   DATE(S)  VALUE    VALUE  DATE(S)

.........................................................
TEMPERATURE (F)
HIGHEST            85   07/24        MM        94  07/06
LOWEST             50   07/14        MM        51  07/31
                                                   07/04
AVG. MAXIMUM     72.6                        74.1
AVG. MINIMUM     54.8                        54.2
MEAN             63.7              63.1      64.2
DAYS MAX >= 90      0                           1
DAYS MAX <= 32      0                           0
DAYS MIN <= 32      0                           0
DAYS MIN <= 0       0                           0

PRECIPITATION (INCHES)
RECORD
 MAXIMUM           MM   MM
 MINIMUM           MM   MM
TOTALS           0.01                        0.03
DAILY AVG.       0.00                        0.00
DAYS >= .01         1                           1
DAYS >= .10         0                           0
DAYS >= .50         0                           0
DAYS >= 1.00        0                           0
GREATEST
 24 HR. TOTAL    0.01   07/19 TO 07/19    07/03 TO 07/03
                                                   07/31 TO 07/31
                                                   07/31 TO 07/31

DEGREE_DAYS
HEATING TOTAL      47                          49
 SINCE 7/1         47                          49
COOLING TOTAL      13                          31
 SINCE 1/1         54                          35
..........................................................

WIND (MPH)
AVERAGE WIND SPEED              4.5
RESULTANT WIND SPEED/DIRECTION   3/188
HIGHEST WIND SPEED/DIRECTION    16/260    DATE  07/20
HIGHEST GUST SPEED/DIRECTION    20/280    DATE  07/20

SKY COVER
POSSIBLE SUNSHINE (PERCENT)   MM
AVERAGE SKY COVER           0.50
NUMBER OF DAYS FAIR            6
NUMBER OF DAYS PC             19
NUMBER OF DAYS CLOUDY          6

AVERAGE RH (PERCENT)     75

WEATHER CONDITIONS. NUMBER OF DAYS WITH
  0
  0
  0
  0
  0
  0
  8
HAZE                      4

-  INDICATES NEGATIVE NUMBERS.
R  INDICATES RECORD WAS SET OR TIED.
MM INDICATES DATA IS MISSING.
T  INDICATES TRACE AMOUNT.

$$
