000
CXUS56 KMTR 011824
CLMWVI


CLIMATE REPORT
NATIONAL WEATHER SERVICE SAN FRANCISCO BAY AREA
1124 AM PDT WED MAY 1 2019

...................................

...THE WATSONVILLE AIRPORT CLIMATE SUMMARY FOR THE MONTH OF APRIL 2019...

CLIMATE NORMAL PERIOD 1981 TO 2010
CLIMATE RECORD PERIOD 1998 TO 2019

WEATHER         OBSERVED          NORMAL   LAST YEAR`S
                 VALUE   DATE(S)  VALUE    VALUE  DATE(S)

.........................................................
TEMPERATURE (F)
HIGHEST            81   04/18        MM        82  04/09
LOWEST             42   04/10        MM        38  04/17
AVG. MAXIMUM     67.0                        64.9
AVG. MINIMUM     48.5                        45.3
MEAN             57.8              55.5      55.1
DAYS MAX >= 90      0                           0
DAYS MAX <= 32      0                           0
DAYS MIN <= 32      0                           0
DAYS MIN <= 0       0                           0

PRECIPITATION (INCHES)
RECORD
 MAXIMUM           MM   MM
 MINIMUM           MM   MM
TOTALS           0.43                        2.20
DAILY AVG.       0.01                        0.07
DAYS >= .01         7                           6
DAYS >= .10         1                           4
DAYS >= .50         0                           2
DAYS >= 1.00        0                           1
GREATEST
 24 HR. TOTAL    0.18   04/05 TO 04/05    04/07 TO 04/07
                                                   04/30 TO 04/30
                                                   04/30 TO 04/30

DEGREE_DAYS
HEATING TOTAL     210                         287
 SINCE 7/1       2399                        2220
COOLING TOTAL       0                           0
 SINCE 1/1          0                           0
..........................................................

WIND (MPH)
AVERAGE WIND SPEED              4.4
RESULTANT WIND SPEED/DIRECTION   2/243
HIGHEST WIND SPEED/DIRECTION    23/260    DATE  04/20
HIGHEST GUST SPEED/DIRECTION    31/270    DATE  04/20

SKY COVER
POSSIBLE SUNSHINE (PERCENT)   MM
AVERAGE SKY COVER           0.50
NUMBER OF DAYS FAIR           10
NUMBER OF DAYS PC             13
NUMBER OF DAYS CLOUDY          7

AVERAGE RH (PERCENT)     78

WEATHER CONDITIONS. NUMBER OF DAYS WITH
  0
  1
  0
  0
  0
  0
  7
HAZE                      1

-  INDICATES NEGATIVE NUMBERS.
R  INDICATES RECORD WAS SET OR TIED.
MM INDICATES DATA IS MISSING.
T  INDICATES TRACE AMOUNT.

$$
