000
CXUS56 KPDT 022201
CLMYKM

...THE YAKIMA WA CLIMATE SUMMARY FOR THE MONTH OF APRIL 2019...

CLIMATE NORMAL PERIOD 1981 TO 2010
CLIMATE RECORD PERIOD 1909 TO 2019

WEATHER         OBSERVED          NORMAL  DEPART        LAST YEAR`S
                 VALUE   DATE(S)  VALUE   FROM         VALUE DATE(S)
                                          NORMAL

................................................................

TEMPERATURE (F)
RECORD
 HIGH              92   4/24/1977
 LOW               18   4/19/2008
HIGHEST            76   4/18                               87   4/27
LOWEST             28   4/15                               25   4/ 3
AVG. MAXIMUM     64.5            63.8       0.7          65.7
AVG. MINUMUM     40.3            34.4       5.9          38.1
MEAN             52.4            49.1       3.3          51.9
DAYS MAX >= 90      0               0         0             0
DAYS MAX <= 32      0               0         0             0
DAYS MIN <= 32      2              12       -10             7
DAYS MIN <= 0       0               0         0             7


PRECIPITATION (INCHES)
RECORD
 MAXIMUM          1.83   1995
 MINIMUM             T   2015
TOTALS            0.68            0.55      0.13          0.75
DAILY AVG.        0.02            0.02      0.00          0.03
DAYS >=  0.01        7               6         1             4
DAYS >=  0.10        4               2         2             4
DAYS >=  0.50        0               0         0             0
DAYS >=  1.00        0               0         0             0
GREATEST
 24 HR. TOTAL     0.24   4/ 7



SNOWFALL (INCHES)
RECORD
 MAXIMUM           0.8   2010
 MINIMUM           0.0   2018
TOTALS             0.0             0.0       0.0           0.0
SINCE 7/1          2.5            22.0     -19.5           2.4
DAYS >=  TRACE                       0         0
DAYS >=  1.0         0               0         0             0
GREATEST
 24 HR. TOTAL      0.0   4/30


DEGREE DAYS
HEATING TOTAL      371             477      -106           385
 SINCE 7/1        5779            5680        99          4779
COOLING TOTAL        0               0         0             0
 SINCE 1/1           0               0         0             0
