939
CXUS56 KPDT 011404
CLMYKM

CLIMATE REPORT
NATIONAL WEATHER SERVICE PENDLETON OREGON
701 AM PDT THU AUG 01 2019

....................................

...THE YAKIMA WA CLIMATE SUMMARY FOR THE MONTH OF JULY 2019...

CLIMATE NORMAL PERIOD 1981 TO 2010
CLIMATE RECORD PERIOD 1909 TO 2019

WEATHER         OBSERVED          NORMAL  DEPART        LAST YEAR`S
                 VALUE   DATE(S)  VALUE   FROM         VALUE DATE(S)
                                          NORMAL

................................................................

TEMPERATURE (F)
RECORD
 HIGH             109   7/23/2006
 LOW               34   7/ 7/1971
HIGHEST            97   7/22                              103   7/31
LOWEST             47   7/21                               46   7/ 4
AVG. MAXIMUM     86.7            87.9      -1.2          92.9
AVG. MINUMUM     54.0            53.3       0.7          55.6
MEAN             70.3            70.6      -0.3          74.2
DAYS MAX >= 90      8              14        -6            20
DAYS MAX <= 32      0               0         0             0
DAYS MIN <= 32      0               0         0             0
DAYS MIN <= 0       0               0         0             0

PRECIPITATION (INCHES)
RECORD
 MAXIMUM          0.71   1966
 MINIMUM          0.00   2018
TOTALS            0.11            0.22     -0.11          0.00
DAILY AVG.        0.00            0.01     -0.01          0.00
DAYS >=  0.01        2               2         0             0
DAYS >=  0.10        0               1        -1             0
DAYS >=  0.50        0               0         0             0
DAYS >=  1.00        0               0         0             0
GREATEST
 24 HR. TOTAL     0.07   7/23

DEGREE DAYS
HEATING TOTAL        1              19       -18             6
 SINCE 7/1           1              19       -18             6
COOLING TOTAL      175             190       -15           298
 SINCE 1/1         330             273        57           458

.............................................................

WIND (MPH)
AVERAGE WIND SPEED                     6.2
RESULTANT WIND SPEED/DIRECTION         3/265
HIGHEST WIND SPEED/DIRECTION          25/330      DATE          07/27
HIGHEST GUST SPEED/DIRECTION          31/310      DATE          07/07


WEATHER CONDITIONS. NUMBER OF DAYS WITH
THUNDERSTORM               2    MIXED PRECIP                           0
HEAVY RAIN                 0    RAIN                                   0
LIGHT RAIN                 9    FREEZING RAIN                          0
LT FREEZING RAIN           0    HAIL                                   0
HEAVY SNOW                 0    SNOW                                   0
LIGHT SNOW                 0    SLEET                                  0
FOG                        0    FOG W/VIS <=1/4 MILE                   0
HAZE                       2

-  INDICATES NEGATIVE NUMBERS.
R  INDICATES RECORD WAS SET OR TIED.
MM INDICATES DATA IS MISSING.
T  INDICATES TRACE AMOUNT.

$$
