000
CXUS51 KCLE 041650
CLMYNG


CLIMATE REPORT
NATIONAL WEATHER SERVICE CLEVELAND OH
1238 PM EDT SUN AUG 4 2019

...................................

...THE YOUNGSTOWN OH CLIMATE SUMMARY FOR THE MONTH OF JULY 2019...

CLIMATE NORMAL PERIOD 1981 TO 2010
CLIMATE RECORD PERIOD 1897 TO 2019

WEATHER         OBSERVED          NORMAL  DEPART  LAST YEAR`S
                 VALUE   DATE(S)  VALUE   FROM    VALUE
                                          NORMAL
.............................................................
TEMPERATURE (F)
RECORD
 HIGH             100   07/16/1988
                        07/07/1988
                        07/14/1954
 LOW               40   07/02/2001
HIGHEST            91   07/21
                        07/20
                        07/19
LOWEST             52   07/01
AVG. MAXIMUM     85.4              81.4     4.0     84.3
AVG. MINIMUM     63.8              59.7     4.1     61.8
MEAN             74.6              70.5     4.1     73.0
DAYS MAX >= 90      7               2.2     4.8        5
DAYS MAX <= 32      0               0.0     0.0        0
DAYS MIN <= 32      0               0.0     0.0        0
DAYS MIN <= 0       0               0.0     0.0        0

PRECIPITATION (INCHES)
RECORD
 MAXIMUM        10.40   2003
 MINIMUM         0.65
TOTALS           4.16              4.31   -0.15     2.23
DAYS >= .01        11              10.7     0.3        8
DAYS >= .10         8               7.1     0.9        6
DAYS >= .50         3               2.8     0.2        2
DAYS >= 1.00        1               1.2    -0.2        0
GREATEST
 24 HR. TOTAL    1.42   07/07 TO 07/07              0.76

SNOWFALL (INCHES)
RECORDS
 TOTAL              T   2012
                        2008
                        5
TOTALS            0.0               0.0     0.0      0.0
SINCE 7/1         0.0               0.0     0.0      0.0
DAYS >= 1.0         0               0.0     0.0        0
GREATEST
 24 HR TOTAL      0.0   07/31 TO 07/31

DEGREE_DAYS
HEATING TOTAL       0                13     -13        0
 SINCE 7/1          0                13     -13        0
COOLING TOTAL     307               185     122      255
 SINCE 1/1        489               334     155      500
..............................................................

WIND (MPH)
AVERAGE WIND SPEED              6.0
HIGHEST WIND SPEED/DIRECTION    30/010    DATE  07/20
HIGHEST GUST SPEED/DIRECTION    40/010    DATE  07/20

SKY COVER
AVERAGE SKY COVER           0.60

AVERAGE RH (PERCENT)     70

-  INDICATES NEGATIVE NUMBERS.
R  INDICATES RECORD WAS SET OR TIED.
MM INDICATES DATA IS MISSING.
T  INDICATES TRACE AMOUNT.

$$
