873
CXUS51 KPBZ 021755 CCA
CLMZZV

CLIMATE REPORT
NATIONAL WEATHER SERVICE PITTSBURGH PA
155 PM EDT FRI AUG 2 2019

...................................

...THE ZANESVILLE OH CLIMATE SUMMARY FOR THE MONTH OF JULY 2019...

CLIMATE NORMAL PERIOD 1981 TO 2010
CLIMATE RECORD PERIOD 1895 TO 2019

WEATHER         OBSERVED          NORMAL  DEPART  LAST YEAR`S
                 VALUE   DATE(S)  VALUE   FROM    VALUE  DATE(S)
                                          NORMAL
................................................................
TEMPERATURE (F)
RECORD
 HIGH             106   07/14/1936
                        07/25/1934
 LOW               41   07/23/1947

HIGHEST            92   07/21        84       8       93  07/04
                        07/20
LOWEST             54   07/24        62      -8       54  07/08
AVG. MAXIMUM     85.9              83.7     2.2     84.6
AVG. MINIMUM     66.0              62.2     3.8     64.2
MEAN             76.0              73.0     3.0     74.4
DAYS MAX >= 90      7               3.8     3.2        5
DAYS MAX <= 32      0               0.0     0.0        0
DAYS MIN <= 32      0               0.0     0.0        0
DAYS MIN <= 0       0               0.0     0.0        0

PRECIPITATION (INCHES)
RECORD
 MAXIMUM        11.29  07/1907
 MINIMUM         0.85  07/1930
TOTALS           3.75              3.79   -0.04     4.97
DAILY AVG.       0.12              0.12    0.00     0.16
DAYS >= .01         8              10.6    -2.6       13
DAYS >= .10         5               7.0    -2.0       10
DAYS >= .50         4               2.8     1.2        2
DAYS >= 1.00        1               0.8     0.2        1
GREATEST
 24 HR. TOTAL    1.46   07/06 TO 07/06              1.52


DEGREE_DAYS
HEATING TOTAL       0                 3      -3        0
 SINCE 7/1          0                 3      -3        0
COOLING TOTAL     347               249      98      300
 SINCE 1/1        627               461     166      708
.................................................................

WIND (MPH)
AVERAGE WIND SPEED              4.0
HIGHEST WIND SPEED/DIRECTION    24/320    DATE  07/02
HIGHEST GUST SPEED/DIRECTION    32/310    DATE  07/02

AVERAGE RH (PERCENT)     73

WEATHER CONDITIONS. NUMBER OF DAYS WITH
THUNDERSTORM             10     MIXED PRECIP               0
HEAVY RAIN                7     RAIN                       6
LIGHT RAIN               10     FREEZING RAIN              0
LT FREEZING RAIN          0     HAIL                       0
HEAVY SNOW                0     SNOW                       0
LIGHT SNOW                0     SLEET                      0
FOG                      20     FOG W/VIS <= 1/4 MILE      7
HAZE                      3

-  INDICATES NEGATIVE NUMBERS.
R  INDICATES RECORD WAS SET OR TIED.
MM INDICATES DATA IS MISSING.
T  INDICATES TRACE AMOUNT.

$$
