000
CXUS51 KPBZ 011624
CLMZZV


CLIMATE REPORT
NATIONAL WEATHER SERVICE PITTSBURGH PA
1002 AM EDT WED MAY 1 2019

...................................

...THE ZANESVILLE OH CLIMATE SUMMARY FOR THE MONTH OF APRIL 2019...

CLIMATE NORMAL PERIOD 1981 TO 2010
CLIMATE RECORD PERIOD 1895 TO 2019

WEATHER         OBSERVED          NORMAL  DEPART  LAST YEAR`S
                 VALUE   DATE(S)  VALUE   FROM    VALUE  DATE(S)
                                          NORMAL
................................................................
TEMPERATURE (F)
RECORD
 HIGH              92   04/30/1899
                        04/30/1942
 LOW               20   04/10/2016
HIGHEST            82   04/11        62      20       83  04/13
LOWEST             25   04/02        35     -10       25  04/18
AVG. MAXIMUM     66.1              63.3     2.8     57.9
AVG. MINIMUM     43.7              39.7     4.0     36.3
MEAN             54.9              51.5     3.4     47.1
DAYS MAX >= 90      0               0.0     0.0        0
DAYS MAX <= 32      0               0.0     0.0        0
DAYS MIN <= 32      3               6.4    -3.4       15
DAYS MIN <= 0       0               0.0     0.0        0

PRECIPITATION (INCHES)
RECORD
 MAXIMUM         8.04   2011

TOTALS           3.88              3.44    0.44     5.82
DAILY AVG.       0.13              0.11    0.02     0.19
DAYS >= .01        14              13.0     1.0       14
DAYS >= .10         9               7.9     1.1        5
DAYS >= .50         2               2.2    -0.2        3
DAYS >= 1.00        2               0.6     1.4        3
GREATEST
 24 HR. TOTAL    1.10   04/14 TO 04/14              1.77
 STORM TOTAL     1.16   04/14(02) TO 04/15(05)      1.95

DEGREE_DAYS
HEATING TOTAL     301               413    -112      540
 SINCE 7/1       5062              5357    -295     5342
COOLING TOTAL       5                 8      -3       10
 SINCE 1/1          6                 9      -3       15
.................................................................

WIND (MPH)
AVERAGE WIND SPEED              6.8
HIGHEST WIND SPEED/DIRECTION    33/280    DATE  04/14
HIGHEST GUST SPEED/DIRECTION    47/280    DATE  04/14

AVERAGE RH (PERCENT)     63

WEATHER CONDITIONS. NUMBER OF DAYS WITH
THUNDERSTORM              4     MIXED PRECIP               0
HEAVY RAIN                6     RAIN                       7
LIGHT RAIN               14     FREEZING RAIN              0
LT FREEZING RAIN          0     HAIL                       0
HEAVY SNOW                0     SNOW                       0
LIGHT SNOW                0     SLEET                      0
FOG                      15     FOG W/VIS <= 1/4 MILE      0
HAZE                      3

-  INDICATES NEGATIVE NUMBERS.
R  INDICATES RECORD WAS SET OR TIED.
MM INDICATES DATA IS MISSING.
T  INDICATES TRACE AMOUNT.

$$
