060
CXUS53 KGRR 031727
CLSBTL

CLIMATE REPORT
NATIONAL WEATHER SERVICE GRAND RAPIDS, MI
1227 PM EST SAT MAR 3 2018

...................................

...THE BATTLE CREEK MI CLIMATE SUMMARY FOR THE SEASON, FROM
12/1/2017 TO 2/28/2018...

CLIMATE NORMAL PERIOD 1981 TO 2010
CLIMATE RECORD PERIOD 1998 TO 2018

WEATHER         OBSERVED          NORMAL  DEPART  LAST YEAR`S
                 VALUE   DATE(S)  VALUE   FROM    VALUE  DATE(S)
                                          NORMAL
................................................................
TEMPERATURE (F)
HIGHEST            62   02/20        MM      MM       66  02/18
LOWEST            -11   12/31        MM      MM       -2  01/06
AVG. MAXIMUM     33.7              34.0    -0.3     37.6
AVG. MINIMUM     18.9              17.6     1.3     24.2
MEAN             26.3              25.8     0.5     30.9
DAYS MAX >= 90      0               0.0     0.0        0
DAYS MAX <= 32     44              37.9     6.1       29
DAYS MIN <= 32     77              82.8    -5.8       66
DAYS MIN <= 0      12               6.6     5.4        2

PRECIPITATION (INCHES)
TOTALS           6.90              4.99    1.91     6.51
DAILY AVG.       0.08              0.06    0.02     0.07
DAYS >= .01        30              36.3    -6.3       37
DAYS >= .10        12              14.7    -2.7       18
DAYS >= .50         2               2.5    -0.5        3
DAYS >= 1.00        1               0.3     0.7        0
GREATEST
 24 HR. TOTAL    3.15   02/20 TO 02/20
 STORM TOTAL       MM                                 MM
 (MM/DD(HH))            MM

DEGREE_DAYS
HEATING TOTAL    3466              3527     -61     3060
 SINCE 7/1       4661              4965    -304    13401
COOLING TOTAL       0                 0       0        0
 SINCE 1/1          0                 0       0        0

FREEZE DATES
EARLIEST                        MM
LATEST                          MM
.................................................................

WIND (MPH)
AVERAGE WIND SPEED              10.1
RESULTANT WIND SPEED/DIRECTION   5/229
HIGHEST WIND SPEED/DIRECTION    38/250    DATE  02/25
HIGHEST GUST SPEED/DIRECTION    48/260    DATE  02/25

SKY COVER
POSSIBLE SUNSHINE (PERCENT)   MM
AVERAGE SKY COVER           0.70
NUMBER OF DAYS FAIR           17
NUMBER OF DAYS PC             27
NUMBER OF DAYS CLOUDY         46

AVERAGE RH (PERCENT)     75

WEATHER CONDITIONS. NUMBER OF DAYS WITH
THUNDERSTORM              1     MIXED PRECIP               0
HEAVY RAIN                2     RAIN                       5
LIGHT RAIN               16     FREEZING RAIN              0
LT FREEZING RAIN          4     HAIL                       0
HEAVY SNOW                3     SNOW                      11
LIGHT SNOW               47     SLEET                      0
FOG                      62     FOG W/VIS <= 1/4 MILE     10
HAZE                     37

-  INDICATES NEGATIVE NUMBERS.
R  INDICATES RECORD WAS SET OR TIED.
MM INDICATES DATA IS MISSING.
T  INDICATES TRACE AMOUNT.

$$
