000
CXUS51 KRNK 011015
CLSLYH
CLIMATE REPORT
NATIONAL WEATHER SERVICE BLACKSBURG, VA
515 AM EST FRI MAR 01 2024
...................................
...THE LYNCHBURG VA CLIMATE SUMMARY FOR THE SEASON, FROM
12/1/2023 TO 2/29/2024...
CLIMATE NORMAL PERIOD: 1991 TO 2020
CLIMATE RECORD PERIOD: 1893 TO 2024
WEATHER OBSERVED NORMAL DEPART LAST YEAR`S
VALUE DATE(S) VALUE FROM VALUE
NORMAL
..............................................................
TEMPERATURE (F)
RECORD
HIGH 82 02/11/1932
LOW -11 02/20/2015
HIGHEST 77 01/26 79
LOWEST 9 01/17 4
AVG. MAXIMUM 52.6 48.2 4.4 54.2
AVG. MINIMUM 29.7 27.5 2.2 32.9
MEAN 41.1 37.9 3.2 43.5
DAYS MAX >= 90 0 0.0 0.0 0
DAYS MAX <= 32 2 6.0 -4.0 1
DAYS MIN <= 32 62 63.6 -1.6 45
DAYS MIN <= 0 0 0.2 -0.2 0
PRECIPITATION (INCHES)
RECORD
MAXIMUM 18.30 1901
MINIMUM 4.69 1906
TOTALS 14.09 9.87 4.22 11.89
DAYS >= .01 30 28.8 1.2 31
DAYS >= .10 23 18.1 4.9 21
DAYS >= .50 10 7.3 2.7 10
DAYS >= 1.00 3 2.1 0.9 2
GREATEST
24 HR. TOTAL 2.52 2.02
SNOWFALL (INCHES)
TOTALS 2.7 9.1 -6.4 0.3
DAYS >= TRACE 4 4.4 -0.4 4
DAYS >= 1.0 1 2.1 -1.1 0
GREATEST
24 HR TOTAL 2.7 0.1
DEGREE DAYS
HEATING TOTAL 2152 2443 -291 1926
COOLING TOTAL 0 0 0 0
..............................................................
WIND (MPH)
AVERAGE WIND SPEED 4.4
RESULTANT WIND SPEED/DIRECTION 1/230
HIGHEST WIND SPEED/DIRECTION 24/190 DATE 12/07
HIGHEST GUST SPEED/DIRECTION 41/240 DATE 01/14
SKY COVER
AVERAGE SKY COVER 0.34
AVERAGE RH (PERCENT) 65
WEATHER CONDITIONS. NUMBER OF DAYS WITH
THUNDERSTORM 3 MIXED PRECIP 0
HEAVY RAIN 11 RAIN 17
LIGHT RAIN 39 FREEZING RAIN 0
LT FREEZING RAIN 2 HAIL 0
HEAVY SNOW 0 SNOW 0
LIGHT SNOW 3 SLEET 2
FOG 30 FOG W/VIS <= 1/4 MILE 9
HAZE 0
- INDICATES NEGATIVE NUMBERS.
R INDICATES RECORD WAS SET OR TIED.
MM INDICATES DATA IS MISSING.
T INDICATES TRACE AMOUNT.
$$