000
CXUS53 KDDC 051600
CLSP28


CLIMATE REPORT
NATIONAL WEATHER SERVICE DODGE CITY KS
947 AM CST MON MAR 5 2018

...................................

...THE MEDICINE LODGE KS CLIMATE SUMMARY FOR THE SEASON, FROM
12/1/2017 TO 2/28/2018...

CLIMATE NORMAL PERIOD 1981 TO 2010
CLIMATE RECORD PERIOD 1893 TO 2018

WEATHER         OBSERVED          NORMAL  DEPART  LAST YEAR`S
                 VALUE   DATE(S)  VALUE   FROM    VALUE  DATE(S)
                                          NORMAL
................................................................
TEMPERATURE (F)
RECORD
 HIGH              91   02/23/1904
 LOW              -22   02/13/1905
HIGHEST            83   01/20        MM      MM       MM  MM
LOWEST             -4   01/01        MM      MM       MM  MM
AVG. MAXIMUM     49.1              47.3     1.8       MM
AVG. MINIMUM     21.5              23.4    -1.9       MM
MEAN             35.3              35.3     0.0       MM
DAYS MAX >= 90      0               0.0     0.0       MM
DAYS MAX <= 32     14              12.2     1.8       MM
DAYS MIN <= 32     75              76.1    -1.1       MM
DAYS MIN <= 0       3               0.2     2.8       MM

PRECIPITATION (INCHES)
RECORD
 MAXIMUM         8.23   2012
 MINIMUM         0.03   1904
TOTALS           0.38              2.67   -2.29       MM
DAILY AVG.       0.00              0.03   -0.03       MM
DAYS >= .01         6              14.1    -8.1       MM
DAYS >= .10         1               6.5    -5.5       MM
DAYS >= .50         0               1.8    -1.8       MM
DAYS >= 1.00        0               0.3    -0.3       MM
GREATEST
 24 HR. TOTAL    0.19   02/21 TO 02/21                MM
 STORM TOTAL       MM                                 MM
 (MM/DD(HH))            MM                                MM

SNOWFALL (INCHES)
RECORDS
 TOTAL           28.7   2003
 24 HR TOTAL     14.0   02/21/1971
 SNOW DEPTH        14   02/21/1971
                        02/22/1971
TOTALS              T               8.2    -8.2       MM
 LIQUID EQUIV      MM              0.80      MM       MM
SINCE 7/1           T               8.4    -8.4       MM
 LIQUID 7/1        MM              0.80      MM       MM
SNOWDEPTH AVG.      0                MM      MM       MM
DAYS >= TRACE       5               3.9     1.1       MM
DAYS >= 1.0         0               2.4    -2.4       MM
GREATEST
 SNOW DEPTH         T   02/21                         MM  MM
                    T   02/22
 24 HR TOTAL        T   02/23 TO 02/23                MM
                        02/22 TO 02/22
                        02/21 TO 02/21
 STORM TOTAL       MM                                 MM
 (MM/DD(HH))            MM                                MM

DEGREE_DAYS
HEATING TOTAL    2625              2670     -45       MM
 SINCE 7/1       3385              3529    -144       MM
COOLING TOTAL       0                 0       0       MM
 SINCE 1/1          0                 0       0       MM

.................................................................

WIND (MPH)
AVERAGE WIND SPEED              9.8
RESULTANT WIND SPEED/DIRECTION   2/014
HIGHEST WIND SPEED/DIRECTION    41/330    DATE  01/22
HIGHEST GUST SPEED/DIRECTION    62/310    DATE  01/22

AVERAGE RH (PERCENT)     59


-  INDICATES NEGATIVE NUMBERS.
R  INDICATES RECORD WAS SET OR TIED.
MM INDICATES DATA IS MISSING.
T  INDICATES TRACE AMOUNT.

$$
