000
CXUS55 KPUB 082019 CCA
CLSPUB

CLIMATE REPORT...CORRECTION
NATIONAL WEATHER SERVICE PUEBLO
653 PM MST THU MAR 1 2018

...................................

...THE PUEBLO CO CLIMATE SUMMARY FOR THE SEASON, FROM
12/1/2017 TO 2/28/2018...

CLIMATE NORMAL PERIOD 1981 TO 2010
CLIMATE RECORD PERIOD 1888 TO 2018

WEATHER         OBSERVED          NORMAL  DEPART  LAST YEAR`S
                 VALUE   DATE(S)  VALUE   FROM    VALUE  DATE(S)
                                          NORMAL
................................................................
TEMPERATURE (F)
RECORD
 HIGH              82   12/17/1980
 LOW              -31   02/01/1951
HIGHEST            72   12/03                         82  02/10
                        01/19
LOWEST             -3   01/01                        -19  12/17
                        02/11                             12/18
AVG. MAXIMUM     51.9              47.8     4.1     50.6
AVG. MINIMUM     15.5              15.2     0.3     19.0
MEAN             33.7              31.5     2.2     34.7
DAYS MAX >= 90      0
DAYS MAX <= 32      8
DAYS MIN <= 32     89
DAYS MIN <= 0       4

PRECIPITATION (INCHES)...CORRECTION TO NORMAL PRECIPITATION
RECORD
 MAXIMUM         3.09   1939
 MINIMUM         0.18   1950
TOTALS           0.82              1.03   -0.21     1.68
DAILY AVG.       0.01              0.01    0.00
DAYS >= .01        12
DAYS >= .10         3
DAYS >= .50         0
DAYS >= 1.00        0
GREATEST
 24 HR. TOTAL    0.22   02/10 TO 02/10

SNOWFALL (INCHES)
RECORDS
 TOTAL           38.6   1988
 24 HR TOTAL     12.5   12/04/1913 TO 12/04/1913
TOTALS           12.3              15.8    -3.5     14.2
SINCE 7/1        13.7              21.8    -8.1
SNOWDEPTH AVG.      0
DAYS >= TRACE      17              12.0     5.0
DAYS >= 1.0         4               5.2    -1.2
GREATEST
 SNOW DEPTH         4   02/10                          6
                        02/11
                        02/16
 24 HR TOTAL      4.4   02/10 TO 02/10           01/05 TO 01/06
                                                 01/06 TO 01/06
                                                 01/06 TO 01/06

DEGREE_DAYS
HEATING TOTAL    2795              3022    -227     2718
 SINCE 7/1       3816              4303    -487     3500
COOLING TOTAL       0                 0       0        0
 SINCE 1/1          0                 0       0        0
.................................................................

WIND (MPH)
AVERAGE WIND SPEED              6.8
HIGHEST WIND SPEED/DIRECTION    44/010    DATE  01/10
HIGHEST GUST SPEED/DIRECTION    56/020    DATE  01/10

SKY COVER
POSSIBLE SUNSHINE (PERCENT)   MM
AVERAGE SKY COVER           0.20
NUMBER OF DAYS FAIR           68
NUMBER OF DAYS PC             16
NUMBER OF DAYS CLOUDY          6

AVERAGE RH (PERCENT)     52

WEATHER CONDITIONS. NUMBER OF DAYS WITH
THUNDERSTORM              0     MIXED PRECIPITATION    0
HEAVY RAIN                0     RAIN                   1
LIGHT RAIN                3     FREEZING RAIN          0
LT FREEZING RAIN          0     HAIL                   0
HEAVY SNOW                0     SNOW                   5
LIGHT SNOW               16     SLEET                  0
FOG                      24     FOG W/VIS <= 1/4 MILE  4
HAZE                     13

-  INDICATES NEGATIVE NUMBERS.
R  INDICATES RECORD WAS SET OR TIED.
MM INDICATES DATA IS MISSING.
T  INDICATES TRACE AMOUNT.

$$
CORRECTION TO NORMAL SEASONAL PRECIPITATION AND DEPARTURE
